{"id":8606,"date":"2021-01-25T16:11:36","date_gmt":"2021-01-25T15:11:36","guid":{"rendered":"https:\/\/oreretaikastola.eus\/ekitaldiak\/diabetesaren-gaineko-hitzaldia\/"},"modified":"2021-01-25T16:13:31","modified_gmt":"2021-01-25T15:13:31","slug":"conferencia-sobre-la-diabetes","status":"publish","type":"ekitaldia","link":"https:\/\/oreretaikastola.eus\/es\/ekitaldiak\/conferencia-sobre-la-diabetes\/","title":{"rendered":"Conferencia sobre la diabetes"},"content":{"rendered":"\n<p>De la mano de la enfermera Ane Lasa, las y los alumnos de 4\u00ba de Primaria tendr\u00e1n una charla sobre la diabetes. En la Ikastola tambi\u00e9n tenemos alumnos diab\u00e9ticos y es importante que las y los compa\u00f1eros tambi\u00e9n conozcan esta enfermedad.<\/p>\n","protected":false},"featured_media":8605,"parent":0,"template":"","ekitaldi_etiketa":[],"ekitaldi_kategoria":[154],"acf":[],"_links":{"self":[{"href":"https:\/\/oreretaikastola.eus\/es\/wp-json\/wp\/v2\/ekitaldia\/8606"}],"collection":[{"href":"https:\/\/oreretaikastola.eus\/es\/wp-json\/wp\/v2\/ekitaldia"}],"about":[{"href":"https:\/\/oreretaikastola.eus\/es\/wp-json\/wp\/v2\/types\/ekitaldia"}],"wp:featuredmedia":[{"embeddable":true,"href":"https:\/\/oreretaikastola.eus\/es\/wp-json\/wp\/v2\/media\/8605"}],"wp:attachment":[{"href":"https:\/\/oreretaikastola.eus\/es\/wp-json\/wp\/v2\/media?parent=8606"}],"wp:term":[{"taxonomy":"ekitaldi_etiketa","embeddable":true,"href":"https:\/\/oreretaikastola.eus\/es\/wp-json\/wp\/v2\/ekitaldi_etiketa?post=8606"},{"taxonomy":"ekitaldi_kategoria","embeddable":true,"href":"https:\/\/oreretaikastola.eus\/es\/wp-json\/wp\/v2\/ekitaldi_kategoria?post=8606"}],"curies":[{"name":"wp","href":"https:\/\/api.w.org\/{rel}","templated":true}]}}

<p>De la mano de la enfermera Ane Lasa, las y los alumnos de 4º de Primaria tendrán una charla sobre la diabetes. En la Ikastola también tenemos alumnos diabéticos y es importante que las y los compañeros también conozcan esta enfermedad.</p>
