{"id":8406,"date":"2021-01-12T19:15:53","date_gmt":"2021-01-12T18:15:53","guid":{"rendered":"https:\/\/oreretaikastola.eus\/ekitaldiak\/matrikulazioa-lh-bisitak\/"},"modified":"2021-01-12T19:19:03","modified_gmt":"2021-01-12T18:19:03","slug":"matrikulazioa-lh-bisitak","status":"publish","type":"ekitaldia","link":"https:\/\/oreretaikastola.eus\/es\/ekitaldiak\/matrikulazioa-lh-bisitak\/","title":{"rendered":"Matriculaci\u00f3n: visitas LH"},"content":{"rendered":"\n<p>Por motivo del COVID-19, este a\u00f1o (matriculaci\u00f3n 2021-22) se celebrar\u00e1n visitas en grupos peque\u00f1os y ser\u00e1 obligatorio coger cita previa para participar en las mismas. Las de LH ser\u00e1n el 20 y 27 de enero. <a href=\"https:\/\/oreretaikastola.eus\/es\/matrikulazioa-2021-22\/puertas-abiertas-visitas-y-entrevistas-personales\/\">Coge cita aqu\u00ed<\/a>.<\/p>\n\n\n\n<p>Queremos resolver tus dudas y escuchas tus necesidades. Te recibiremos con mucho gusto. \u00a1Ven a visitarnos!<\/p>\n","protected":false},"featured_media":0,"parent":0,"template":"","ekitaldi_etiketa":[223],"ekitaldi_kategoria":[154],"acf":[],"_links":{"self":[{"href":"https:\/\/oreretaikastola.eus\/es\/wp-json\/wp\/v2\/ekitaldia\/8406"}],"collection":[{"href":"https:\/\/oreretaikastola.eus\/es\/wp-json\/wp\/v2\/ekitaldia"}],"about":[{"href":"https:\/\/oreretaikastola.eus\/es\/wp-json\/wp\/v2\/types\/ekitaldia"}],"wp:attachment":[{"href":"https:\/\/oreretaikastola.eus\/es\/wp-json\/wp\/v2\/media?parent=8406"}],"wp:term":[{"taxonomy":"ekitaldi_etiketa","embeddable":true,"href":"https:\/\/oreretaikastola.eus\/es\/wp-json\/wp\/v2\/ekitaldi_etiketa?post=8406"},{"taxonomy":"ekitaldi_kategoria","embeddable":true,"href":"https:\/\/oreretaikastola.eus\/es\/wp-json\/wp\/v2\/ekitaldi_kategoria?post=8406"}],"curies":[{"name":"wp","href":"https:\/\/api.w.org\/{rel}","templated":true}]}}

Matriculación: visitas LH

<p>Por motivo del COVID-19, este año (matriculación 2021-22) se celebrarán visitas en grupos pequeños y será obligatorio coger cita previa para participar en las mismas. Las de LH serán el 20 y 27 de enero. <a href="https://oreretaikastola.eus/es/matrikulazioa-2021-22/puertas-abiertas-visitas-y-entrevistas-personales/">Coge cita aquí</a>.</p>



<p>Queremos resolver tus dudas y escuchas tus necesidades. Te recibiremos con mucho gusto. ¡Ven a visitarnos!</p>
