{"id":7915,"date":"2020-12-22T09:41:20","date_gmt":"2020-12-22T08:41:20","guid":{"rendered":"https:\/\/oreretaikastola.eus\/?post_type=ekitaldia&#038;p=7915"},"modified":"2020-12-22T10:17:34","modified_gmt":"2020-12-22T09:17:34","slug":"visita-a-mari-domingi","status":"publish","type":"ekitaldia","link":"https:\/\/oreretaikastola.eus\/es\/ekitaldiak\/visita-a-mari-domingi\/","title":{"rendered":"Visita a Mari Domingi"},"content":{"rendered":"\n<p>Mari Domingi estar\u00e1 en el Baserri de la Ikastola desde el 19 al 23 de diciembre, deseosa de recibir las peticiones y deseos de los y las m\u00e1s peque\u00f1as del pueblo. <\/p>\n\n\n\n<p>Si quer\u00e9is venir a visitarla, <a href=\"https:\/\/oreretaikastola.eus\/es\/familias\/visita-a-mari-domingi\/\">aqu\u00ed<\/a> encontrar\u00e9is m\u00e1s informaci\u00f3n y la opci\u00f3n de solicitar cita previa.  <\/p>\n","protected":false},"featured_media":7916,"parent":0,"template":"","ekitaldi_etiketa":[213,214],"ekitaldi_kategoria":[153],"acf":[],"_links":{"self":[{"href":"https:\/\/oreretaikastola.eus\/es\/wp-json\/wp\/v2\/ekitaldia\/7915"}],"collection":[{"href":"https:\/\/oreretaikastola.eus\/es\/wp-json\/wp\/v2\/ekitaldia"}],"about":[{"href":"https:\/\/oreretaikastola.eus\/es\/wp-json\/wp\/v2\/types\/ekitaldia"}],"wp:featuredmedia":[{"embeddable":true,"href":"https:\/\/oreretaikastola.eus\/es\/wp-json\/wp\/v2\/media\/7916"}],"wp:attachment":[{"href":"https:\/\/oreretaikastola.eus\/es\/wp-json\/wp\/v2\/media?parent=7915"}],"wp:term":[{"taxonomy":"ekitaldi_etiketa","embeddable":true,"href":"https:\/\/oreretaikastola.eus\/es\/wp-json\/wp\/v2\/ekitaldi_etiketa?post=7915"},{"taxonomy":"ekitaldi_kategoria","embeddable":true,"href":"https:\/\/oreretaikastola.eus\/es\/wp-json\/wp\/v2\/ekitaldi_kategoria?post=7915"}],"curies":[{"name":"wp","href":"https:\/\/api.w.org\/{rel}","templated":true}]}}

<p>Mari Domingi estará en el Baserri de la Ikastola desde el 19 al 23 de diciembre, deseosa de recibir las peticiones y deseos de los y las más pequeñas del pueblo. </p>



<p>Si queréis venir a visitarla, <a href="https://oreretaikastola.eus/es/familias/visita-a-mari-domingi/">aquí</a> encontraréis más información y la opción de solicitar cita previa.  </p>
