{"id":76998,"date":"2025-12-09T23:48:16","date_gmt":"2025-12-09T22:48:16","guid":{"rendered":"https:\/\/oreretaikastola.eus\/ekitaldiak\/dbh2-herri-hondakinen-gaineko-sentsibilizazio-saioa\/"},"modified":"2025-12-09T23:53:02","modified_gmt":"2025-12-09T22:53:02","slug":"dbh2-sesion-de-sensibilizacion-sobre-residuos-urbanos","status":"publish","type":"ekitaldia","link":"https:\/\/oreretaikastola.eus\/es\/ekitaldiak\/dbh2-sesion-de-sensibilizacion-sobre-residuos-urbanos\/","title":{"rendered":"[DBH2] Sesi\u00f3n de sensibilizaci\u00f3n sobre residuos urbanos"},"content":{"rendered":"\n<p>El alumnado de DBH2 tendr\u00e1 una sesi\u00f3n de sensibilizaci\u00f3n sobre los residuos urbanos de la mano de la <a href=\"https:\/\/www.sanmarkos.eus\/es\/inicio\" target=\"_blank\" rel=\"noreferrer noopener\">Mancomunidad de San Marcos<\/a>.<\/p>\n","protected":false},"featured_media":0,"parent":0,"template":"","ekitaldi_etiketa":[],"ekitaldi_kategoria":[232],"acf":[],"_links":{"self":[{"href":"https:\/\/oreretaikastola.eus\/es\/wp-json\/wp\/v2\/ekitaldia\/76998"}],"collection":[{"href":"https:\/\/oreretaikastola.eus\/es\/wp-json\/wp\/v2\/ekitaldia"}],"about":[{"href":"https:\/\/oreretaikastola.eus\/es\/wp-json\/wp\/v2\/types\/ekitaldia"}],"wp:attachment":[{"href":"https:\/\/oreretaikastola.eus\/es\/wp-json\/wp\/v2\/media?parent=76998"}],"wp:term":[{"taxonomy":"ekitaldi_etiketa","embeddable":true,"href":"https:\/\/oreretaikastola.eus\/es\/wp-json\/wp\/v2\/ekitaldi_etiketa?post=76998"},{"taxonomy":"ekitaldi_kategoria","embeddable":true,"href":"https:\/\/oreretaikastola.eus\/es\/wp-json\/wp\/v2\/ekitaldi_kategoria?post=76998"}],"curies":[{"name":"wp","href":"https:\/\/api.w.org\/{rel}","templated":true}]}}

[DBH2] Sesión de sensibilización sobre residuos urbanos

<p>El alumnado de DBH2 tendrá una sesión de sensibilización sobre los residuos urbanos de la mano de la <a href="https://www.sanmarkos.eus/es/inicio" target="_blank" rel="noreferrer noopener">Mancomunidad de San Marcos</a>.</p>
