{"id":76854,"date":"2025-11-29T19:12:04","date_gmt":"2025-11-29T18:12:04","guid":{"rendered":"https:\/\/oreretaikastola.eus\/ekitaldiak\/lh6-taupadak-diziplina-arteko-proiektua-2\/"},"modified":"2025-11-29T19:15:55","modified_gmt":"2025-11-29T18:15:55","slug":"lh6-proyecto-interdisciplinar-taupadak-25-26","status":"publish","type":"ekitaldia","link":"https:\/\/oreretaikastola.eus\/es\/ekitaldiak\/lh6-proyecto-interdisciplinar-taupadak-25-26\/","title":{"rendered":"[LH6] Proyecto interdisciplinar \u00abTaupadak\u00bb"},"content":{"rendered":"\n<p>El proyecto interdisciplinar \u00abTaupadak\u00bb es una cita anual para el alumnado de LH6. Se trata de un proyecto que transfiere contenidos y conocimientos trabajados en las \u00e1reas de Euskera, TIC y Educaci\u00f3n F\u00edsica en el primer trimestre del curso. Trabajada y profundizada la materia en el aula, las y los alumnos invitan a sus padres y madres a la Ikastola a pasar una bonita y saludable tarde juntos.<\/p>\n\n\n\n<p>Primero, realizan el calentamiento con una sesi\u00f3n de aerobic guiada por un profesor o profesora. Activado el cuerpo, un kil\u00f3metro de cross en la zona de A\u00f1abitarte. Tanto en el calentamiento como en la carrera, durante toda la tarde, las y los alumnos toman y registran los latidos de sus padres y madres como ya han aprendido a hacer en las sesiones de Educaci\u00f3n F\u00edsica. Para terminar, para reponer fuerzas, alumnado, familias y profesorado se re\u00fanen en torno a una mesa a merendar. <\/p>\n","protected":false},"featured_media":50150,"parent":0,"template":"","ekitaldi_etiketa":[],"ekitaldi_kategoria":[232,153],"acf":[],"_links":{"self":[{"href":"https:\/\/oreretaikastola.eus\/es\/wp-json\/wp\/v2\/ekitaldia\/76854"}],"collection":[{"href":"https:\/\/oreretaikastola.eus\/es\/wp-json\/wp\/v2\/ekitaldia"}],"about":[{"href":"https:\/\/oreretaikastola.eus\/es\/wp-json\/wp\/v2\/types\/ekitaldia"}],"wp:featuredmedia":[{"embeddable":true,"href":"https:\/\/oreretaikastola.eus\/es\/wp-json\/wp\/v2\/media\/50150"}],"wp:attachment":[{"href":"https:\/\/oreretaikastola.eus\/es\/wp-json\/wp\/v2\/media?parent=76854"}],"wp:term":[{"taxonomy":"ekitaldi_etiketa","embeddable":true,"href":"https:\/\/oreretaikastola.eus\/es\/wp-json\/wp\/v2\/ekitaldi_etiketa?post=76854"},{"taxonomy":"ekitaldi_kategoria","embeddable":true,"href":"https:\/\/oreretaikastola.eus\/es\/wp-json\/wp\/v2\/ekitaldi_kategoria?post=76854"}],"curies":[{"name":"wp","href":"https:\/\/api.w.org\/{rel}","templated":true}]}}

<p>El proyecto interdisciplinar «Taupadak» es una cita anual para el alumnado de LH6. Se trata de un proyecto que transfiere contenidos y conocimientos trabajados en las áreas de Euskera, TIC y Educación Física en el primer trimestre del curso. Trabajada y profundizada la materia en el aula, las y los alumnos invitan a sus padres y madres a la Ikastola a pasar una bonita y saludable tarde juntos.</p>



<p>Primero, realizan el calentamiento con una sesión de aerobic guiada por un profesor o profesora. Activado el cuerpo, un kilómetro de cross en la zona de Añabitarte. Tanto en el calentamiento como en la carrera, durante toda la tarde, las y los alumnos toman y registran los latidos de sus padres y madres como ya han aprendido a hacer en las sesiones de Educación Física. Para terminar, para reponer fuerzas, alumnado, familias y profesorado se reúnen en torno a una mesa a merendar. </p>
