{"id":76418,"date":"2025-11-24T10:04:53","date_gmt":"2025-11-24T09:04:53","guid":{"rendered":"https:\/\/oreretaikastola.eus\/ekitaldiak\/hh4-goiz-pasa-fanderiako-errotara\/"},"modified":"2025-11-24T10:14:59","modified_gmt":"2025-11-24T09:14:59","slug":"hh4-excursion-de-manana-a-fanderiako-errota","status":"publish","type":"ekitaldia","link":"https:\/\/oreretaikastola.eus\/es\/ekitaldiak\/hh4-excursion-de-manana-a-fanderiako-errota\/","title":{"rendered":"[HH4] Excursi\u00f3n de ma\u00f1ana a Fanderiako Errota"},"content":{"rendered":"\n<p>Estando trabajando en el aula el cuento de los siete cabritos, las y los alumnos de HH4 ir\u00e1n a Fanderiako Errota a conocer c\u00f3mo se mol\u00eda la harina antiaguamente.<\/p>\n","protected":false},"featured_media":0,"parent":0,"template":"","ekitaldi_etiketa":[],"ekitaldi_kategoria":[232],"acf":[],"_links":{"self":[{"href":"https:\/\/oreretaikastola.eus\/es\/wp-json\/wp\/v2\/ekitaldia\/76418"}],"collection":[{"href":"https:\/\/oreretaikastola.eus\/es\/wp-json\/wp\/v2\/ekitaldia"}],"about":[{"href":"https:\/\/oreretaikastola.eus\/es\/wp-json\/wp\/v2\/types\/ekitaldia"}],"wp:attachment":[{"href":"https:\/\/oreretaikastola.eus\/es\/wp-json\/wp\/v2\/media?parent=76418"}],"wp:term":[{"taxonomy":"ekitaldi_etiketa","embeddable":true,"href":"https:\/\/oreretaikastola.eus\/es\/wp-json\/wp\/v2\/ekitaldi_etiketa?post=76418"},{"taxonomy":"ekitaldi_kategoria","embeddable":true,"href":"https:\/\/oreretaikastola.eus\/es\/wp-json\/wp\/v2\/ekitaldi_kategoria?post=76418"}],"curies":[{"name":"wp","href":"https:\/\/api.w.org\/{rel}","templated":true}]}}

[HH4] Excursión de mañana a Fanderiako Errota

<p>Estando trabajando en el aula el cuento de los siete cabritos, las y los alumnos de HH4 irán a Fanderiako Errota a conocer cómo se molía la harina antiaguamente.</p>
