{"id":76254,"date":"2025-11-17T10:49:36","date_gmt":"2025-11-17T09:49:36","guid":{"rendered":"https:\/\/oreretaikastola.eus\/ekitaldiak\/dbh4-minan-antzerki-obraren-gaineko-solasaldia\/"},"modified":"2025-11-17T10:56:20","modified_gmt":"2025-11-17T09:56:20","slug":"dbh4-tertulia-sobre-la-obra-de-teatro-minan","status":"publish","type":"ekitaldia","link":"https:\/\/oreretaikastola.eus\/es\/ekitaldiak\/dbh4-tertulia-sobre-la-obra-de-teatro-minan\/","title":{"rendered":"[DBH4] Tertulia sobre la obra de teatro \u00abMi\u00f1an\u00bb"},"content":{"rendered":"\n<p>El alumnado de DBH4 disfrutar\u00e1 de un coloquio con Mikel Kaye, actor de la obra de teatro creada por la compa\u00f1\u00eda Artedrama a partir de la novela Mi\u00f1an de Amets Arzallus (libro que han le\u00eddo en la primera evaluaci\u00f3n).<\/p>\n","protected":false},"featured_media":0,"parent":0,"template":"","ekitaldi_etiketa":[],"ekitaldi_kategoria":[232],"acf":[],"_links":{"self":[{"href":"https:\/\/oreretaikastola.eus\/es\/wp-json\/wp\/v2\/ekitaldia\/76254"}],"collection":[{"href":"https:\/\/oreretaikastola.eus\/es\/wp-json\/wp\/v2\/ekitaldia"}],"about":[{"href":"https:\/\/oreretaikastola.eus\/es\/wp-json\/wp\/v2\/types\/ekitaldia"}],"wp:attachment":[{"href":"https:\/\/oreretaikastola.eus\/es\/wp-json\/wp\/v2\/media?parent=76254"}],"wp:term":[{"taxonomy":"ekitaldi_etiketa","embeddable":true,"href":"https:\/\/oreretaikastola.eus\/es\/wp-json\/wp\/v2\/ekitaldi_etiketa?post=76254"},{"taxonomy":"ekitaldi_kategoria","embeddable":true,"href":"https:\/\/oreretaikastola.eus\/es\/wp-json\/wp\/v2\/ekitaldi_kategoria?post=76254"}],"curies":[{"name":"wp","href":"https:\/\/api.w.org\/{rel}","templated":true}]}}

[DBH4] Tertulia sobre la obra de teatro «Miñan»

<p>El alumnado de DBH4 disfrutará de un coloquio con Mikel Kaye, actor de la obra de teatro creada por la compañía Artedrama a partir de la novela Miñan de Amets Arzallus (libro que han leído en la primera evaluación).</p>
