{"id":76251,"date":"2025-11-17T10:44:12","date_gmt":"2025-11-17T09:44:12","guid":{"rendered":"https:\/\/oreretaikastola.eus\/ekitaldiak\/dbh4-baketik-bide-hezkuntzaren-gaineko-antzerki-foruma\/"},"modified":"2025-11-17T10:44:40","modified_gmt":"2025-11-17T09:44:40","slug":"dbh4-baketik-forum-teatral-sobre-educacion-vial","status":"publish","type":"ekitaldia","link":"https:\/\/oreretaikastola.eus\/es\/ekitaldiak\/dbh4-baketik-forum-teatral-sobre-educacion-vial\/","title":{"rendered":"[DBH4] Baketik, f\u00f3rum teatral sobre educaci\u00f3n vial"},"content":{"rendered":"\n<p>Continuando con el camino recorrido en los \u00faltimos a\u00f1os, este a\u00f1o tambi\u00e9n disfrutar\u00e1n las y los alumnos de DBH4 del f\u00f3rum teatral sobre educaci\u00f3n vial que ofrece Baketik, centro de elaboraci\u00f3n \u00e9tica de conflictos.<\/p>\n\n\n\n<p>Cada aula tendr\u00e1 una sesi\u00f3n de dos horas y media. Primero disfrutar\u00e1n de una obra de teatro y un foro; a continuaci\u00f3n, de un espacio y momento para hacer aportaciones.<\/p>\n","protected":false},"featured_media":0,"parent":0,"template":"","ekitaldi_etiketa":[],"ekitaldi_kategoria":[232],"acf":[],"_links":{"self":[{"href":"https:\/\/oreretaikastola.eus\/es\/wp-json\/wp\/v2\/ekitaldia\/76251"}],"collection":[{"href":"https:\/\/oreretaikastola.eus\/es\/wp-json\/wp\/v2\/ekitaldia"}],"about":[{"href":"https:\/\/oreretaikastola.eus\/es\/wp-json\/wp\/v2\/types\/ekitaldia"}],"wp:attachment":[{"href":"https:\/\/oreretaikastola.eus\/es\/wp-json\/wp\/v2\/media?parent=76251"}],"wp:term":[{"taxonomy":"ekitaldi_etiketa","embeddable":true,"href":"https:\/\/oreretaikastola.eus\/es\/wp-json\/wp\/v2\/ekitaldi_etiketa?post=76251"},{"taxonomy":"ekitaldi_kategoria","embeddable":true,"href":"https:\/\/oreretaikastola.eus\/es\/wp-json\/wp\/v2\/ekitaldi_kategoria?post=76251"}],"curies":[{"name":"wp","href":"https:\/\/api.w.org\/{rel}","templated":true}]}}

[DBH4] Baketik, fórum teatral sobre educación vial

<p>Continuando con el camino recorrido en los últimos años, este año también disfrutarán las y los alumnos de DBH4 del fórum teatral sobre educación vial que ofrece Baketik, centro de elaboración ética de conflictos.</p>



<p>Cada aula tendrá una sesión de dos horas y media. Primero disfrutarán de una obra de teatro y un foro; a continuación, de un espacio y momento para hacer aportaciones.</p>
