{"id":76083,"date":"2025-11-11T13:28:28","date_gmt":"2025-11-11T12:28:28","guid":{"rendered":"https:\/\/oreretaikastola.eus\/ekitaldiak\/lh5-buru-osasunaren-gaineko-jardunaldia\/"},"modified":"2025-11-11T13:37:43","modified_gmt":"2025-11-11T12:37:43","slug":"lh5-buru-osasunaren-gaineko-jardunaldia","status":"publish","type":"ekitaldia","link":"https:\/\/oreretaikastola.eus\/es\/ekitaldiak\/lh5-buru-osasunaren-gaineko-jardunaldia\/","title":{"rendered":"[LH5] Jornada sobre la salud mental"},"content":{"rendered":"\n<p>Cada aula de LH5 tendr\u00e1 una jornada de una hora sobre la salud mental a cargo de profesionales de la <a href=\"https:\/\/www.agifes.org\/\">asociaci\u00f3n Agifes<\/a>. Esta jornada forma parte del programa de prevenci\u00f3n e intervenci\u00f3n para el cuidado de la salud mental de ni\u00f1os y ni\u00f1as, adolescentes y j\u00f3venes \u00abZuek aukeratu\u00bb de Agifes.<\/p>\n","protected":false},"featured_media":0,"parent":0,"template":"","ekitaldi_etiketa":[],"ekitaldi_kategoria":[232],"acf":[],"_links":{"self":[{"href":"https:\/\/oreretaikastola.eus\/es\/wp-json\/wp\/v2\/ekitaldia\/76083"}],"collection":[{"href":"https:\/\/oreretaikastola.eus\/es\/wp-json\/wp\/v2\/ekitaldia"}],"about":[{"href":"https:\/\/oreretaikastola.eus\/es\/wp-json\/wp\/v2\/types\/ekitaldia"}],"wp:attachment":[{"href":"https:\/\/oreretaikastola.eus\/es\/wp-json\/wp\/v2\/media?parent=76083"}],"wp:term":[{"taxonomy":"ekitaldi_etiketa","embeddable":true,"href":"https:\/\/oreretaikastola.eus\/es\/wp-json\/wp\/v2\/ekitaldi_etiketa?post=76083"},{"taxonomy":"ekitaldi_kategoria","embeddable":true,"href":"https:\/\/oreretaikastola.eus\/es\/wp-json\/wp\/v2\/ekitaldi_kategoria?post=76083"}],"curies":[{"name":"wp","href":"https:\/\/api.w.org\/{rel}","templated":true}]}}

<p>Cada aula de LH5 tendrá una jornada de una hora sobre la salud mental a cargo de profesionales de la <a href="https://www.agifes.org/">asociación Agifes</a>. Esta jornada forma parte del programa de prevención e intervención para el cuidado de la salud mental de niños y niñas, adolescentes y jóvenes «Zuek aukeratu» de Agifes.</p>
