{"id":75832,"date":"2025-11-03T14:19:30","date_gmt":"2025-11-03T13:19:30","guid":{"rendered":"https:\/\/oreretaikastola.eus\/ekitaldiak\/ongi-etorri-oreretara-harrera-askaria\/"},"modified":"2025-11-03T14:25:52","modified_gmt":"2025-11-03T13:25:52","slug":"merienda-de-recepcion-ongi-etorri-oreretara","status":"publish","type":"ekitaldia","link":"https:\/\/oreretaikastola.eus\/es\/ekitaldiak\/merienda-de-recepcion-ongi-etorri-oreretara\/","title":{"rendered":"Merienda de recepci\u00f3n \u00abOngi etorri Oreretara!\u00bb"},"content":{"rendered":"\n<p>Hemos organizado la primera merienda del curso con quienes han llegado a nuestro municipio y a la Ikastola en los \u00faltimos 2-3 a\u00f1os. Habr\u00e1 ocasi\u00f3n de hablar de la acogida recibida, de las necesidades que han surgido en el proceso de adaptaci\u00f3n e inclusi\u00f3n, de las experiencias vividas hasta ahora\u2026<\/p>\n","protected":false},"featured_media":0,"parent":0,"template":"","ekitaldi_etiketa":[],"ekitaldi_kategoria":[232],"acf":[],"_links":{"self":[{"href":"https:\/\/oreretaikastola.eus\/es\/wp-json\/wp\/v2\/ekitaldia\/75832"}],"collection":[{"href":"https:\/\/oreretaikastola.eus\/es\/wp-json\/wp\/v2\/ekitaldia"}],"about":[{"href":"https:\/\/oreretaikastola.eus\/es\/wp-json\/wp\/v2\/types\/ekitaldia"}],"wp:attachment":[{"href":"https:\/\/oreretaikastola.eus\/es\/wp-json\/wp\/v2\/media?parent=75832"}],"wp:term":[{"taxonomy":"ekitaldi_etiketa","embeddable":true,"href":"https:\/\/oreretaikastola.eus\/es\/wp-json\/wp\/v2\/ekitaldi_etiketa?post=75832"},{"taxonomy":"ekitaldi_kategoria","embeddable":true,"href":"https:\/\/oreretaikastola.eus\/es\/wp-json\/wp\/v2\/ekitaldi_kategoria?post=75832"}],"curies":[{"name":"wp","href":"https:\/\/api.w.org\/{rel}","templated":true}]}}

Merienda de recepción «Ongi etorri Oreretara!»

<p>Hemos organizado la primera merienda del curso con quienes han llegado a nuestro municipio y a la Ikastola en los últimos 2-3 años. Habrá ocasión de hablar de la acogida recibida, de las necesidades que han surgido en el proceso de adaptación e inclusión, de las experiencias vividas hasta ahora…</p>
