{"id":75656,"date":"2025-10-28T15:52:17","date_gmt":"2025-10-28T14:52:17","guid":{"rendered":"https:\/\/oreretaikastola.eus\/ekitaldiak\/zubiak-eraikiz-hendaiako-ikastolako-eguberriko-txokolatezko-egutegia-2025\/"},"modified":"2025-10-29T14:48:56","modified_gmt":"2025-10-29T13:48:56","slug":"zubiak-eraikiz-calendario-navideno-de-chocolate-de-la-ikastola-de-hendaia-2025","status":"publish","type":"ekitaldia","link":"https:\/\/oreretaikastola.eus\/es\/ekitaldiak\/zubiak-eraikiz-calendario-navideno-de-chocolate-de-la-ikastola-de-hendaia-2025\/","title":{"rendered":"Zubiak Eraikiz: calendario navide\u00f1o de chocolate de la Ikastola de Hendaia"},"content":{"rendered":"\n<p><strong><a rel=\"noreferrer noopener\" href=\"https:\/\/www.gureikastola.eus\/\" target=\"_blank\">Gure Ikastola de Hendaia<\/a><\/strong> (con quien colaboramos en el <a href=\"https:\/\/oreretaikastola.eus\/es\/iniciativas-populares\/\">proyecto <strong>Zubiak Eraikiz<\/strong><\/a>) ha puesto a la venta su ya habitual calendario navide\u00f1o de chocolate. Se trata de una peque\u00f1a caja de 24 chocolatinas. Un calendario elaborado por chocolateros y empresas papeleras locales que endulzar\u00e1 el mes de diciembre desde el primer d\u00eda hasta Navidades. El calendario cuesta 12\u20ac.<\/p>\n\n\n\n<p>Al ser una iniciativa pensada para ayudar a la <strong>Ikastola de Hendaia<\/strong>, os invitamos a solicitar el calendario. \u00a1Rellena el formulario inferior antes del 9 de noviembre!<\/p>\n\n\n\n<div style=\"height:50px\" aria-hidden=\"true\" class=\"wp-block-spacer\"><\/div>\n\n\n\n<hr class=\"wp-block-separator has-alpha-channel-opacity\"\/>\n\n\n","protected":false},"featured_media":31136,"parent":0,"template":"","ekitaldi_etiketa":[],"ekitaldi_kategoria":[232,153],"acf":[],"_links":{"self":[{"href":"https:\/\/oreretaikastola.eus\/es\/wp-json\/wp\/v2\/ekitaldia\/75656"}],"collection":[{"href":"https:\/\/oreretaikastola.eus\/es\/wp-json\/wp\/v2\/ekitaldia"}],"about":[{"href":"https:\/\/oreretaikastola.eus\/es\/wp-json\/wp\/v2\/types\/ekitaldia"}],"wp:featuredmedia":[{"embeddable":true,"href":"https:\/\/oreretaikastola.eus\/es\/wp-json\/wp\/v2\/media\/31136"}],"wp:attachment":[{"href":"https:\/\/oreretaikastola.eus\/es\/wp-json\/wp\/v2\/media?parent=75656"}],"wp:term":[{"taxonomy":"ekitaldi_etiketa","embeddable":true,"href":"https:\/\/oreretaikastola.eus\/es\/wp-json\/wp\/v2\/ekitaldi_etiketa?post=75656"},{"taxonomy":"ekitaldi_kategoria","embeddable":true,"href":"https:\/\/oreretaikastola.eus\/es\/wp-json\/wp\/v2\/ekitaldi_kategoria?post=75656"}],"curies":[{"name":"wp","href":"https:\/\/api.w.org\/{rel}","templated":true}]}}

Zubiak Eraikiz: calendario navideño de chocolate de la Ikastola de Hendaia

<p><strong><a rel="noreferrer noopener" href="https://www.gureikastola.eus/" target="_blank">Gure Ikastola de Hendaia</a></strong> (con quien colaboramos en el <a href="https://oreretaikastola.eus/es/iniciativas-populares/">proyecto <strong>Zubiak Eraikiz</strong></a>) ha puesto a la venta su ya habitual calendario navideño de chocolate. Se trata de una pequeña caja de 24 chocolatinas. Un calendario elaborado por chocolateros y empresas papeleras locales que endulzará el mes de diciembre desde el primer día hasta Navidades. El calendario cuesta 12€.</p>



<p>Al ser una iniciativa pensada para ayudar a la <strong>Ikastola de Hendaia</strong>, os invitamos a solicitar el calendario. ¡Rellena el formulario inferior antes del 9 de noviembre!</p>



<div style="height:50px" aria-hidden="true" class="wp-block-spacer"></div>



<hr class="wp-block-separator has-alpha-channel-opacity"/>
