{"id":75569,"date":"2025-10-22T12:40:37","date_gmt":"2025-10-22T11:40:37","guid":{"rendered":"https:\/\/oreretaikastola.eus\/ekitaldiak\/lh5-lh6-sexu-heziketa-familientzako-formazio-saioa\/"},"modified":"2025-10-22T12:45:02","modified_gmt":"2025-10-22T11:45:02","slug":"lh5-lh6-educacion-sexual-sesion-de-formacion-para-las-familias","status":"publish","type":"ekitaldia","link":"https:\/\/oreretaikastola.eus\/es\/ekitaldiak\/lh5-lh6-educacion-sexual-sesion-de-formacion-para-las-familias\/","title":{"rendered":"[LH5-LH6] Educaci\u00f3n sexual: sesi\u00f3n de formaci\u00f3n para las familias"},"content":{"rendered":"\n<p>De acuerdo a lo que el alumnado est\u00e1 trabajando en el aula, se ha organizado una sesi\u00f3n formativa sobre educaci\u00f3n sexual para las familias de dichos alumnos y alumnas (para las familias de LH5 y LH6). Las y los menores de esa edad est\u00e1n (entrando) en la adolescencia, y la informaci\u00f3n que reciben de los medios y de la calle es muy abundante. Como compa\u00f1eros de viaje y referentes que somos, el objetivo de la sesi\u00f3n sobre educaci\u00f3n sexual es abrir un camino para ayudarles. Adem\u00e1s de explicar qu\u00e9 y c\u00f3mo se ha trabajado en clase con el alumnado, tambi\u00e9n habr\u00e1 ocasi\u00f3n de responder a las inquietudes y preguntas que puedan tener las familias.<\/p>\n\n\n\n<ul>\n<li>D\u00eda: 4 de noviembre<\/li>\n\n\n\n<li>Hora: 17:00 horas<\/li>\n\n\n\n<li>Lugar: A\u00f1abitarte (sala principal)<\/li>\n\n\n\n<li>Idioma: euskera. Se ofrecer\u00e1 traducci\u00f3n simult\u00e1nea a trav\u00e9s de Telegram. Si se quiere seguir la sesi\u00f3n en castellano, hay que traer los auriculares y la app de Telegram descargada.<\/li>\n\n\n\n<li>Inscripci\u00f3n: rellenando el formulario inferior. El \u00faltimo d\u00eda para apuntarse es el 2 de noviembre.<\/li>\n<\/ul>\n\n\n\n<div style=\"height:50px\" aria-hidden=\"true\" class=\"wp-block-spacer\"><\/div>\n\n\n\n<hr class=\"wp-block-separator has-alpha-channel-opacity\"\/>\n\n\n","protected":false},"featured_media":0,"parent":0,"template":"","ekitaldi_etiketa":[],"ekitaldi_kategoria":[232],"acf":[],"_links":{"self":[{"href":"https:\/\/oreretaikastola.eus\/es\/wp-json\/wp\/v2\/ekitaldia\/75569"}],"collection":[{"href":"https:\/\/oreretaikastola.eus\/es\/wp-json\/wp\/v2\/ekitaldia"}],"about":[{"href":"https:\/\/oreretaikastola.eus\/es\/wp-json\/wp\/v2\/types\/ekitaldia"}],"wp:attachment":[{"href":"https:\/\/oreretaikastola.eus\/es\/wp-json\/wp\/v2\/media?parent=75569"}],"wp:term":[{"taxonomy":"ekitaldi_etiketa","embeddable":true,"href":"https:\/\/oreretaikastola.eus\/es\/wp-json\/wp\/v2\/ekitaldi_etiketa?post=75569"},{"taxonomy":"ekitaldi_kategoria","embeddable":true,"href":"https:\/\/oreretaikastola.eus\/es\/wp-json\/wp\/v2\/ekitaldi_kategoria?post=75569"}],"curies":[{"name":"wp","href":"https:\/\/api.w.org\/{rel}","templated":true}]}}

[LH5-LH6] Educación sexual: sesión de formación para las familias

<p>De acuerdo a lo que el alumnado está trabajando en el aula, se ha organizado una sesión formativa sobre educación sexual para las familias de dichos alumnos y alumnas (para las familias de LH5 y LH6). Las y los menores de esa edad están (entrando) en la adolescencia, y la información que reciben de los medios y de la calle es muy abundante. Como compañeros de viaje y referentes que somos, el objetivo de la sesión sobre educación sexual es abrir un camino para ayudarles. Además de explicar qué y cómo se ha trabajado en clase con el alumnado, también habrá ocasión de responder a las inquietudes y preguntas que puedan tener las familias.</p>



<ul>
<li>Día: 4 de noviembre</li>



<li>Hora: 17:00 horas</li>



<li>Lugar: Añabitarte (sala principal)</li>



<li>Idioma: euskera. Se ofrecerá traducción simultánea a través de Telegram. Si se quiere seguir la sesión en castellano, hay que traer los auriculares y la app de Telegram descargada.</li>



<li>Inscripción: rellenando el formulario inferior. El último día para apuntarse es el 2 de noviembre.</li>
</ul>



<div style="height:50px" aria-hidden="true" class="wp-block-spacer"></div>



<hr class="wp-block-separator has-alpha-channel-opacity"/>
