{"id":75543,"date":"2025-10-21T21:48:58","date_gmt":"2025-10-21T20:48:58","guid":{"rendered":"https:\/\/oreretaikastola.eus\/?post_type=ekitaldia&#038;p=75543"},"modified":"2025-10-22T09:11:35","modified_gmt":"2025-10-22T08:11:35","slug":"gau-beltza-2025","status":"publish","type":"ekitaldia","link":"https:\/\/oreretaikastola.eus\/es\/ekitaldiak\/gau-beltza-2025\/","title":{"rendered":"Gau Beltza 2025"},"content":{"rendered":"\n<p>Siguiendo el camino iniciado hace ya unos a\u00f1os, <strong>Orereta Ikastola<\/strong>, en colaboraci\u00f3n con varios agentes de nuestro municipio, est\u00e1 organizando la <strong>Gau Beltza<\/strong> para la tarde-noche del 31 de octubre. Este a\u00f1o por primera vez, estar\u00e1n entre los agentes participantes la escuela Koldo Mitxelena y la asociaci\u00f3n de padres y madres Koldokide.<\/p>\n\n\n\n<p>La propuesta es la <strong>Ruta de la Calabaza<\/strong>, una ruta llena de sorpresas que arrancar\u00e1 a las 19:30 horas desde la calle Santa Klara y finalizar\u00e1 en la plaza Lehendakari Agirre al cabo de una hora, habiendo recorrido varias calles del pueblo.<\/p>\n\n\n\n<p>Acompa\u00f1ados por el <strong>carro de la calabaza, Kuiandere<\/strong>, los zancos, la m\u00fasica y la danza, y bajo la luz de las antorchas y los candiles, diremos adi\u00f3s a la \u00e9poca de la cosecha y entraremos en invierno. Se podr\u00e1 disfrutar de varias actuaciones durante el recorrido y al final del mismo, en la plaza Lehendakari Agirre. La fiesta finalizar\u00e1 con el toro de fuego, quemando nuestros miedos en la Olla de los Miedos y comiendo casta\u00f1as.<\/p>\n\n\n\n<h3 class=\"wp-block-heading\"><strong>\u00bfC\u00f3mo se puede participar?<\/strong><\/h3>\n\n\n\n<ul>\n<li><strong>Recorriendo la Ruta de la Calabaza<\/strong>, a poder ser, disfrazados con ropas y complementos viejos de casa. <a href=\"\/app\/uploads\/2025\/10\/Gau-Beltza_-parte-hartzeko-proposamenak-2025.pdf\">Aqu\u00ed ten\u00e9is ideas y peque\u00f1as fuentes de inspiraci\u00f3n<\/a>.<\/li>\n\n\n\n<li><strong>Escribiendo vuestros miedos en un papel<\/strong> para quemarlos en la Olla de los Miedos que estar\u00e1 en la plaza Lehendakari Agirre. <a href=\"https:\/\/oreretaikastola.eus\/app\/uploads\/2024\/10\/Gau_Beltza_beldurrak.pdf\">Aqu\u00ed ten\u00e9is un ejemplo.<\/a><\/li>\n\n\n\n<li><strong>Decorando la casa y sus alrededores<\/strong>. Ambientemos el pueblo para celebrar la <strong>Gau Beltza<\/strong>. Podemos hacerlo con calabazas, candiles, telas blancas, etc. <a href=\"\/app\/uploads\/2024\/10\/Gau-Beltza_-parte-hartzeko-proposamenak-2024.pdf\">Aqu\u00ed encontrar\u00e9is algunas propuesta<\/a><a href=\"\/app\/uploads\/2025\/10\/Gau-Beltza_-parte-hartzeko-proposamenak-2025.pdf\">s<\/a><a href=\"\/app\/uploads\/2024\/10\/Gau-Beltza_-parte-hartzeko-proposamenak-2024.pdf\">.<\/a><\/li>\n\n\n\n<li><strong>Invitando a la gente de vuestro alrededor a participar en la fiesta<\/strong>. En efecto, la <strong>Gau Beltza<\/strong> quiere ser una fiesta para el pueblo, y todas y todos los que quieran participar en la misma est\u00e1n invitados a disfrutarla. <a href=\"\/app\/uploads\/2025\/10\/Gau-beltza20251-scaled.jpg\">Ver cartel<\/a> | <a href=\"https:\/\/www.youtube.com\/watch?v=Syc-qFSYxKs\">Ver v\u00eddeo<\/a><\/li>\n\n\n\n<li><strong>Participando en el VII Concurso de (micro)cuentos y audiovisuales de terror<\/strong>. <a href=\"https:\/\/oreretaikastola.eus\/es\/ekitaldiak\/vii-concurso-de-microcuentos-y-audivisuales-de-terror\/\">Aqu\u00ed encontrar\u00e9is m\u00e1s detalles y las bases para participar en el concurso (en euskera)<\/a><a href=\"https:\/\/oreretaikastola.eus\/es\/ekitaldiak\/iv-concurso-de-microcuentos-y-audivisuales-de-terror\/\">.<\/a><\/li>\n<\/ul>\n\n\n\n<figure class=\"wp-block-embed is-type-video is-provider-youtube wp-block-embed-youtube wp-embed-aspect-16-9 wp-has-aspect-ratio\"><div class=\"wp-block-embed__wrapper\">\n<div class=\"youtube-embed responsive-embed widescreen\"><iframe loading=\"lazy\" title=\"Gau Beltza 2024 \ud83c\udf83\" width=\"500\" height=\"281\" src=\"https:\/\/www.youtube.com\/embed\/Syc-qFSYxKs?feature=oembed\" frameborder=\"0\" allow=\"accelerometer; autoplay; clipboard-write; encrypted-media; gyroscope; picture-in-picture; web-share\" referrerpolicy=\"strict-origin-when-cross-origin\" allowfullscreen><\/iframe><\/div>\n<\/div><\/figure>\n","protected":false},"featured_media":46723,"parent":0,"template":"","ekitaldi_etiketa":[158],"ekitaldi_kategoria":[232,153,185],"acf":[],"_links":{"self":[{"href":"https:\/\/oreretaikastola.eus\/es\/wp-json\/wp\/v2\/ekitaldia\/75543"}],"collection":[{"href":"https:\/\/oreretaikastola.eus\/es\/wp-json\/wp\/v2\/ekitaldia"}],"about":[{"href":"https:\/\/oreretaikastola.eus\/es\/wp-json\/wp\/v2\/types\/ekitaldia"}],"wp:featuredmedia":[{"embeddable":true,"href":"https:\/\/oreretaikastola.eus\/es\/wp-json\/wp\/v2\/media\/46723"}],"wp:attachment":[{"href":"https:\/\/oreretaikastola.eus\/es\/wp-json\/wp\/v2\/media?parent=75543"}],"wp:term":[{"taxonomy":"ekitaldi_etiketa","embeddable":true,"href":"https:\/\/oreretaikastola.eus\/es\/wp-json\/wp\/v2\/ekitaldi_etiketa?post=75543"},{"taxonomy":"ekitaldi_kategoria","embeddable":true,"href":"https:\/\/oreretaikastola.eus\/es\/wp-json\/wp\/v2\/ekitaldi_kategoria?post=75543"}],"curies":[{"name":"wp","href":"https:\/\/api.w.org\/{rel}","templated":true}]}}

<p>Siguiendo el camino iniciado hace ya unos años, <strong>Orereta Ikastola</strong>, en colaboración con varios agentes de nuestro municipio, está organizando la <strong>Gau Beltza</strong> para la tarde-noche del 31 de octubre. Este año por primera vez, estarán entre los agentes participantes la escuela Koldo Mitxelena y la asociación de padres y madres Koldokide.</p>



<p>La propuesta es la <strong>Ruta de la Calabaza</strong>, una ruta llena de sorpresas que arrancará a las 19:30 horas desde la calle Santa Klara y finalizará en la plaza Lehendakari Agirre al cabo de una hora, habiendo recorrido varias calles del pueblo.</p>



<p>Acompañados por el <strong>carro de la calabaza, Kuiandere</strong>, los zancos, la música y la danza, y bajo la luz de las antorchas y los candiles, diremos adiós a la época de la cosecha y entraremos en invierno. Se podrá disfrutar de varias actuaciones durante el recorrido y al final del mismo, en la plaza Lehendakari Agirre. La fiesta finalizará con el toro de fuego, quemando nuestros miedos en la Olla de los Miedos y comiendo castañas.</p>



<h3 class="wp-block-heading"><strong>¿Cómo se puede participar?</strong></h3>



<ul>
<li><strong>Recorriendo la Ruta de la Calabaza</strong>, a poder ser, disfrazados con ropas y complementos viejos de casa. <a href="/app/uploads/2025/10/Gau-Beltza_-parte-hartzeko-proposamenak-2025.pdf">Aquí tenéis ideas y pequeñas fuentes de inspiración</a>.</li>



<li><strong>Escribiendo vuestros miedos en un papel</strong> para quemarlos en la Olla de los Miedos que estará en la plaza Lehendakari Agirre. <a href="https://oreretaikastola.eus/app/uploads/2024/10/Gau_Beltza_beldurrak.pdf">Aquí tenéis un ejemplo.</a></li>



<li><strong>Decorando la casa y sus alrededores</strong>. Ambientemos el pueblo para celebrar la <strong>Gau Beltza</strong>. Podemos hacerlo con calabazas, candiles, telas blancas, etc. <a href="/app/uploads/2024/10/Gau-Beltza_-parte-hartzeko-proposamenak-2024.pdf">Aquí encontraréis algunas propuesta</a><a href="/app/uploads/2025/10/Gau-Beltza_-parte-hartzeko-proposamenak-2025.pdf">s</a><a href="/app/uploads/2024/10/Gau-Beltza_-parte-hartzeko-proposamenak-2024.pdf">.</a></li>



<li><strong>Invitando a la gente de vuestro alrededor a participar en la fiesta</strong>. En efecto, la <strong>Gau Beltza</strong> quiere ser una fiesta para el pueblo, y todas y todos los que quieran participar en la misma están invitados a disfrutarla. <a href="/app/uploads/2025/10/Gau-beltza20251-scaled.jpg">Ver cartel</a> | <a href="https://www.youtube.com/watch?v=Syc-qFSYxKs">Ver vídeo</a></li>



<li><strong>Participando en el VII Concurso de (micro)cuentos y audiovisuales de terror</strong>. <a href="https://oreretaikastola.eus/es/ekitaldiak/vii-concurso-de-microcuentos-y-audivisuales-de-terror/">Aquí encontraréis más detalles y las bases para participar en el concurso (en euskera)</a><a href="https://oreretaikastola.eus/es/ekitaldiak/iv-concurso-de-microcuentos-y-audivisuales-de-terror/">.</a></li>
</ul>



<figure class="wp-block-embed is-type-video is-provider-youtube wp-block-embed-youtube wp-embed-aspect-16-9 wp-has-aspect-ratio"><div class="wp-block-embed__wrapper">
<div class="youtube-embed responsive-embed widescreen"><iframe loading="lazy" title="Gau Beltza 2024 🎃" width="500" height="281" src="https://www.youtube.com/embed/Syc-qFSYxKs?feature=oembed" frameborder="0" allow="accelerometer; autoplay; clipboard-write; encrypted-media; gyroscope; picture-in-picture; web-share" referrerpolicy="strict-origin-when-cross-origin" allowfullscreen></iframe></div>
</div></figure>
