{"id":75266,"date":"2025-10-11T14:14:12","date_gmt":"2025-10-11T13:14:12","guid":{"rendered":"https:\/\/oreretaikastola.eus\/ekitaldiak\/nafarroa-oinez-25-autobusa-ikastolatik\/"},"modified":"2025-10-11T14:46:49","modified_gmt":"2025-10-11T13:46:49","slug":"nafarroa-oinez-2025-autobus-desde-la-ikastola","status":"publish","type":"ekitaldia","link":"https:\/\/oreretaikastola.eus\/es\/ekitaldiak\/nafarroa-oinez-2025-autobus-desde-la-ikastola\/","title":{"rendered":"Nafarroa Oinez 2025: autob\u00fas desde la Ikastola"},"content":{"rendered":"\n<p>La edici\u00f3n de este a\u00f1o de <strong><a rel=\"noreferrer noopener\" href=\"https:\/\/kilometroak.eus\/\" data-type=\"URL\" data-id=\"https:\/\/kilometroak.eus\/\" target=\"_blank\">Nafarroa Oinez<\/a><\/strong> se celebrar\u00e1 el 19 de octubre en <strong>Atarrabia<\/strong>, bajo el lema \u201cBuruz, bihotzez, oinez!\u201d. <strong>Orereta Ikastola<\/strong> ha organizado autob\u00fas para acudir a la cita anual de las <strong>Ikastolas de Nafarroa<\/strong>, sabiendo que en <strong>Atarrabia<\/strong> agradecer\u00e1n el apoyo y aportaciones de todas y todos.<\/p>\n\n\n\n<p>El autob\u00fas saldr\u00e1 de la parada de Niessen (sentido Donostia) a las 09:00 horas y partir\u00e1 de vuelta desde Atarrabia a las 19:00 horas. El viaje de ida y vuelta costar\u00e1 13\u20ac (personas adultas) y 10\u20ac (menores).<\/p>\n\n\n\n<p>Los tickets para ir a <strong>Nafarroa Oinez<\/strong> en el autob\u00fas organizados por <strong>Orereta Ikastola<\/strong> est\u00e1n a la venta en la oficinas de Esmalteria (15:30-17: 30) y A\u00f1abitarte (08:00-13:30\/14:00-16:30) de la Ikastola.<\/p>\n","protected":false},"featured_media":75264,"parent":0,"template":"","ekitaldi_etiketa":[],"ekitaldi_kategoria":[232,153,185],"acf":[],"_links":{"self":[{"href":"https:\/\/oreretaikastola.eus\/es\/wp-json\/wp\/v2\/ekitaldia\/75266"}],"collection":[{"href":"https:\/\/oreretaikastola.eus\/es\/wp-json\/wp\/v2\/ekitaldia"}],"about":[{"href":"https:\/\/oreretaikastola.eus\/es\/wp-json\/wp\/v2\/types\/ekitaldia"}],"wp:featuredmedia":[{"embeddable":true,"href":"https:\/\/oreretaikastola.eus\/es\/wp-json\/wp\/v2\/media\/75264"}],"wp:attachment":[{"href":"https:\/\/oreretaikastola.eus\/es\/wp-json\/wp\/v2\/media?parent=75266"}],"wp:term":[{"taxonomy":"ekitaldi_etiketa","embeddable":true,"href":"https:\/\/oreretaikastola.eus\/es\/wp-json\/wp\/v2\/ekitaldi_etiketa?post=75266"},{"taxonomy":"ekitaldi_kategoria","embeddable":true,"href":"https:\/\/oreretaikastola.eus\/es\/wp-json\/wp\/v2\/ekitaldi_kategoria?post=75266"}],"curies":[{"name":"wp","href":"https:\/\/api.w.org\/{rel}","templated":true}]}}

Nafarroa Oinez 2025: autobús desde la Ikastola

<p>La edición de este año de <strong><a rel="noreferrer noopener" href="https://kilometroak.eus/" data-type="URL" data-id="https://kilometroak.eus/" target="_blank">Nafarroa Oinez</a></strong> se celebrará el 19 de octubre en <strong>Atarrabia</strong>, bajo el lema “Buruz, bihotzez, oinez!”. <strong>Orereta Ikastola</strong> ha organizado autobús para acudir a la cita anual de las <strong>Ikastolas de Nafarroa</strong>, sabiendo que en <strong>Atarrabia</strong> agradecerán el apoyo y aportaciones de todas y todos.</p>



<p>El autobús saldrá de la parada de Niessen (sentido Donostia) a las 09:00 horas y partirá de vuelta desde Atarrabia a las 19:00 horas. El viaje de ida y vuelta costará 13€ (personas adultas) y 10€ (menores).</p>



<p>Los tickets para ir a <strong>Nafarroa Oinez</strong> en el autobús organizados por <strong>Orereta Ikastola</strong> están a la venta en la oficinas de Esmalteria (15:30-17: 30) y Añabitarte (08:00-13:30/14:00-16:30) de la Ikastola.</p>
