{"id":75068,"date":"2025-10-01T14:17:09","date_gmt":"2025-10-01T13:17:09","guid":{"rendered":"https:\/\/oreretaikastola.eus\/ekitaldiak\/ume-palestinarren-aldeko-elkarretaratzea\/"},"modified":"2025-10-01T14:22:18","modified_gmt":"2025-10-01T13:22:18","slug":"concentracion-a-favor-de-las-y-los-ninos-palestinos","status":"publish","type":"ekitaldia","link":"https:\/\/oreretaikastola.eus\/es\/ekitaldiak\/concentracion-a-favor-de-las-y-los-ninos-palestinos\/","title":{"rendered":"Concentraci\u00f3n a favor de las y los ni\u00f1os palestinos"},"content":{"rendered":"\n<p>La iniciativa \u201cGure haurrak ere badira\u201d propone varias citas para octubre, para denunciar y pedir que se acabe lo que est\u00e1 pasando en Palestina y, sobre todo, para denunciar y pedir que se acabe el sufrimiento y las miles de muertes de ni\u00f1os, ni\u00f1as y adolescentes. Una de las propuestas de la iniciativa \u00abGure haurrak ere badira\u00bb es celebrar concentraciones en los centros escolares el 16 de octubre. La comunidad de Orereta Ikastola realizar\u00e1 la suya. <\/p>\n","protected":false},"featured_media":0,"parent":0,"template":"","ekitaldi_etiketa":[1085],"ekitaldi_kategoria":[232,153,185],"acf":[],"_links":{"self":[{"href":"https:\/\/oreretaikastola.eus\/es\/wp-json\/wp\/v2\/ekitaldia\/75068"}],"collection":[{"href":"https:\/\/oreretaikastola.eus\/es\/wp-json\/wp\/v2\/ekitaldia"}],"about":[{"href":"https:\/\/oreretaikastola.eus\/es\/wp-json\/wp\/v2\/types\/ekitaldia"}],"wp:attachment":[{"href":"https:\/\/oreretaikastola.eus\/es\/wp-json\/wp\/v2\/media?parent=75068"}],"wp:term":[{"taxonomy":"ekitaldi_etiketa","embeddable":true,"href":"https:\/\/oreretaikastola.eus\/es\/wp-json\/wp\/v2\/ekitaldi_etiketa?post=75068"},{"taxonomy":"ekitaldi_kategoria","embeddable":true,"href":"https:\/\/oreretaikastola.eus\/es\/wp-json\/wp\/v2\/ekitaldi_kategoria?post=75068"}],"curies":[{"name":"wp","href":"https:\/\/api.w.org\/{rel}","templated":true}]}}

Concentración a favor de las y los niños palestinos

<p>La iniciativa “Gure haurrak ere badira” propone varias citas para octubre, para denunciar y pedir que se acabe lo que está pasando en Palestina y, sobre todo, para denunciar y pedir que se acabe el sufrimiento y las miles de muertes de niños, niñas y adolescentes. Una de las propuestas de la iniciativa «Gure haurrak ere badira» es celebrar concentraciones en los centros escolares el 16 de octubre. La comunidad de Orereta Ikastola realizará la suya. </p>
