{"id":74996,"date":"2025-09-30T12:09:47","date_gmt":"2025-09-30T11:09:47","guid":{"rendered":"https:\/\/oreretaikastola.eus\/ekitaldiak\/dbh4-deseraikiz\/"},"modified":"2025-10-24T07:22:10","modified_gmt":"2025-10-24T06:22:10","slug":"dbh4-programa-deseraikiz","status":"publish","type":"ekitaldia","link":"https:\/\/oreretaikastola.eus\/es\/ekitaldiak\/dbh4-programa-deseraikiz\/","title":{"rendered":"[DBH4] Programa Deseraikiz"},"content":{"rendered":"\n<p>El objetivo de las sesiones \u00abDeseraikiz\u00bb es visibilizar los derechos del colectivo LGTBI+. Porque para que la identidad personal se desarrolle es necesario que la diversidad y la igualdad de derechos tengan su lugar en la sociedad y en el entorno de las y los adolescentes, poniendo fin a toda discriminaci\u00f3n y vulneraci\u00f3n.<\/p>\n\n\n\n<p>La adolescencia es el momento de conocerse y vivir nuevas experiencias. En este camino, es importante que las y los adolescentes dispongan de recursos para crear y mantener modelos de relaciones saludables. Por lo tanto, a trav\u00e9s de este programa, las y los educadores hablar\u00e1n con el alumnado de diferentes formas de ser y de relacionarse, de ampliar el autoconocimiento y las posibilidades de ser lo que somos.<\/p>\n\n\n\n<p>El programa analizar\u00e1 los mitos y comportamientos que existen en torno a las redes sociales y las aplicaciones de ligar, y hablar\u00e1 tambi\u00e9n de su influencia en nuestra sociedad. Adem\u00e1s, el programa se ocupar\u00e1 de las parejas tradicionales y de las consecuencias que se derivan de las mismas. En parte, se quiere crear un peque\u00f1o espacio para ense\u00f1ar a las y los alumnos a mantener relaciones respetuosas.<\/p>\n\n\n\n<p>Tras realizar los talleres de clase, el programa terminar\u00e1 viendo la obra de teatro \u00abSex-sua\u00bb.<\/p>\n","protected":false},"featured_media":0,"parent":0,"template":"","ekitaldi_etiketa":[1125],"ekitaldi_kategoria":[232,153],"acf":[],"_links":{"self":[{"href":"https:\/\/oreretaikastola.eus\/es\/wp-json\/wp\/v2\/ekitaldia\/74996"}],"collection":[{"href":"https:\/\/oreretaikastola.eus\/es\/wp-json\/wp\/v2\/ekitaldia"}],"about":[{"href":"https:\/\/oreretaikastola.eus\/es\/wp-json\/wp\/v2\/types\/ekitaldia"}],"wp:attachment":[{"href":"https:\/\/oreretaikastola.eus\/es\/wp-json\/wp\/v2\/media?parent=74996"}],"wp:term":[{"taxonomy":"ekitaldi_etiketa","embeddable":true,"href":"https:\/\/oreretaikastola.eus\/es\/wp-json\/wp\/v2\/ekitaldi_etiketa?post=74996"},{"taxonomy":"ekitaldi_kategoria","embeddable":true,"href":"https:\/\/oreretaikastola.eus\/es\/wp-json\/wp\/v2\/ekitaldi_kategoria?post=74996"}],"curies":[{"name":"wp","href":"https:\/\/api.w.org\/{rel}","templated":true}]}}

<p>El objetivo de las sesiones «Deseraikiz» es visibilizar los derechos del colectivo LGTBI+. Porque para que la identidad personal se desarrolle es necesario que la diversidad y la igualdad de derechos tengan su lugar en la sociedad y en el entorno de las y los adolescentes, poniendo fin a toda discriminación y vulneración.</p>



<p>La adolescencia es el momento de conocerse y vivir nuevas experiencias. En este camino, es importante que las y los adolescentes dispongan de recursos para crear y mantener modelos de relaciones saludables. Por lo tanto, a través de este programa, las y los educadores hablarán con el alumnado de diferentes formas de ser y de relacionarse, de ampliar el autoconocimiento y las posibilidades de ser lo que somos.</p>



<p>El programa analizará los mitos y comportamientos que existen en torno a las redes sociales y las aplicaciones de ligar, y hablará también de su influencia en nuestra sociedad. Además, el programa se ocupará de las parejas tradicionales y de las consecuencias que se derivan de las mismas. En parte, se quiere crear un pequeño espacio para enseñar a las y los alumnos a mantener relaciones respetuosas.</p>



<p>Tras realizar los talleres de clase, el programa terminará viendo la obra de teatro «Sex-sua».</p>
