{"id":74605,"date":"2025-09-15T10:42:40","date_gmt":"2025-09-15T09:42:40","guid":{"rendered":"https:\/\/oreretaikastola.eus\/ekitaldiak\/auzolana-anabitarteko-berdeguneak-garbitzea-25-26\/"},"modified":"2025-09-15T11:31:40","modified_gmt":"2025-09-15T10:31:40","slug":"trabajo-comunitario-desbroce-en-anabitarte-25-26","status":"publish","type":"ekitaldia","link":"https:\/\/oreretaikastola.eus\/es\/ekitaldiak\/trabajo-comunitario-desbroce-en-anabitarte-25-26\/","title":{"rendered":"Trabajo comunitario: desbroce en A\u00f1abitarte"},"content":{"rendered":"\n<p>Para que las zonas verdes de A\u00f1abitarte sean aptas para su uso escolar, adem\u00e1s de los trabajos que se hacen a lo largo del curso, necesitan un mantenimiento m\u00e1s profundo que se hace en \u00abauzolan\u00bb; y pasado el verano, habiendo crecido la hierba, lo vuelven a necesitar.<\/p>\n\n\n\n<p>La cita para la pr\u00f3xima jornada de trabajo comunitario la hemos puesto para el 27 de septiembre (a las 08:00 horas, en la puerta del Baserri; puede haber cambios condicionados por la meteorolog\u00eda). Se agradecer\u00e1 la ayuda de gente que sepa utilizar la desbrozadora y, si fuera posible, que cada uno o una traiga su desbrozadora (ya que en la Ikastola no hay suficientes herramientas para todos los voluntarios y voluntarias). <\/p>\n\n\n\n<p>\u00a1Rellena el formulario inferior y ayuda a mantener A\u00f1abitarte bonito y cuidado! El \u00faltimo d\u00eda para apuntarse es el 23 de septiembre.<\/p>\n\n\n\n<div style=\"height:50px\" aria-hidden=\"true\" class=\"wp-block-spacer\"><\/div>\n\n\n\n<hr class=\"wp-block-separator has-alpha-channel-opacity\"\/>\n\n\n","protected":false},"featured_media":0,"parent":0,"template":"","ekitaldi_etiketa":[],"ekitaldi_kategoria":[232],"acf":[],"_links":{"self":[{"href":"https:\/\/oreretaikastola.eus\/es\/wp-json\/wp\/v2\/ekitaldia\/74605"}],"collection":[{"href":"https:\/\/oreretaikastola.eus\/es\/wp-json\/wp\/v2\/ekitaldia"}],"about":[{"href":"https:\/\/oreretaikastola.eus\/es\/wp-json\/wp\/v2\/types\/ekitaldia"}],"wp:attachment":[{"href":"https:\/\/oreretaikastola.eus\/es\/wp-json\/wp\/v2\/media?parent=74605"}],"wp:term":[{"taxonomy":"ekitaldi_etiketa","embeddable":true,"href":"https:\/\/oreretaikastola.eus\/es\/wp-json\/wp\/v2\/ekitaldi_etiketa?post=74605"},{"taxonomy":"ekitaldi_kategoria","embeddable":true,"href":"https:\/\/oreretaikastola.eus\/es\/wp-json\/wp\/v2\/ekitaldi_kategoria?post=74605"}],"curies":[{"name":"wp","href":"https:\/\/api.w.org\/{rel}","templated":true}]}}

Trabajo comunitario: desbroce en Añabitarte

<p>Para que las zonas verdes de Añabitarte sean aptas para su uso escolar, además de los trabajos que se hacen a lo largo del curso, necesitan un mantenimiento más profundo que se hace en «auzolan»; y pasado el verano, habiendo crecido la hierba, lo vuelven a necesitar.</p>



<p>La cita para la próxima jornada de trabajo comunitario la hemos puesto para el 27 de septiembre (a las 08:00 horas, en la puerta del Baserri; puede haber cambios condicionados por la meteorología). Se agradecerá la ayuda de gente que sepa utilizar la desbrozadora y, si fuera posible, que cada uno o una traiga su desbrozadora (ya que en la Ikastola no hay suficientes herramientas para todos los voluntarios y voluntarias). </p>



<p>¡Rellena el formulario inferior y ayuda a mantener Añabitarte bonito y cuidado! El último día para apuntarse es el 23 de septiembre.</p>



<div style="height:50px" aria-hidden="true" class="wp-block-spacer"></div>



<hr class="wp-block-separator has-alpha-channel-opacity"/>
