{"id":74495,"date":"2025-09-08T11:52:01","date_gmt":"2025-09-08T10:52:01","guid":{"rendered":"https:\/\/oreretaikastola.eus\/?post_type=ekitaldia&#038;p=74495"},"modified":"2025-09-08T12:39:50","modified_gmt":"2025-09-08T11:39:50","slug":"lh4-lh6-cursos-de-piragua-skate-surf-25-26","status":"publish","type":"ekitaldia","link":"https:\/\/oreretaikastola.eus\/es\/ekitaldiak\/lh4-lh6-cursos-de-piragua-skate-surf-25-26\/","title":{"rendered":"[LH4-LH6] Cursos de piragua-skate-surf"},"content":{"rendered":"\n<p>Con el objetivo de complementar las clases de Educaci\u00f3n F\u00edsica, las y los alumnos de 4\u00ba, 5\u00ba y 6\u00ba de LH realizan cursos de tres d\u00edas de piragua, skate y surf, respectivamente. Este a\u00f1o ser\u00e1n entre el 15 de septiembre y el 2 de octubre.<\/p>\n\n\n\n<div style=\"height:25px\" aria-hidden=\"true\" class=\"wp-block-spacer\"><\/div>\n\n\n\n<hr class=\"wp-block-separator has-alpha-channel-opacity\"\/>\n\n\n\n<h3 class=\"wp-block-heading\"><strong>Calendario de sesiones por cursos y aulas<\/strong><\/h3>\n\n\n\n<hr class=\"wp-block-separator has-alpha-channel-opacity\"\/>\n\n\n<ul class=\"accordion\" data-accordion data-allow-all-closed=\"true\">\n          \n      <li class=\"accordion-item\" data-accordion-item>\n      <a href=\"#\" class=\"accordion-title\">\n          <h3>LH4 (Piragua)<\/h3>\n        <\/a>\n\n        <div class=\"accordion-content\" data-tab-content>\n          <ul>\n<li>\n<h6>LH4A (Eli Olasagasti): 15 de septiembre, 25 de septiembre y 1 de octubre<\/h6>\n<\/li>\n<li>\n<h6>LH4B (Mikel Zabala): 16 de septiembre, 22 de septiembre y 2 de octubre<\/h6>\n<\/li>\n<li>\n<h6>LH4C (Marian Goenaga): 17 de septiembre, 23 de septiembre y 29 de septiembre<\/h6>\n<\/li>\n<li>\n<h6>LH4D (Kepa Goikoetxea): 18 de septiembre, 24 de septiembre eta 30 de septiembre<\/h6>\n<\/li>\n<\/ul>\n<hr \/>\n<h6>NOTA: puede haber cambios de \u00faltima hora en el calendario por razones de organizaci\u00f3n interna.<\/h6>\n\n        <\/div>\n      <\/li>\n          \n      <li class=\"accordion-item\" data-accordion-item>\n      <a href=\"#\" class=\"accordion-title\">\n          <h3>LH5 (Skate)<\/h3>\n        <\/a>\n\n        <div class=\"accordion-content\" data-tab-content>\n          <ul>\n<li>\n<h6>LH5A (Eneka Arratibel): 15 de septiembre, 23 de septiembre y 29 de septiembre<\/h6>\n<\/li>\n<li>\n<h6>LH5B (Ainara Urdanpilleta): 15 de septiembre, 23 de septiembre y 29 de septiembre<\/h6>\n<\/li>\n<li>\n<h6>LH5C (Alaitz Lete): 16 de septiembre, 22 de septiembre y 30 de septiembre<\/h6>\n<\/li>\n<li>\n<h6>LH5D (Naroa Perez): 16 de septiembre, 22 de septiembre y 30 de septiembre<\/h6>\n<\/li>\n<\/ul>\n<hr \/>\n<h6>NOTA: puede haber cambios de \u00faltima hora en el calendario por razones de organizaci\u00f3n interna.<\/h6>\n\n        <\/div>\n      <\/li>\n          \n      <li class=\"accordion-item\" data-accordion-item>\n      <a href=\"#\" class=\"accordion-title\">\n          <h3>LH6 (Surf)<\/h3>\n        <\/a>\n\n        <div class=\"accordion-content\" data-tab-content>\n          <ul>\n<li>\n<h6>LH6A (Josu Iribarren): 15 de septiembre, 25 de septiembre y 1 de octubre<\/h6>\n<\/li>\n<li>\n<h6>LH6B (Ainhoa Larraz): 16 de septiembre, 24 de septiembre y 2 de octubre<\/h6>\n<\/li>\n<li>\n<h6>LH6C (M\u00aa Eugenia Otermin): 17 de septiembre, 23 de septiembre y 29 de septiembre<\/h6>\n<\/li>\n<li>\n<h6>LH6D (Imanol Mitxelena &#8211; Ainhoa Otegi): 18 de septiembre, 22 de septiembre y 30 de septiembre<\/h6>\n<\/li>\n<\/ul>\n<hr \/>\n<h6>NOTA: puede haber cambios de \u00faltima hora en el calendario por razones de organizaci\u00f3n interna.<\/h6>\n\n        <\/div>\n      <\/li>\n      <\/ul>\n","protected":false},"featured_media":0,"parent":0,"template":"","ekitaldi_etiketa":[],"ekitaldi_kategoria":[232,153],"acf":[],"_links":{"self":[{"href":"https:\/\/oreretaikastola.eus\/es\/wp-json\/wp\/v2\/ekitaldia\/74495"}],"collection":[{"href":"https:\/\/oreretaikastola.eus\/es\/wp-json\/wp\/v2\/ekitaldia"}],"about":[{"href":"https:\/\/oreretaikastola.eus\/es\/wp-json\/wp\/v2\/types\/ekitaldia"}],"wp:attachment":[{"href":"https:\/\/oreretaikastola.eus\/es\/wp-json\/wp\/v2\/media?parent=74495"}],"wp:term":[{"taxonomy":"ekitaldi_etiketa","embeddable":true,"href":"https:\/\/oreretaikastola.eus\/es\/wp-json\/wp\/v2\/ekitaldi_etiketa?post=74495"},{"taxonomy":"ekitaldi_kategoria","embeddable":true,"href":"https:\/\/oreretaikastola.eus\/es\/wp-json\/wp\/v2\/ekitaldi_kategoria?post=74495"}],"curies":[{"name":"wp","href":"https:\/\/api.w.org\/{rel}","templated":true}]}}

<p>Con el objetivo de complementar las clases de Educación Física, las y los alumnos de 4º, 5º y 6º de LH realizan cursos de tres días de piragua, skate y surf, respectivamente. Este año serán entre el 15 de septiembre y el 2 de octubre.</p>



<div style="height:25px" aria-hidden="true" class="wp-block-spacer"></div>



<hr class="wp-block-separator has-alpha-channel-opacity"/>



<h3 class="wp-block-heading"><strong>Calendario de sesiones por cursos y aulas</strong></h3>



<hr class="wp-block-separator has-alpha-channel-opacity"/>


<ul class="accordion" data-accordion data-allow-all-closed="true">
          
      <li class="accordion-item" data-accordion-item>
      <a href="#" class="accordion-title">
          <h3>LH4 (Piragua)</h3>
        </a>

        <div class="accordion-content" data-tab-content>
          <ul>
<li>
<h6>LH4A (Eli Olasagasti): 15 de septiembre, 25 de septiembre y 1 de octubre</h6>
</li>
<li>
<h6>LH4B (Mikel Zabala): 16 de septiembre, 22 de septiembre y 2 de octubre</h6>
</li>
<li>
<h6>LH4C (Marian Goenaga): 17 de septiembre, 23 de septiembre y 29 de septiembre</h6>
</li>
<li>
<h6>LH4D (Kepa Goikoetxea): 18 de septiembre, 24 de septiembre eta 30 de septiembre</h6>
</li>
</ul>
<hr />
<h6>NOTA: puede haber cambios de última hora en el calendario por razones de organización interna.</h6>

        </div>
      </li>
          
      <li class="accordion-item" data-accordion-item>
      <a href="#" class="accordion-title">
          <h3>LH5 (Skate)</h3>
        </a>

        <div class="accordion-content" data-tab-content>
          <ul>
<li>
<h6>LH5A (Eneka Arratibel): 15 de septiembre, 23 de septiembre y 29 de septiembre</h6>
</li>
<li>
<h6>LH5B (Ainara Urdanpilleta): 15 de septiembre, 23 de septiembre y 29 de septiembre</h6>
</li>
<li>
<h6>LH5C (Alaitz Lete): 16 de septiembre, 22 de septiembre y 30 de septiembre</h6>
</li>
<li>
<h6>LH5D (Naroa Perez): 16 de septiembre, 22 de septiembre y 30 de septiembre</h6>
</li>
</ul>
<hr />
<h6>NOTA: puede haber cambios de última hora en el calendario por razones de organización interna.</h6>

        </div>
      </li>
          
      <li class="accordion-item" data-accordion-item>
      <a href="#" class="accordion-title">
          <h3>LH6 (Surf)</h3>
        </a>

        <div class="accordion-content" data-tab-content>
          <ul>
<li>
<h6>LH6A (Josu Iribarren): 15 de septiembre, 25 de septiembre y 1 de octubre</h6>
</li>
<li>
<h6>LH6B (Ainhoa Larraz): 16 de septiembre, 24 de septiembre y 2 de octubre</h6>
</li>
<li>
<h6>LH6C (Mª Eugenia Otermin): 17 de septiembre, 23 de septiembre y 29 de septiembre</h6>
</li>
<li>
<h6>LH6D (Imanol Mitxelena &#8211; Ainhoa Otegi): 18 de septiembre, 22 de septiembre y 30 de septiembre</h6>
</li>
</ul>
<hr />
<h6>NOTA: puede haber cambios de última hora en el calendario por razones de organización interna.</h6>

        </div>
      </li>
      </ul>
