{"id":74179,"date":"2025-08-26T08:54:07","date_gmt":"2025-08-26T07:54:07","guid":{"rendered":"https:\/\/oreretaikastola.eus\/ekitaldiak\/2025-26-ikasturte-hasiera-egun-erdiko-jarduna\/"},"modified":"2025-08-26T08:59:35","modified_gmt":"2025-08-26T07:59:35","slug":"inicio-curso-2025-26-jornada-de-manana","status":"publish","type":"ekitaldia","link":"https:\/\/oreretaikastola.eus\/es\/ekitaldiak\/inicio-curso-2025-26-jornada-de-manana\/","title":{"rendered":"Inicio curso 2025-26: jornada de ma\u00f1ana"},"content":{"rendered":"\n<p>Desde el 9 al 19 de septiembre el alumnado de entre HH3 y LH6 estar\u00e1 en jornada de ma\u00f1ana (hasta la hora de comer). En el caso de DBH, solo el primer d\u00eda (9 de septiembre) ser\u00e1 de jornada corta (10:00-12:00). La Haur Eskola y HH2 tienen su propio calendario de comienzo de curso por motivo del periodo de adaptaci\u00f3n.<\/p>\n\n\n\n<p>En lo que se refiere a los servicios de HH y LH, tened en cuenta:<\/p>\n\n\n\n<ul>\n<li>El txoko de custodia y el servicio de comedor se ofrecer\u00e1n desde el primer d\u00eda y ser\u00e1n los habituales (iguales que durante todo el curso). <a href=\"https:\/\/oreretaikastola.eus\/es\/familias\/servicios-contratados\/#comedorzuriunea\">Ver aqu\u00ed los detalles<\/a>.<\/li>\n\n\n\n<li>A los alumnos y alumnas de HH que se queden en el comedor se debe recoger entre las 14:30 y las 15:00 horas.<\/li>\n\n\n\n<li>Las y los alumnos de LH que se queden en el comedor bajar\u00e1n en autob\u00fas a sus paradas habituales de la subida de la ma\u00f1ana, entre las 15:10 y las 15:30 horas. Las y los alumnos que no son usuarios del servicio de transporte bajar\u00e1n a la parada de Tulle. Las familias que lo deseen y\/o puedan pueden recoger a sus hijos e hijas en A\u00f1abitarte.<\/li>\n\n\n\n<li>El servicio de transporte de la ma\u00f1ana y el mediod\u00eda (antes del comedor) ser\u00e1 el habitual (<a href=\"https:\/\/oreretaikastola.eus\/es\/familias\/servicios-contratados\/#transportezuriunea\">consultar paradas y horarios<\/a>). <\/li>\n<\/ul>\n","protected":false},"featured_media":0,"parent":0,"template":"","ekitaldi_etiketa":[],"ekitaldi_kategoria":[232],"acf":[],"_links":{"self":[{"href":"https:\/\/oreretaikastola.eus\/es\/wp-json\/wp\/v2\/ekitaldia\/74179"}],"collection":[{"href":"https:\/\/oreretaikastola.eus\/es\/wp-json\/wp\/v2\/ekitaldia"}],"about":[{"href":"https:\/\/oreretaikastola.eus\/es\/wp-json\/wp\/v2\/types\/ekitaldia"}],"wp:attachment":[{"href":"https:\/\/oreretaikastola.eus\/es\/wp-json\/wp\/v2\/media?parent=74179"}],"wp:term":[{"taxonomy":"ekitaldi_etiketa","embeddable":true,"href":"https:\/\/oreretaikastola.eus\/es\/wp-json\/wp\/v2\/ekitaldi_etiketa?post=74179"},{"taxonomy":"ekitaldi_kategoria","embeddable":true,"href":"https:\/\/oreretaikastola.eus\/es\/wp-json\/wp\/v2\/ekitaldi_kategoria?post=74179"}],"curies":[{"name":"wp","href":"https:\/\/api.w.org\/{rel}","templated":true}]}}

Inicio curso 2025-26: jornada de mañana

<p>Desde el 9 al 19 de septiembre el alumnado de entre HH3 y LH6 estará en jornada de mañana (hasta la hora de comer). En el caso de DBH, solo el primer día (9 de septiembre) será de jornada corta (10:00-12:00). La Haur Eskola y HH2 tienen su propio calendario de comienzo de curso por motivo del periodo de adaptación.</p>



<p>En lo que se refiere a los servicios de HH y LH, tened en cuenta:</p>



<ul>
<li>El txoko de custodia y el servicio de comedor se ofrecerán desde el primer día y serán los habituales (iguales que durante todo el curso). <a href="https://oreretaikastola.eus/es/familias/servicios-contratados/#comedorzuriunea">Ver aquí los detalles</a>.</li>



<li>A los alumnos y alumnas de HH que se queden en el comedor se debe recoger entre las 14:30 y las 15:00 horas.</li>



<li>Las y los alumnos de LH que se queden en el comedor bajarán en autobús a sus paradas habituales de la subida de la mañana, entre las 15:10 y las 15:30 horas. Las y los alumnos que no son usuarios del servicio de transporte bajarán a la parada de Tulle. Las familias que lo deseen y/o puedan pueden recoger a sus hijos e hijas en Añabitarte.</li>



<li>El servicio de transporte de la mañana y el mediodía (antes del comedor) será el habitual (<a href="https://oreretaikastola.eus/es/familias/servicios-contratados/#transportezuriunea">consultar paradas y horarios</a>). </li>
</ul>
