{"id":72996,"date":"2025-06-23T09:57:31","date_gmt":"2025-06-23T08:57:31","guid":{"rendered":"https:\/\/oreretaikastola.eus\/ekitaldiak\/hh2-aurkezpen-bilera-2\/"},"modified":"2025-06-23T10:02:57","modified_gmt":"2025-06-23T09:02:57","slug":"hh2-reunion-de-presentacion-25-26","status":"publish","type":"ekitaldia","link":"https:\/\/oreretaikastola.eus\/es\/ekitaldiak\/hh2-reunion-de-presentacion-25-26\/","title":{"rendered":"[HH2] Reuni\u00f3n de presentaci\u00f3n"},"content":{"rendered":"\n<p>Se celebrar\u00e1 una reuni\u00f3n de presentaci\u00f3n con las familias de HH2 para hablar sobre la Ikastola, sobre nuestro proyecto pedag\u00f3gico y sobre el funcionamiento del inicio del nuevo curso (periodo de adaptaci\u00f3n&#8230;).<\/p>\n","protected":false},"featured_media":0,"parent":0,"template":"","ekitaldi_etiketa":[],"ekitaldi_kategoria":[232],"acf":[],"_links":{"self":[{"href":"https:\/\/oreretaikastola.eus\/es\/wp-json\/wp\/v2\/ekitaldia\/72996"}],"collection":[{"href":"https:\/\/oreretaikastola.eus\/es\/wp-json\/wp\/v2\/ekitaldia"}],"about":[{"href":"https:\/\/oreretaikastola.eus\/es\/wp-json\/wp\/v2\/types\/ekitaldia"}],"wp:attachment":[{"href":"https:\/\/oreretaikastola.eus\/es\/wp-json\/wp\/v2\/media?parent=72996"}],"wp:term":[{"taxonomy":"ekitaldi_etiketa","embeddable":true,"href":"https:\/\/oreretaikastola.eus\/es\/wp-json\/wp\/v2\/ekitaldi_etiketa?post=72996"},{"taxonomy":"ekitaldi_kategoria","embeddable":true,"href":"https:\/\/oreretaikastola.eus\/es\/wp-json\/wp\/v2\/ekitaldi_kategoria?post=72996"}],"curies":[{"name":"wp","href":"https:\/\/api.w.org\/{rel}","templated":true}]}}

[HH2] Reunión de presentación

<p>Se celebrará una reunión de presentación con las familias de HH2 para hablar sobre la Ikastola, sobre nuestro proyecto pedagógico y sobre el funcionamiento del inicio del nuevo curso (periodo de adaptación&#8230;).</p>
