{"id":72518,"date":"2025-06-09T09:52:24","date_gmt":"2025-06-09T08:52:24","guid":{"rendered":"https:\/\/oreretaikastola.eus\/ekitaldiak\/lh6-dbhko-eraikina-eta-irakaslegoa-ezagutzeko-bisita\/"},"modified":"2025-06-09T09:55:36","modified_gmt":"2025-06-09T08:55:36","slug":"lh6-visita-para-conocer-el-edificio-y-el-profesorado-de-dbh","status":"publish","type":"ekitaldia","link":"https:\/\/oreretaikastola.eus\/es\/ekitaldiak\/lh6-visita-para-conocer-el-edificio-y-el-profesorado-de-dbh\/","title":{"rendered":"[LH6] Visita para conocer el edificio y el profesorado de DBH"},"content":{"rendered":"\n<p>El alumnado de LH6 realizar\u00e1 una visita al edificio de DBH para conocer el propio edificio, al profesorado y a los alumnos y alumnas m\u00e1s mayores que tendr\u00e1n como compa\u00f1eros y compa\u00f1eras el pr\u00f3ximo curso.<\/p>\n","protected":false},"featured_media":0,"parent":0,"template":"","ekitaldi_etiketa":[],"ekitaldi_kategoria":[232],"acf":[],"_links":{"self":[{"href":"https:\/\/oreretaikastola.eus\/es\/wp-json\/wp\/v2\/ekitaldia\/72518"}],"collection":[{"href":"https:\/\/oreretaikastola.eus\/es\/wp-json\/wp\/v2\/ekitaldia"}],"about":[{"href":"https:\/\/oreretaikastola.eus\/es\/wp-json\/wp\/v2\/types\/ekitaldia"}],"wp:attachment":[{"href":"https:\/\/oreretaikastola.eus\/es\/wp-json\/wp\/v2\/media?parent=72518"}],"wp:term":[{"taxonomy":"ekitaldi_etiketa","embeddable":true,"href":"https:\/\/oreretaikastola.eus\/es\/wp-json\/wp\/v2\/ekitaldi_etiketa?post=72518"},{"taxonomy":"ekitaldi_kategoria","embeddable":true,"href":"https:\/\/oreretaikastola.eus\/es\/wp-json\/wp\/v2\/ekitaldi_kategoria?post=72518"}],"curies":[{"name":"wp","href":"https:\/\/api.w.org\/{rel}","templated":true}]}}

<p>El alumnado de LH6 realizará una visita al edificio de DBH para conocer el propio edificio, al profesorado y a los alumnos y alumnas más mayores que tendrán como compañeros y compañeras el próximo curso.</p>
