{"id":72108,"date":"2025-05-27T22:16:21","date_gmt":"2025-05-27T21:16:21","guid":{"rendered":"https:\/\/oreretaikastola.eus\/ekitaldiak\/ikastolaren-eguna-2025\/"},"modified":"2025-05-28T12:57:33","modified_gmt":"2025-05-28T11:57:33","slug":"ikastolaren-eguna-2025","status":"publish","type":"ekitaldia","link":"https:\/\/oreretaikastola.eus\/es\/ekitaldiak\/ikastolaren-eguna-2025\/","title":{"rendered":"Ikastolaren Eguna 2025"},"content":{"rendered":"\n<p>\u00a1Est\u00e1 a punto llegar la <strong>Ikastola Eguna<\/strong>! Alumnas y alumnos, madres y padres, abuelas y abuelos, t\u00edas y t\u00edos, ex alumnas y alumnos, ex madres y padres, socias y socios, trabajadoras y trabajadores; absolutamente todos est\u00e1is invitados. Apuntad la cita en la agenda.<\/p>\n\n\n\n<div class=\"wp-block-columns is-layout-flex wp-container-5 wp-block-columns-is-layout-flex\">\n<div class=\"wp-block-column is-layout-flow wp-block-column-is-layout-flow\">\n<div class=\"wp-block-buttons is-layout-flex wp-block-buttons-is-layout-flex\">\n<div class=\"wp-block-button has-custom-width wp-block-button__width-100 has-custom-font-size has-small-font-size\"><a class=\"wp-block-button__link has-background wp-element-button\" href=\"https:\/\/oreretaikastola.eus\/es\/ekitaldiak\/ikastolaren-eguna-2025-personas-voluntarias-para-trabajar\/\" style=\"border-radius:10px;background-color:#a91836\">Inscr\u00edbete para trabajar como voluntario<\/a><\/div>\n<\/div>\n<\/div>\n\n\n\n<div class=\"wp-block-column is-layout-flow wp-block-column-is-layout-flow\">\n<div class=\"wp-block-buttons is-layout-flex wp-block-buttons-is-layout-flex\">\n<div class=\"wp-block-button has-custom-width wp-block-button__width-100 has-custom-font-size has-small-font-size\"><a class=\"wp-block-button__link has-background wp-element-button\" href=\"https:\/\/oreretaikastola.eus\/familiak\/ikastola-eguna-2025-goizeko-ikuskizunean-izen-ematea\/\" style=\"border-radius:10px;background-color:#a91836\">Participa en la funci\u00f3n matinal<\/a><\/div>\n<\/div>\n<\/div>\n<\/div>\n\n\n\n<hr class=\"wp-block-separator has-css-opacity\"\/>\n\n\n\n<h2 class=\"wp-block-heading has-text-align-center\"><strong>PROGRAMA<\/strong><\/h2>\n\n\n\n<hr class=\"wp-block-separator has-css-opacity\"\/>\n\n\n<div class=\"wp-block-image\">\n<figure data-tanit-img-width=\"1562\" data-tanit-img-height=\"2560\" class=\"aligncenter size-large\"><a href=\"\/app\/uploads\/2025\/05\/Ikastola-Eguna-2025-egitaraua-cas-scaled.jpg\"><img decoding=\"async\" loading=\"lazy\" width=\"625\" height=\"1024\" src=\"\/app\/uploads\/2025\/05\/Ikastola-Eguna-2025-egitaraua-cas-625x1024.jpg\" alt=\"\" class=\"wp-image-72127\" srcset=\"\/app\/uploads\/2025\/05\/Ikastola-Eguna-2025-egitaraua-cas-625x1024.jpg 625w, \/app\/uploads\/2025\/05\/Ikastola-Eguna-2025-egitaraua-cas-183x300.jpg 183w, \/app\/uploads\/2025\/05\/Ikastola-Eguna-2025-egitaraua-cas-768x1259.jpg 768w, \/app\/uploads\/2025\/05\/Ikastola-Eguna-2025-egitaraua-cas-937x1536.jpg 937w, \/app\/uploads\/2025\/05\/Ikastola-Eguna-2025-egitaraua-cas-1249x2048.jpg 1249w, \/app\/uploads\/2025\/05\/Ikastola-Eguna-2025-egitaraua-cas-1320x2164.jpg 1320w, \/app\/uploads\/2025\/05\/Ikastola-Eguna-2025-egitaraua-cas-scaled.jpg 1562w\" sizes=\"(max-width: 625px) 100vw, 625px\" \/><\/a><\/figure><\/div>\n\n\n<figure data-tanit-img-width=\"2560\" data-tanit-img-height=\"1914\" class=\"wp-block-image size-large\"><img decoding=\"async\" loading=\"lazy\" width=\"1024\" height=\"765\" src=\"\/app\/uploads\/2025\/05\/Ikastola-Eguna-2025-planoa-1024x765.jpg\" alt=\"\" class=\"wp-image-72126\" srcset=\"\/app\/uploads\/2025\/05\/Ikastola-Eguna-2025-planoa-1024x765.jpg 1024w, \/app\/uploads\/2025\/05\/Ikastola-Eguna-2025-planoa-300x224.jpg 300w, \/app\/uploads\/2025\/05\/Ikastola-Eguna-2025-planoa-768x574.jpg 768w, \/app\/uploads\/2025\/05\/Ikastola-Eguna-2025-planoa-1536x1148.jpg 1536w, \/app\/uploads\/2025\/05\/Ikastola-Eguna-2025-planoa-2048x1531.jpg 2048w, \/app\/uploads\/2025\/05\/Ikastola-Eguna-2025-planoa-1320x987.jpg 1320w\" sizes=\"(max-width: 1024px) 100vw, 1024px\" \/><\/figure>\n","protected":false},"featured_media":40066,"parent":0,"template":"","ekitaldi_etiketa":[],"ekitaldi_kategoria":[232,153],"acf":[],"_links":{"self":[{"href":"https:\/\/oreretaikastola.eus\/es\/wp-json\/wp\/v2\/ekitaldia\/72108"}],"collection":[{"href":"https:\/\/oreretaikastola.eus\/es\/wp-json\/wp\/v2\/ekitaldia"}],"about":[{"href":"https:\/\/oreretaikastola.eus\/es\/wp-json\/wp\/v2\/types\/ekitaldia"}],"wp:featuredmedia":[{"embeddable":true,"href":"https:\/\/oreretaikastola.eus\/es\/wp-json\/wp\/v2\/media\/40066"}],"wp:attachment":[{"href":"https:\/\/oreretaikastola.eus\/es\/wp-json\/wp\/v2\/media?parent=72108"}],"wp:term":[{"taxonomy":"ekitaldi_etiketa","embeddable":true,"href":"https:\/\/oreretaikastola.eus\/es\/wp-json\/wp\/v2\/ekitaldi_etiketa?post=72108"},{"taxonomy":"ekitaldi_kategoria","embeddable":true,"href":"https:\/\/oreretaikastola.eus\/es\/wp-json\/wp\/v2\/ekitaldi_kategoria?post=72108"}],"curies":[{"name":"wp","href":"https:\/\/api.w.org\/{rel}","templated":true}]}}

<p>¡Está a punto llegar la <strong>Ikastola Eguna</strong>! Alumnas y alumnos, madres y padres, abuelas y abuelos, tías y tíos, ex alumnas y alumnos, ex madres y padres, socias y socios, trabajadoras y trabajadores; absolutamente todos estáis invitados. Apuntad la cita en la agenda.</p>



<div class="wp-block-columns is-layout-flex wp-container-5 wp-block-columns-is-layout-flex">
<div class="wp-block-column is-layout-flow wp-block-column-is-layout-flow">
<div class="wp-block-buttons is-layout-flex wp-block-buttons-is-layout-flex">
<div class="wp-block-button has-custom-width wp-block-button__width-100 has-custom-font-size has-small-font-size"><a class="wp-block-button__link has-background wp-element-button" href="https://oreretaikastola.eus/es/ekitaldiak/ikastolaren-eguna-2025-personas-voluntarias-para-trabajar/" style="border-radius:10px;background-color:#a91836">Inscríbete para trabajar como voluntario</a></div>
</div>
</div>



<div class="wp-block-column is-layout-flow wp-block-column-is-layout-flow">
<div class="wp-block-buttons is-layout-flex wp-block-buttons-is-layout-flex">
<div class="wp-block-button has-custom-width wp-block-button__width-100 has-custom-font-size has-small-font-size"><a class="wp-block-button__link has-background wp-element-button" href="https://oreretaikastola.eus/familiak/ikastola-eguna-2025-goizeko-ikuskizunean-izen-ematea/" style="border-radius:10px;background-color:#a91836">Participa en la función matinal</a></div>
</div>
</div>
</div>



<hr class="wp-block-separator has-css-opacity"/>



<h2 class="wp-block-heading has-text-align-center"><strong>PROGRAMA</strong></h2>



<hr class="wp-block-separator has-css-opacity"/>


<div class="wp-block-image">
<figure data-tanit-img-width="1562" data-tanit-img-height="2560" class="aligncenter size-large"><a href="/app/uploads/2025/05/Ikastola-Eguna-2025-egitaraua-cas-scaled.jpg"><img decoding="async" loading="lazy" width="625" height="1024" src="/app/uploads/2025/05/Ikastola-Eguna-2025-egitaraua-cas-625x1024.jpg" alt="" class="wp-image-72127" srcset="/app/uploads/2025/05/Ikastola-Eguna-2025-egitaraua-cas-625x1024.jpg 625w, /app/uploads/2025/05/Ikastola-Eguna-2025-egitaraua-cas-183x300.jpg 183w, /app/uploads/2025/05/Ikastola-Eguna-2025-egitaraua-cas-768x1259.jpg 768w, /app/uploads/2025/05/Ikastola-Eguna-2025-egitaraua-cas-937x1536.jpg 937w, /app/uploads/2025/05/Ikastola-Eguna-2025-egitaraua-cas-1249x2048.jpg 1249w, /app/uploads/2025/05/Ikastola-Eguna-2025-egitaraua-cas-1320x2164.jpg 1320w, /app/uploads/2025/05/Ikastola-Eguna-2025-egitaraua-cas-scaled.jpg 1562w" sizes="(max-width: 625px) 100vw, 625px" /></a></figure></div>


<figure data-tanit-img-width="2560" data-tanit-img-height="1914" class="wp-block-image size-large"><img decoding="async" loading="lazy" width="1024" height="765" src="/app/uploads/2025/05/Ikastola-Eguna-2025-planoa-1024x765.jpg" alt="" class="wp-image-72126" srcset="/app/uploads/2025/05/Ikastola-Eguna-2025-planoa-1024x765.jpg 1024w, /app/uploads/2025/05/Ikastola-Eguna-2025-planoa-300x224.jpg 300w, /app/uploads/2025/05/Ikastola-Eguna-2025-planoa-768x574.jpg 768w, /app/uploads/2025/05/Ikastola-Eguna-2025-planoa-1536x1148.jpg 1536w, /app/uploads/2025/05/Ikastola-Eguna-2025-planoa-2048x1531.jpg 2048w, /app/uploads/2025/05/Ikastola-Eguna-2025-planoa-1320x987.jpg 1320w" sizes="(max-width: 1024px) 100vw, 1024px" /></figure>
