{"id":71943,"date":"2025-05-20T11:04:56","date_gmt":"2025-05-20T10:04:56","guid":{"rendered":"https:\/\/oreretaikastola.eus\/ekitaldiak\/dbh1-erasmus-elkartrukea\/"},"modified":"2025-05-20T11:18:53","modified_gmt":"2025-05-20T10:18:53","slug":"dbh1-erasmus-elkartrukea","status":"publish","type":"ekitaldia","link":"https:\/\/oreretaikastola.eus\/es\/ekitaldiak\/dbh1-erasmus-elkartrukea\/","title":{"rendered":"[DBH1] Erasmus+ intercambio"},"content":{"rendered":"\n<p>Este a\u00f1o por primera vez, vamos a intentar construir puentes tambi\u00e9n fuera de Euskal Herria con el alumnado de DBH1: nos vendr\u00e1n a visitar alumnas y alumnos de la ciudad de Brno de la Rep\u00fablica Checa. La visita ser\u00e1 entre el 20 y 23 de mayo, y el objetivo principal es analizar y profundizar en el conocimiento que tenemos de nuestro patrimonio; sobre todo en el conocimiento del patrimonio de la UNESCO.<\/p>\n\n\n\n<ul>\n<li>20 de mayo: recepci\u00f3n en A\u00f1abitarte y <a href=\"https:\/\/albaola.org\/\" target=\"_blank\" rel=\"noreferrer noopener\">Albaola Itsas Kultur Faktoria<\/a><\/li>\n\n\n\n<li>21 de mayo: <a href=\"https:\/\/www.igartubeitibaserria.eus\/es?set_language=es\" target=\"_blank\" rel=\"noreferrer noopener\">Igartubeiti Baserri Museoa<\/a> y <a href=\"https:\/\/www.ekainberri.eus\/\" target=\"_blank\" rel=\"noreferrer noopener\">Ekainberri<\/a><\/li>\n\n\n\n<li>22 de mayo: <a href=\"https:\/\/geoparkea.eus\/es\/\">Geoparkea<\/a> y <a href=\"https:\/\/urederra.amescoa.com\/\">Urederra<\/a> (noche en Urbasa)<\/li>\n\n\n\n<li>23 de mayo: <a href=\"https:\/\/www.guggenheim-bilbao.eus\/\" target=\"_blank\" rel=\"noreferrer noopener\">Guggenheim Museoa<\/a><\/li>\n<\/ul>\n","protected":false},"featured_media":0,"parent":0,"template":"","ekitaldi_etiketa":[1114],"ekitaldi_kategoria":[184,232,153],"acf":[],"_links":{"self":[{"href":"https:\/\/oreretaikastola.eus\/es\/wp-json\/wp\/v2\/ekitaldia\/71943"}],"collection":[{"href":"https:\/\/oreretaikastola.eus\/es\/wp-json\/wp\/v2\/ekitaldia"}],"about":[{"href":"https:\/\/oreretaikastola.eus\/es\/wp-json\/wp\/v2\/types\/ekitaldia"}],"wp:attachment":[{"href":"https:\/\/oreretaikastola.eus\/es\/wp-json\/wp\/v2\/media?parent=71943"}],"wp:term":[{"taxonomy":"ekitaldi_etiketa","embeddable":true,"href":"https:\/\/oreretaikastola.eus\/es\/wp-json\/wp\/v2\/ekitaldi_etiketa?post=71943"},{"taxonomy":"ekitaldi_kategoria","embeddable":true,"href":"https:\/\/oreretaikastola.eus\/es\/wp-json\/wp\/v2\/ekitaldi_kategoria?post=71943"}],"curies":[{"name":"wp","href":"https:\/\/api.w.org\/{rel}","templated":true}]}}

<p>Este año por primera vez, vamos a intentar construir puentes también fuera de Euskal Herria con el alumnado de DBH1: nos vendrán a visitar alumnas y alumnos de la ciudad de Brno de la República Checa. La visita será entre el 20 y 23 de mayo, y el objetivo principal es analizar y profundizar en el conocimiento que tenemos de nuestro patrimonio; sobre todo en el conocimiento del patrimonio de la UNESCO.</p>



<ul>
<li>20 de mayo: recepción en Añabitarte y <a href="https://albaola.org/" target="_blank" rel="noreferrer noopener">Albaola Itsas Kultur Faktoria</a></li>



<li>21 de mayo: <a href="https://www.igartubeitibaserria.eus/es?set_language=es" target="_blank" rel="noreferrer noopener">Igartubeiti Baserri Museoa</a> y <a href="https://www.ekainberri.eus/" target="_blank" rel="noreferrer noopener">Ekainberri</a></li>



<li>22 de mayo: <a href="https://geoparkea.eus/es/">Geoparkea</a> y <a href="https://urederra.amescoa.com/">Urederra</a> (noche en Urbasa)</li>



<li>23 de mayo: <a href="https://www.guggenheim-bilbao.eus/" target="_blank" rel="noreferrer noopener">Guggenheim Museoa</a></li>
</ul>
