{"id":71759,"date":"2025-05-12T23:25:30","date_gmt":"2025-05-12T22:25:30","guid":{"rendered":"https:\/\/oreretaikastola.eus\/ekitaldiak\/lh-zubiak-eraikiz-egun-pasa-anabitarten-hendaia-eta-ziburuko-ikastoletako-ikaskideekin\/"},"modified":"2025-05-12T23:32:14","modified_gmt":"2025-05-12T22:32:14","slug":"lh-zubiak-eraikiz-dia-en-anabitarte-con-las-y-los-companeros-de-hendaia-y-ziburu","status":"publish","type":"ekitaldia","link":"https:\/\/oreretaikastola.eus\/es\/ekitaldiak\/lh-zubiak-eraikiz-dia-en-anabitarte-con-las-y-los-companeros-de-hendaia-y-ziburu\/","title":{"rendered":"[LH] Zubiak Eraikiz: d\u00eda en A\u00f1abitarte con las y los compa\u00f1eros de Hendaia y Ziburu"},"content":{"rendered":"\n<p>Gracias al proyecto <a href=\"https:\/\/oreretaikastola.eus\/es\/iniciativas-populares\/\"><strong>Zubiak Eraikiz<\/strong><\/a>, varios alumnos y alumnas de HH, LH y DBH tienen relaci\u00f3n con sus compa\u00f1eros y compa\u00f1eras de las <strong>Ikastolas <\/strong>de Hendaia, Ziburu y Biriatou de Lapurdi, y con los de Bera y Lesaka de Nafarroa. <\/p>\n\n\n\n<p>El pasado 7 de abril las aulas de LH que tienen compa\u00f1eros y compa\u00f1eras de Zubiak Eraikiz fueron a Hendaia y Ziburu a pasar el d\u00eda, y en esta ocasi\u00f3n ser\u00e1n las y los amigos de Gure Ikastola (Hendaia) y Kaskarotenea (Ziburu) quienes vendr\u00e1n de visita a A\u00f1abitarte.<\/p>\n","protected":false},"featured_media":0,"parent":0,"template":"","ekitaldi_etiketa":[],"ekitaldi_kategoria":[232],"acf":[],"_links":{"self":[{"href":"https:\/\/oreretaikastola.eus\/es\/wp-json\/wp\/v2\/ekitaldia\/71759"}],"collection":[{"href":"https:\/\/oreretaikastola.eus\/es\/wp-json\/wp\/v2\/ekitaldia"}],"about":[{"href":"https:\/\/oreretaikastola.eus\/es\/wp-json\/wp\/v2\/types\/ekitaldia"}],"wp:attachment":[{"href":"https:\/\/oreretaikastola.eus\/es\/wp-json\/wp\/v2\/media?parent=71759"}],"wp:term":[{"taxonomy":"ekitaldi_etiketa","embeddable":true,"href":"https:\/\/oreretaikastola.eus\/es\/wp-json\/wp\/v2\/ekitaldi_etiketa?post=71759"},{"taxonomy":"ekitaldi_kategoria","embeddable":true,"href":"https:\/\/oreretaikastola.eus\/es\/wp-json\/wp\/v2\/ekitaldi_kategoria?post=71759"}],"curies":[{"name":"wp","href":"https:\/\/api.w.org\/{rel}","templated":true}]}}

[LH] Zubiak Eraikiz: día en Añabitarte con las y los compañeros de Hendaia y Ziburu

<p>Gracias al proyecto <a href="https://oreretaikastola.eus/es/iniciativas-populares/"><strong>Zubiak Eraikiz</strong></a>, varios alumnos y alumnas de HH, LH y DBH tienen relación con sus compañeros y compañeras de las <strong>Ikastolas </strong>de Hendaia, Ziburu y Biriatou de Lapurdi, y con los de Bera y Lesaka de Nafarroa. </p>



<p>El pasado 7 de abril las aulas de LH que tienen compañeros y compañeras de Zubiak Eraikiz fueron a Hendaia y Ziburu a pasar el día, y en esta ocasión serán las y los amigos de Gure Ikastola (Hendaia) y Kaskarotenea (Ziburu) quienes vendrán de visita a Añabitarte.</p>
