{"id":71744,"date":"2025-05-12T22:47:33","date_gmt":"2025-05-12T21:47:33","guid":{"rendered":"https:\/\/oreretaikastola.eus\/ekitaldiak\/lh1-lh3-musikaste-kontzertua\/"},"modified":"2025-05-12T22:49:47","modified_gmt":"2025-05-12T21:49:47","slug":"lh1-lh3-concierto-musikaste","status":"publish","type":"ekitaldia","link":"https:\/\/oreretaikastola.eus\/es\/ekitaldiak\/lh1-lh3-concierto-musikaste\/","title":{"rendered":"[LH1-LH3] Concierto Musikaste"},"content":{"rendered":"\n<p>Dentro del programa de la Semana de la M\u00fasica Vasca que organiza la asociaci\u00f3n Eresbil, el alumnado de LH1, LH2 y LH3 disfrutar\u00e1 de los conciertos did\u00e1cticos organizados para los centros escolares en Lekuona Fabrika.<\/p>\n","protected":false},"featured_media":0,"parent":0,"template":"","ekitaldi_etiketa":[],"ekitaldi_kategoria":[232],"acf":[],"_links":{"self":[{"href":"https:\/\/oreretaikastola.eus\/es\/wp-json\/wp\/v2\/ekitaldia\/71744"}],"collection":[{"href":"https:\/\/oreretaikastola.eus\/es\/wp-json\/wp\/v2\/ekitaldia"}],"about":[{"href":"https:\/\/oreretaikastola.eus\/es\/wp-json\/wp\/v2\/types\/ekitaldia"}],"wp:attachment":[{"href":"https:\/\/oreretaikastola.eus\/es\/wp-json\/wp\/v2\/media?parent=71744"}],"wp:term":[{"taxonomy":"ekitaldi_etiketa","embeddable":true,"href":"https:\/\/oreretaikastola.eus\/es\/wp-json\/wp\/v2\/ekitaldi_etiketa?post=71744"},{"taxonomy":"ekitaldi_kategoria","embeddable":true,"href":"https:\/\/oreretaikastola.eus\/es\/wp-json\/wp\/v2\/ekitaldi_kategoria?post=71744"}],"curies":[{"name":"wp","href":"https:\/\/api.w.org\/{rel}","templated":true}]}}

<p>Dentro del programa de la Semana de la Música Vasca que organiza la asociación Eresbil, el alumnado de LH1, LH2 y LH3 disfrutará de los conciertos didácticos organizados para los centros escolares en Lekuona Fabrika.</p>
