{"id":71722,"date":"2025-05-12T21:23:54","date_gmt":"2025-05-12T20:23:54","guid":{"rendered":"https:\/\/oreretaikastola.eus\/ekitaldiak\/ikastolaren-eguna-2025-lanerako-boluntario-eskaera\/"},"modified":"2025-05-12T21:39:57","modified_gmt":"2025-05-12T20:39:57","slug":"ikastolaren-eguna-2025-personas-voluntarias-para-trabajar","status":"publish","type":"ekitaldia","link":"https:\/\/oreretaikastola.eus\/es\/ekitaldiak\/ikastolaren-eguna-2025-personas-voluntarias-para-trabajar\/","title":{"rendered":"Ikastolaren Eguna 2025: personas voluntarias para trabajar"},"content":{"rendered":"\n<p>\u00a1Est\u00e1 a punto llegar la <strong>Ikastola Eguna<\/strong>! Alumnas y alumnos, madres y padres, abuelas y abuelos, t\u00edas y t\u00edos, ex alumnas y alumnos, ex madres y padres, socias y socios, trabajadoras y trabajadores; absolutamente todos est\u00e1is invitados. Apuntad la cita en la agenda.<\/p>\n\n\n\n<p>Estamos organizando el d\u00eda que todos los a\u00f1os marcamos en rojo en nuestro calendario, y para llevarlo a cabo, necesitamos la colaboraci\u00f3n, especialmente, de las familias de HH5, LH3 y DBH1 (tal y como est\u00e1 establecido en el <a href=\"https:\/\/oreretaikastola.eus\/es\/participacion-de-los-padres-y-madres-en-la-organizacion-de-iniciativas-ciudadanas\/\">reparto de labores de las familias de la Ikastola<\/a>). Rellenad el formulario inferior especificando en qu\u00e9 pod\u00e9is ayudar. \u00a1Animaos!<\/p>\n\n\n\n<div style=\"height:50px\" aria-hidden=\"true\" class=\"wp-block-spacer\"><\/div>\n\n\n\n<hr class=\"wp-block-separator has-alpha-channel-opacity\"\/>\n\n\n","protected":false},"featured_media":0,"parent":0,"template":"","ekitaldi_etiketa":[],"ekitaldi_kategoria":[232],"acf":[],"_links":{"self":[{"href":"https:\/\/oreretaikastola.eus\/es\/wp-json\/wp\/v2\/ekitaldia\/71722"}],"collection":[{"href":"https:\/\/oreretaikastola.eus\/es\/wp-json\/wp\/v2\/ekitaldia"}],"about":[{"href":"https:\/\/oreretaikastola.eus\/es\/wp-json\/wp\/v2\/types\/ekitaldia"}],"wp:attachment":[{"href":"https:\/\/oreretaikastola.eus\/es\/wp-json\/wp\/v2\/media?parent=71722"}],"wp:term":[{"taxonomy":"ekitaldi_etiketa","embeddable":true,"href":"https:\/\/oreretaikastola.eus\/es\/wp-json\/wp\/v2\/ekitaldi_etiketa?post=71722"},{"taxonomy":"ekitaldi_kategoria","embeddable":true,"href":"https:\/\/oreretaikastola.eus\/es\/wp-json\/wp\/v2\/ekitaldi_kategoria?post=71722"}],"curies":[{"name":"wp","href":"https:\/\/api.w.org\/{rel}","templated":true}]}}

<p>¡Está a punto llegar la <strong>Ikastola Eguna</strong>! Alumnas y alumnos, madres y padres, abuelas y abuelos, tías y tíos, ex alumnas y alumnos, ex madres y padres, socias y socios, trabajadoras y trabajadores; absolutamente todos estáis invitados. Apuntad la cita en la agenda.</p>



<p>Estamos organizando el día que todos los años marcamos en rojo en nuestro calendario, y para llevarlo a cabo, necesitamos la colaboración, especialmente, de las familias de HH5, LH3 y DBH1 (tal y como está establecido en el <a href="https://oreretaikastola.eus/es/participacion-de-los-padres-y-madres-en-la-organizacion-de-iniciativas-ciudadanas/">reparto de labores de las familias de la Ikastola</a>). Rellenad el formulario inferior especificando en qué podéis ayudar. ¡Animaos!</p>



<div style="height:50px" aria-hidden="true" class="wp-block-spacer"></div>



<hr class="wp-block-separator has-alpha-channel-opacity"/>
