{"id":71265,"date":"2025-04-30T11:06:05","date_gmt":"2025-04-30T10:06:05","guid":{"rendered":"https:\/\/oreretaikastola.eus\/ekitaldiak\/ikastola-eguna-lehen-prestaketa-bilera\/"},"modified":"2025-04-30T11:09:18","modified_gmt":"2025-04-30T10:09:18","slug":"ikastola-eguna-primera-reunion-de-organizacion","status":"publish","type":"ekitaldia","link":"https:\/\/oreretaikastola.eus\/es\/ekitaldiak\/ikastola-eguna-primera-reunion-de-organizacion\/","title":{"rendered":"Ikastola eguna: primera reuni\u00f3n de organizaci\u00f3n"},"content":{"rendered":"\n<p>Ya hemos comenzado el 3\u00ba trimestre y la Ikastola Eguna es una de las grandes citas del mismo. Vamos a realizar la primera reuni\u00f3n de organizaci\u00f3n, y al igual que a participar en la Ikastola Eguna, todas las familias tambi\u00e9n est\u00e1n invitadas a organizarla, a acudir a la reuni\u00f3n del 7 de mayo \u00a1Toda aportaci\u00f3n y ayuda ser\u00e1 bienvenida y agradecida!<\/p>\n","protected":false},"featured_media":0,"parent":0,"template":"","ekitaldi_etiketa":[1101],"ekitaldi_kategoria":[232],"acf":[],"_links":{"self":[{"href":"https:\/\/oreretaikastola.eus\/es\/wp-json\/wp\/v2\/ekitaldia\/71265"}],"collection":[{"href":"https:\/\/oreretaikastola.eus\/es\/wp-json\/wp\/v2\/ekitaldia"}],"about":[{"href":"https:\/\/oreretaikastola.eus\/es\/wp-json\/wp\/v2\/types\/ekitaldia"}],"wp:attachment":[{"href":"https:\/\/oreretaikastola.eus\/es\/wp-json\/wp\/v2\/media?parent=71265"}],"wp:term":[{"taxonomy":"ekitaldi_etiketa","embeddable":true,"href":"https:\/\/oreretaikastola.eus\/es\/wp-json\/wp\/v2\/ekitaldi_etiketa?post=71265"},{"taxonomy":"ekitaldi_kategoria","embeddable":true,"href":"https:\/\/oreretaikastola.eus\/es\/wp-json\/wp\/v2\/ekitaldi_kategoria?post=71265"}],"curies":[{"name":"wp","href":"https:\/\/api.w.org\/{rel}","templated":true}]}}

Ikastola eguna: primera reunión de organización

<p>Ya hemos comenzado el 3º trimestre y la Ikastola Eguna es una de las grandes citas del mismo. Vamos a realizar la primera reunión de organización, y al igual que a participar en la Ikastola Eguna, todas las familias también están invitadas a organizarla, a acudir a la reunión del 7 de mayo ¡Toda aportación y ayuda será bienvenida y agradecida!</p>
