{"id":70779,"date":"2025-04-04T13:23:30","date_gmt":"2025-04-04T12:23:30","guid":{"rendered":"https:\/\/oreretaikastola.eus\/ekitaldiak\/dbh4-cebanc-ikastetxera-bisita\/"},"modified":"2025-04-04T13:27:59","modified_gmt":"2025-04-04T12:27:59","slug":"dbh4-visita-al-centro-cebanc","status":"publish","type":"ekitaldia","link":"https:\/\/oreretaikastola.eus\/es\/ekitaldiak\/dbh4-visita-al-centro-cebanc\/","title":{"rendered":"[DBH4] Visita al centro Cebanc"},"content":{"rendered":"\n<p>Unido a las sesiones de orientaci\u00f3n e itinerarios acad\u00e9micos del pr\u00f3ximo curso, varios alumnos y alumnas de DBH4 visitar\u00e1n el <a href=\"https:\/\/www.cebanc.com\/\" target=\"_blank\" rel=\"noreferrer noopener\">centro Cebanc<\/a> de Donostia.<\/p>\n","protected":false},"featured_media":0,"parent":0,"template":"","ekitaldi_etiketa":[],"ekitaldi_kategoria":[232],"acf":[],"_links":{"self":[{"href":"https:\/\/oreretaikastola.eus\/es\/wp-json\/wp\/v2\/ekitaldia\/70779"}],"collection":[{"href":"https:\/\/oreretaikastola.eus\/es\/wp-json\/wp\/v2\/ekitaldia"}],"about":[{"href":"https:\/\/oreretaikastola.eus\/es\/wp-json\/wp\/v2\/types\/ekitaldia"}],"wp:attachment":[{"href":"https:\/\/oreretaikastola.eus\/es\/wp-json\/wp\/v2\/media?parent=70779"}],"wp:term":[{"taxonomy":"ekitaldi_etiketa","embeddable":true,"href":"https:\/\/oreretaikastola.eus\/es\/wp-json\/wp\/v2\/ekitaldi_etiketa?post=70779"},{"taxonomy":"ekitaldi_kategoria","embeddable":true,"href":"https:\/\/oreretaikastola.eus\/es\/wp-json\/wp\/v2\/ekitaldi_kategoria?post=70779"}],"curies":[{"name":"wp","href":"https:\/\/api.w.org\/{rel}","templated":true}]}}

<p>Unido a las sesiones de orientación e itinerarios académicos del próximo curso, varios alumnos y alumnas de DBH4 visitarán el <a href="https://www.cebanc.com/" target="_blank" rel="noreferrer noopener">centro Cebanc</a> de Donostia.</p>
