{"id":70586,"date":"2025-03-28T10:34:15","date_gmt":"2025-03-28T09:34:15","guid":{"rendered":"https:\/\/oreretaikastola.eus\/ekitaldiak\/dbh3-eusliderrak-proiektua\/"},"modified":"2025-03-28T10:41:15","modified_gmt":"2025-03-28T09:41:15","slug":"dbh3-proyecto-eusliderrak","status":"publish","type":"ekitaldia","link":"https:\/\/oreretaikastola.eus\/es\/ekitaldiak\/dbh3-proyecto-eusliderrak\/","title":{"rendered":"[DBH3] Proyecto Eusliderrak"},"content":{"rendered":"\n<p>El alumnado de DBH3 va a participar en el proyecto Eusliderrak. De la mano de <a rel=\"noreferrer noopener\" href=\"https:\/\/www.aek.eus\/es-es\/\" target=\"_blank\">AEK<\/a>, en la propia Ikastola, realizar\u00e1n sesiones para crear nuevos h\u00e1bitos ling\u00fc\u00edsticos. Su objetivo es proporcionar recursos y facilidades para un mayor uso del euskera. El taller se orienta de forma divertida, adaptada a los intereses del alumnado y manteniendo objetivos alcanzables en cada momento.<\/p>\n\n\n\n<p>Dentro de esta metodolog\u00eda, se trabaja con las y los j\u00f3venes la creaci\u00f3n de nuevos h\u00e1bitos ling\u00fc\u00edsticos, se trabajan actitudes hacia las lenguas (hacia el euskera y hacia otras lenguas), se les proporcionan herramientas para promover la transformaci\u00f3n y se contribuye a reforzar su liderazgo ling\u00fc\u00edstico. Se les ense\u00f1a a las y los j\u00f3venes que pueden utilizar el euskera en m\u00e1s lugares, que tambi\u00e9n pueden elegir ellas y ellos mismos, y que eso influye positivamente en la otra persona, es decir, que se le da tambi\u00e9n la oportunidad de utilizarlo o de aprenderlo.<\/p>\n\n\n\n<p>  <\/p>\n","protected":false},"featured_media":0,"parent":0,"template":"","ekitaldi_etiketa":[],"ekitaldi_kategoria":[184,232,153],"acf":[],"_links":{"self":[{"href":"https:\/\/oreretaikastola.eus\/es\/wp-json\/wp\/v2\/ekitaldia\/70586"}],"collection":[{"href":"https:\/\/oreretaikastola.eus\/es\/wp-json\/wp\/v2\/ekitaldia"}],"about":[{"href":"https:\/\/oreretaikastola.eus\/es\/wp-json\/wp\/v2\/types\/ekitaldia"}],"wp:attachment":[{"href":"https:\/\/oreretaikastola.eus\/es\/wp-json\/wp\/v2\/media?parent=70586"}],"wp:term":[{"taxonomy":"ekitaldi_etiketa","embeddable":true,"href":"https:\/\/oreretaikastola.eus\/es\/wp-json\/wp\/v2\/ekitaldi_etiketa?post=70586"},{"taxonomy":"ekitaldi_kategoria","embeddable":true,"href":"https:\/\/oreretaikastola.eus\/es\/wp-json\/wp\/v2\/ekitaldi_kategoria?post=70586"}],"curies":[{"name":"wp","href":"https:\/\/api.w.org\/{rel}","templated":true}]}}

<p>El alumnado de DBH3 va a participar en el proyecto Eusliderrak. De la mano de <a rel="noreferrer noopener" href="https://www.aek.eus/es-es/" target="_blank">AEK</a>, en la propia Ikastola, realizarán sesiones para crear nuevos hábitos lingüísticos. Su objetivo es proporcionar recursos y facilidades para un mayor uso del euskera. El taller se orienta de forma divertida, adaptada a los intereses del alumnado y manteniendo objetivos alcanzables en cada momento.</p>



<p>Dentro de esta metodología, se trabaja con las y los jóvenes la creación de nuevos hábitos lingüísticos, se trabajan actitudes hacia las lenguas (hacia el euskera y hacia otras lenguas), se les proporcionan herramientas para promover la transformación y se contribuye a reforzar su liderazgo lingüístico. Se les enseña a las y los jóvenes que pueden utilizar el euskera en más lugares, que también pueden elegir ellas y ellos mismos, y que eso influye positivamente en la otra persona, es decir, que se le da también la oportunidad de utilizarlo o de aprenderlo.</p>



<p>  </p>
