{"id":70578,"date":"2025-03-28T09:57:13","date_gmt":"2025-03-28T08:57:13","guid":{"rendered":"https:\/\/oreretaikastola.eus\/ekitaldiak\/dbh4-mus-saio-berezia-odei-barroso-bertsolari-eta-raperoarekin\/"},"modified":"2025-03-28T09:59:34","modified_gmt":"2025-03-28T08:59:34","slug":"dbh4-mus-sesion-especial-con-el-bertsolari-y-rapero-odei-barroso","status":"publish","type":"ekitaldia","link":"https:\/\/oreretaikastola.eus\/es\/ekitaldiak\/dbh4-mus-sesion-especial-con-el-bertsolari-y-rapero-odei-barroso\/","title":{"rendered":"[DBH4-MUS] Sesi\u00f3n especial con el bertsolari y rapero Odei Barroso"},"content":{"rendered":"\n<p>El alumnado de m\u00fasica de DBH4 realizar\u00e1 una sesi\u00f3n especial con el bertsolari y rapero urru\u00f1arra Odei Barroso. <\/p>\n","protected":false},"featured_media":0,"parent":0,"template":"","ekitaldi_etiketa":[],"ekitaldi_kategoria":[232],"acf":[],"_links":{"self":[{"href":"https:\/\/oreretaikastola.eus\/es\/wp-json\/wp\/v2\/ekitaldia\/70578"}],"collection":[{"href":"https:\/\/oreretaikastola.eus\/es\/wp-json\/wp\/v2\/ekitaldia"}],"about":[{"href":"https:\/\/oreretaikastola.eus\/es\/wp-json\/wp\/v2\/types\/ekitaldia"}],"wp:attachment":[{"href":"https:\/\/oreretaikastola.eus\/es\/wp-json\/wp\/v2\/media?parent=70578"}],"wp:term":[{"taxonomy":"ekitaldi_etiketa","embeddable":true,"href":"https:\/\/oreretaikastola.eus\/es\/wp-json\/wp\/v2\/ekitaldi_etiketa?post=70578"},{"taxonomy":"ekitaldi_kategoria","embeddable":true,"href":"https:\/\/oreretaikastola.eus\/es\/wp-json\/wp\/v2\/ekitaldi_kategoria?post=70578"}],"curies":[{"name":"wp","href":"https:\/\/api.w.org\/{rel}","templated":true}]}}

[DBH4-MUS] Sesión especial con el bertsolari y rapero Odei Barroso

<p>El alumnado de música de DBH4 realizará una sesión especial con el bertsolari y rapero urruñarra Odei Barroso. </p>
