{"id":70439,"date":"2025-03-26T09:52:17","date_gmt":"2025-03-26T08:52:17","guid":{"rendered":"https:\/\/oreretaikastola.eus\/ekitaldiak\/lh3-dbh4-urdaburu-2024-25-10-mendi-irteera\/"},"modified":"2025-03-26T09:58:42","modified_gmt":"2025-03-26T08:58:42","slug":"lh3-dbh4-urdaburu-2024-25-10a-excursion","status":"publish","type":"ekitaldia","link":"https:\/\/oreretaikastola.eus\/es\/ekitaldiak\/lh3-dbh4-urdaburu-2024-25-10a-excursion\/","title":{"rendered":"[LH3-DBH4] Urdaburu 2024-25: 10\u00aa excursi\u00f3n"},"content":{"rendered":"\n<p>La pr\u00f3xima de las excursiones del curso 2024-25 que la Ikastola organiza junto a Urdaburu Mendizale Elkartea se celebrar\u00e1 el 6 de abril. Se trata del recorrido de orientaci\u00f3n de Bizarain. La marcha se realizar\u00e1 en tres grupos. La excursi\u00f3n partir\u00e1 y llegar\u00e1 a la sede de Urdaburu. Es conveniente que al menos un miembro de cada grupo lleve br\u00fajula. Las y los padres no pueden participar en esta excursi\u00f3n.<\/p>\n\n\n\n<p><a href=\"\/app\/uploads\/2025\/03\/Orereta-Ikastola-Urdaburu-orientazio-ibilaldia-2025.pdf\">Aqu\u00ed dispon\u00e9is de m\u00e1s detalles<\/a>; y abajo ten\u00e9is el formulario de inscripci\u00f3n. El plazo para apuntarse finaliza el 2 de abril.<\/p>\n\n\n\n<div style=\"height:50px\" aria-hidden=\"true\" class=\"wp-block-spacer\"><\/div>\n\n\n\n<hr class=\"wp-block-separator has-alpha-channel-opacity\"\/>\n\n\n","protected":false},"featured_media":0,"parent":0,"template":"","ekitaldi_etiketa":[],"ekitaldi_kategoria":[232],"acf":[],"_links":{"self":[{"href":"https:\/\/oreretaikastola.eus\/es\/wp-json\/wp\/v2\/ekitaldia\/70439"}],"collection":[{"href":"https:\/\/oreretaikastola.eus\/es\/wp-json\/wp\/v2\/ekitaldia"}],"about":[{"href":"https:\/\/oreretaikastola.eus\/es\/wp-json\/wp\/v2\/types\/ekitaldia"}],"wp:attachment":[{"href":"https:\/\/oreretaikastola.eus\/es\/wp-json\/wp\/v2\/media?parent=70439"}],"wp:term":[{"taxonomy":"ekitaldi_etiketa","embeddable":true,"href":"https:\/\/oreretaikastola.eus\/es\/wp-json\/wp\/v2\/ekitaldi_etiketa?post=70439"},{"taxonomy":"ekitaldi_kategoria","embeddable":true,"href":"https:\/\/oreretaikastola.eus\/es\/wp-json\/wp\/v2\/ekitaldi_kategoria?post=70439"}],"curies":[{"name":"wp","href":"https:\/\/api.w.org\/{rel}","templated":true}]}}

[LH3-DBH4] Urdaburu 2024-25: 10ª excursión

<p>La próxima de las excursiones del curso 2024-25 que la Ikastola organiza junto a Urdaburu Mendizale Elkartea se celebrará el 6 de abril. Se trata del recorrido de orientación de Bizarain. La marcha se realizará en tres grupos. La excursión partirá y llegará a la sede de Urdaburu. Es conveniente que al menos un miembro de cada grupo lleve brújula. Las y los padres no pueden participar en esta excursión.</p>



<p><a href="/app/uploads/2025/03/Orereta-Ikastola-Urdaburu-orientazio-ibilaldia-2025.pdf">Aquí disponéis de más detalles</a>; y abajo tenéis el formulario de inscripción. El plazo para apuntarse finaliza el 2 de abril.</p>



<div style="height:50px" aria-hidden="true" class="wp-block-spacer"></div>



<hr class="wp-block-separator has-alpha-channel-opacity"/>
