{"id":70162,"date":"2025-03-12T23:10:43","date_gmt":"2025-03-12T22:10:43","guid":{"rendered":"https:\/\/oreretaikastola.eus\/ekitaldiak\/lh3-lh6-ipar-hegoa-topaketa-izen-ematea\/"},"modified":"2025-03-21T09:32:40","modified_gmt":"2025-03-21T08:32:40","slug":"lh3-lh6-encuentro-ipar-hegoa-inscripcion","status":"publish","type":"ekitaldia","link":"https:\/\/oreretaikastola.eus\/es\/ekitaldiak\/lh3-lh6-encuentro-ipar-hegoa-inscripcion\/","title":{"rendered":"[LH4-LH6] Encuentro Ipar-Hegoa: inscripci\u00f3n"},"content":{"rendered":"\n<p>Este a\u00f1o por primera vez, organizado por Ikastolen Elkartea, el alumnado de LH4, LH5 y LH6 tendr\u00e1 una oportunidad inmejorable de participar en un encuentro de alumnos y alumnas de diferentes territorios de Euskal Herria. Entre otros, esta iniciativa tiene como objetivo poner en contacto a alumnos y alumnas de diferentes ikastolas, descubrir diferentes euskalkis, conocer referentes e indicadores culturales de Euskal Herria, fortalecer la identidad vasca y fomentar la convivencia en euskera.<\/p>\n\n\n\n<hr class=\"wp-block-separator has-alpha-channel-opacity\"\/>\n\n\n\n<h3 class=\"wp-block-heading has-text-align-center\"><strong>INFORMACI\u00d3N DETALLADA DEL ENCUENTRO IPAR-HEGOA<\/strong><\/h3>\n\n\n\n<hr class=\"wp-block-separator has-alpha-channel-opacity\"\/>\n\n\n\n<ul>\n<li>Fecha: 9-11 de junio<\/li>\n\n\n\n<li>Lugar: Allo &#8211; Nafarroa<\/li>\n\n\n\n<li>Precio: 50\u20ac + gastos de transporte<\/li>\n\n\n\n<li>Las otras ikastolas que participar\u00e1n en el encuentro: Ezkia de Hazparne y Louis Dasance de Uztaritz<\/li>\n\n\n\n<li>N\u00famero de alumnos y alumnas qu\u00e9 acudir\u00e1 desde Orereta Ikastola: 25 alumnos y alumnas<\/li>\n\n\n\n<li>Plazo de inscripci\u00f3n: 21 de marzo-27 de abril<\/li>\n\n\n\n<li>Condiciones de inscripci\u00f3n: rellenar el formulario inferior<\/li>\n<\/ul>\n\n\n\n<div style=\"height:50px\" aria-hidden=\"true\" class=\"wp-block-spacer\"><\/div>\n\n\n\n<hr class=\"wp-block-separator has-alpha-channel-opacity\"\/>\n\n\n","protected":false},"featured_media":0,"parent":0,"template":"","ekitaldi_etiketa":[],"ekitaldi_kategoria":[232],"acf":[],"_links":{"self":[{"href":"https:\/\/oreretaikastola.eus\/es\/wp-json\/wp\/v2\/ekitaldia\/70162"}],"collection":[{"href":"https:\/\/oreretaikastola.eus\/es\/wp-json\/wp\/v2\/ekitaldia"}],"about":[{"href":"https:\/\/oreretaikastola.eus\/es\/wp-json\/wp\/v2\/types\/ekitaldia"}],"wp:attachment":[{"href":"https:\/\/oreretaikastola.eus\/es\/wp-json\/wp\/v2\/media?parent=70162"}],"wp:term":[{"taxonomy":"ekitaldi_etiketa","embeddable":true,"href":"https:\/\/oreretaikastola.eus\/es\/wp-json\/wp\/v2\/ekitaldi_etiketa?post=70162"},{"taxonomy":"ekitaldi_kategoria","embeddable":true,"href":"https:\/\/oreretaikastola.eus\/es\/wp-json\/wp\/v2\/ekitaldi_kategoria?post=70162"}],"curies":[{"name":"wp","href":"https:\/\/api.w.org\/{rel}","templated":true}]}}

[LH4-LH6] Encuentro Ipar-Hegoa: inscripción

<p>Este año por primera vez, organizado por Ikastolen Elkartea, el alumnado de LH4, LH5 y LH6 tendrá una oportunidad inmejorable de participar en un encuentro de alumnos y alumnas de diferentes territorios de Euskal Herria. Entre otros, esta iniciativa tiene como objetivo poner en contacto a alumnos y alumnas de diferentes ikastolas, descubrir diferentes euskalkis, conocer referentes e indicadores culturales de Euskal Herria, fortalecer la identidad vasca y fomentar la convivencia en euskera.</p>



<hr class="wp-block-separator has-alpha-channel-opacity"/>



<h3 class="wp-block-heading has-text-align-center"><strong>INFORMACIÓN DETALLADA DEL ENCUENTRO IPAR-HEGOA</strong></h3>



<hr class="wp-block-separator has-alpha-channel-opacity"/>



<ul>
<li>Fecha: 9-11 de junio</li>



<li>Lugar: Allo &#8211; Nafarroa</li>



<li>Precio: 50€ + gastos de transporte</li>



<li>Las otras ikastolas que participarán en el encuentro: Ezkia de Hazparne y Louis Dasance de Uztaritz</li>



<li>Número de alumnos y alumnas qué acudirá desde Orereta Ikastola: 25 alumnos y alumnas</li>



<li>Plazo de inscripción: 21 de marzo-27 de abril</li>



<li>Condiciones de inscripción: rellenar el formulario inferior</li>
</ul>



<div style="height:50px" aria-hidden="true" class="wp-block-spacer"></div>



<hr class="wp-block-separator has-alpha-channel-opacity"/>
