{"id":70157,"date":"2025-03-12T22:33:40","date_gmt":"2025-03-12T21:33:40","guid":{"rendered":"https:\/\/oreretaikastola.eus\/ekitaldiak\/lh3-lh6-ipar-hegoa-topaketa-aurkezpen-bilera\/"},"modified":"2025-03-17T10:34:35","modified_gmt":"2025-03-17T09:34:35","slug":"lh3-lh6-encuentro-ipar-hegoa-reunion-de-presentacion","status":"publish","type":"ekitaldia","link":"https:\/\/oreretaikastola.eus\/es\/ekitaldiak\/lh3-lh6-encuentro-ipar-hegoa-reunion-de-presentacion\/","title":{"rendered":"[LH4-LH6] Encuentro Ipar-Hegoa: reuni\u00f3n de presentaci\u00f3n"},"content":{"rendered":"\n<p>Este a\u00f1o por primera vez, organizado por Ikastolen Elkartea, el alumnado de LH4, LH5 y LH6 tendr\u00e1 una oportunidad inmejorable de participar en un encuentro de alumnos y alumnas de diferentes territorios de Euskal Herria. Entre otros, esta iniciativa tiene como objetivo poner en contacto a alumnos y alumnas de diferentes ikastolas, descubrir diferentes euskalkis, conocer referentes e indicadores culturales de Euskal Herria, fortalecer la identidad vasca y fomentar la convivencia en euskera. Todo ello, tomando como base el disfrute de las y los menores y el juego como herramienta para relacionarse.<\/p>\n\n\n\n<p>Se celebrar\u00e1 una reuni\u00f3n de presentaci\u00f3n del encuentro Ipar-Hegoa. La reuni\u00f3n ser\u00e1 en euskera. Si se quiere seguir la reuni\u00f3n en castellano, hay que traer auriculares y la app de Telegram descargada. Por cuestiones organizativas, para asistir a la reuni\u00f3n de presentaci\u00f3n es necesario inscribirse previamente rellenando el formulario inferior.<\/p>\n\n\n\n<div style=\"height:50px\" aria-hidden=\"true\" class=\"wp-block-spacer\"><\/div>\n\n\n\n<hr class=\"wp-block-separator has-alpha-channel-opacity\"\/>\n\n\n","protected":false},"featured_media":0,"parent":0,"template":"","ekitaldi_etiketa":[],"ekitaldi_kategoria":[232],"acf":[],"_links":{"self":[{"href":"https:\/\/oreretaikastola.eus\/es\/wp-json\/wp\/v2\/ekitaldia\/70157"}],"collection":[{"href":"https:\/\/oreretaikastola.eus\/es\/wp-json\/wp\/v2\/ekitaldia"}],"about":[{"href":"https:\/\/oreretaikastola.eus\/es\/wp-json\/wp\/v2\/types\/ekitaldia"}],"wp:attachment":[{"href":"https:\/\/oreretaikastola.eus\/es\/wp-json\/wp\/v2\/media?parent=70157"}],"wp:term":[{"taxonomy":"ekitaldi_etiketa","embeddable":true,"href":"https:\/\/oreretaikastola.eus\/es\/wp-json\/wp\/v2\/ekitaldi_etiketa?post=70157"},{"taxonomy":"ekitaldi_kategoria","embeddable":true,"href":"https:\/\/oreretaikastola.eus\/es\/wp-json\/wp\/v2\/ekitaldi_kategoria?post=70157"}],"curies":[{"name":"wp","href":"https:\/\/api.w.org\/{rel}","templated":true}]}}

[LH4-LH6] Encuentro Ipar-Hegoa: reunión de presentación

<p>Este año por primera vez, organizado por Ikastolen Elkartea, el alumnado de LH4, LH5 y LH6 tendrá una oportunidad inmejorable de participar en un encuentro de alumnos y alumnas de diferentes territorios de Euskal Herria. Entre otros, esta iniciativa tiene como objetivo poner en contacto a alumnos y alumnas de diferentes ikastolas, descubrir diferentes euskalkis, conocer referentes e indicadores culturales de Euskal Herria, fortalecer la identidad vasca y fomentar la convivencia en euskera. Todo ello, tomando como base el disfrute de las y los menores y el juego como herramienta para relacionarse.</p>



<p>Se celebrará una reunión de presentación del encuentro Ipar-Hegoa. La reunión será en euskera. Si se quiere seguir la reunión en castellano, hay que traer auriculares y la app de Telegram descargada. Por cuestiones organizativas, para asistir a la reunión de presentación es necesario inscribirse previamente rellenando el formulario inferior.</p>



<div style="height:50px" aria-hidden="true" class="wp-block-spacer"></div>



<hr class="wp-block-separator has-alpha-channel-opacity"/>
