{"id":69727,"date":"2025-03-05T11:43:43","date_gmt":"2025-03-05T10:43:43","guid":{"rendered":"https:\/\/oreretaikastola.eus\/ekitaldiak\/lh3-dbh4-urdaburu-2024-25-9-mendi-irteera\/"},"modified":"2025-03-05T11:49:00","modified_gmt":"2025-03-05T10:49:00","slug":"lh3-dbh4-urdaburu-2024-25-9a-excursion","status":"publish","type":"ekitaldia","link":"https:\/\/oreretaikastola.eus\/es\/ekitaldiak\/lh3-dbh4-urdaburu-2024-25-9a-excursion\/","title":{"rendered":"[LH3-DBH4] Urdaburu 2024-25: 9\u00aa excursi\u00f3n"},"content":{"rendered":"\n<p>La pr\u00f3xima de las excursiones del curso 2024-25 que la Ikastola organiza junto a Urdaburu Mendizale Elkartea se celebrar\u00e1 el 16 de marzo: <a href=\"https:\/\/www.gmf.eus\/marchas-reguladas-xxxvii-concurso-de-montanismo-escolar\/\" target=\"_blank\" rel=\"noreferrer noopener\">la marcha regulada de Orereta-Errenteria del XXXVI\/XXXVII Concurso de Monta\u00f1ismo Escolar que organiza la Federaci\u00f3n de Monta\u00f1a de Gipuzkoa<\/a>. Las madres y padres no pueden participar en esta excursi\u00f3n.<\/p>\n\n\n\n<p><a href=\"\/app\/uploads\/2025\/03\/Udaburu-Orereta-Ikastola-Ibilaldi-Neurtua-Orereta-Errenteria-2025_.pdf\">Aqu\u00ed dispon\u00e9is de m\u00e1s detalles<\/a>; y abajo ten\u00e9is el formulario de inscripci\u00f3n. El plazo de inscripci\u00f3n finaliza el 12 de marzo.<\/p>\n\n\n\n<div style=\"height:50px\" aria-hidden=\"true\" class=\"wp-block-spacer\"><\/div>\n\n\n\n<hr class=\"wp-block-separator has-alpha-channel-opacity\"\/>\n\n\n","protected":false},"featured_media":0,"parent":0,"template":"","ekitaldi_etiketa":[],"ekitaldi_kategoria":[232],"acf":[],"_links":{"self":[{"href":"https:\/\/oreretaikastola.eus\/es\/wp-json\/wp\/v2\/ekitaldia\/69727"}],"collection":[{"href":"https:\/\/oreretaikastola.eus\/es\/wp-json\/wp\/v2\/ekitaldia"}],"about":[{"href":"https:\/\/oreretaikastola.eus\/es\/wp-json\/wp\/v2\/types\/ekitaldia"}],"wp:attachment":[{"href":"https:\/\/oreretaikastola.eus\/es\/wp-json\/wp\/v2\/media?parent=69727"}],"wp:term":[{"taxonomy":"ekitaldi_etiketa","embeddable":true,"href":"https:\/\/oreretaikastola.eus\/es\/wp-json\/wp\/v2\/ekitaldi_etiketa?post=69727"},{"taxonomy":"ekitaldi_kategoria","embeddable":true,"href":"https:\/\/oreretaikastola.eus\/es\/wp-json\/wp\/v2\/ekitaldi_kategoria?post=69727"}],"curies":[{"name":"wp","href":"https:\/\/api.w.org\/{rel}","templated":true}]}}

[LH3-DBH4] Urdaburu 2024-25: 9ª excursión

<p>La próxima de las excursiones del curso 2024-25 que la Ikastola organiza junto a Urdaburu Mendizale Elkartea se celebrará el 16 de marzo: <a href="https://www.gmf.eus/marchas-reguladas-xxxvii-concurso-de-montanismo-escolar/" target="_blank" rel="noreferrer noopener">la marcha regulada de Orereta-Errenteria del XXXVI/XXXVII Concurso de Montañismo Escolar que organiza la Federación de Montaña de Gipuzkoa</a>. Las madres y padres no pueden participar en esta excursión.</p>



<p><a href="/app/uploads/2025/03/Udaburu-Orereta-Ikastola-Ibilaldi-Neurtua-Orereta-Errenteria-2025_.pdf">Aquí disponéis de más detalles</a>; y abajo tenéis el formulario de inscripción. El plazo de inscripción finaliza el 12 de marzo.</p>



<div style="height:50px" aria-hidden="true" class="wp-block-spacer"></div>



<hr class="wp-block-separator has-alpha-channel-opacity"/>
