{"id":69605,"date":"2025-02-24T16:03:59","date_gmt":"2025-02-24T15:03:59","guid":{"rendered":"https:\/\/oreretaikastola.eus\/ekitaldiak\/moreretaon-2025\/"},"modified":"2025-03-05T09:04:30","modified_gmt":"2025-03-05T08:04:30","slug":"moreretaon-2025","status":"publish","type":"ekitaldia","link":"https:\/\/oreretaikastola.eus\/es\/ekitaldiak\/moreretaon-2025\/","title":{"rendered":"MoreretaON 2025"},"content":{"rendered":"\n<p>Dando continuidad al camino emprendido hace cinco o seis a\u00f1os, este a\u00f1o tambi\u00e9n se celebrar\u00e1 <strong>MoreretaON<\/strong>, una iniciativa vinculada al <strong>D\u00eda Internacional de la Mujer<\/strong>.<\/p>\n\n\n\n<p><strong>MoreretaON<\/strong> se celebrar\u00e1 el 7 de marzo. Se trata de una carrera continua de varias horas que realizan las y los alumnos y trabajadores de <strong>Orereta<\/strong> <strong>Ikastola<\/strong>. Tambi\u00e9n se invita a participar en la misma a representantes municipales y a las entidades deportivas y feministas de la localidad. La homenajeada de este a\u00f1o ser\u00e1 Izaskun Zubizarreta, deportista y ex-alumna de la Ikastola que falleci\u00f3 el pasado verano.<\/p>\n\n\n\n<p>Este a\u00f1o se correr\u00e1 bajo el lema <strong>\u00abOrereta, morez beteta\u00bb<\/strong>. Al igual que el a\u00f1o pasado, la carrera se celebrar\u00e1 en los alrededores de la r\u00eda: entre las plazas Gernika y Lehendakari Agirre.<\/p>\n\n\n\n<p>Tambi\u00e9n se quiere invitar a participar en <strong>MoreretaON <\/strong>todos los ciudadanos y ciudadanas que lo deseen: entre las 16:30 y las 17:00 horas, quien as\u00ed lo desee podr\u00e1 correr en los alrededores de la r\u00eda (a la altura de Lekuona Fabrika). \u00a1As\u00ed que venid y animad tambi\u00e9n a las y los de vuestro alrededor vistiendo alguna prenda morada! <\/p>\n\n\n\n<p>Por cuestiones organizativas, es necesario inscribirse para poder participar en <strong>MoreretaON<\/strong>. Para ello, se debe rellenar el formulario inferior.<\/p>\n\n\n\n<div style=\"height:50px\" aria-hidden=\"true\" class=\"wp-block-spacer\"><\/div>\n\n\n\n<hr class=\"wp-block-separator has-alpha-channel-opacity\"\/>\n\n\n","protected":false},"featured_media":52815,"parent":0,"template":"","ekitaldi_etiketa":[],"ekitaldi_kategoria":[232,153,185],"acf":[],"_links":{"self":[{"href":"https:\/\/oreretaikastola.eus\/es\/wp-json\/wp\/v2\/ekitaldia\/69605"}],"collection":[{"href":"https:\/\/oreretaikastola.eus\/es\/wp-json\/wp\/v2\/ekitaldia"}],"about":[{"href":"https:\/\/oreretaikastola.eus\/es\/wp-json\/wp\/v2\/types\/ekitaldia"}],"wp:featuredmedia":[{"embeddable":true,"href":"https:\/\/oreretaikastola.eus\/es\/wp-json\/wp\/v2\/media\/52815"}],"wp:attachment":[{"href":"https:\/\/oreretaikastola.eus\/es\/wp-json\/wp\/v2\/media?parent=69605"}],"wp:term":[{"taxonomy":"ekitaldi_etiketa","embeddable":true,"href":"https:\/\/oreretaikastola.eus\/es\/wp-json\/wp\/v2\/ekitaldi_etiketa?post=69605"},{"taxonomy":"ekitaldi_kategoria","embeddable":true,"href":"https:\/\/oreretaikastola.eus\/es\/wp-json\/wp\/v2\/ekitaldi_kategoria?post=69605"}],"curies":[{"name":"wp","href":"https:\/\/api.w.org\/{rel}","templated":true}]}}

<p>Dando continuidad al camino emprendido hace cinco o seis años, este año también se celebrará <strong>MoreretaON</strong>, una iniciativa vinculada al <strong>Día Internacional de la Mujer</strong>.</p>



<p><strong>MoreretaON</strong> se celebrará el 7 de marzo. Se trata de una carrera continua de varias horas que realizan las y los alumnos y trabajadores de <strong>Orereta</strong> <strong>Ikastola</strong>. También se invita a participar en la misma a representantes municipales y a las entidades deportivas y feministas de la localidad. La homenajeada de este año será Izaskun Zubizarreta, deportista y ex-alumna de la Ikastola que falleció el pasado verano.</p>



<p>Este año se correrá bajo el lema <strong>«Orereta, morez beteta»</strong>. Al igual que el año pasado, la carrera se celebrará en los alrededores de la ría: entre las plazas Gernika y Lehendakari Agirre.</p>



<p>También se quiere invitar a participar en <strong>MoreretaON </strong>todos los ciudadanos y ciudadanas que lo deseen: entre las 16:30 y las 17:00 horas, quien así lo desee podrá correr en los alrededores de la ría (a la altura de Lekuona Fabrika). ¡Así que venid y animad también a las y los de vuestro alrededor vistiendo alguna prenda morada! </p>



<p>Por cuestiones organizativas, es necesario inscribirse para poder participar en <strong>MoreretaON</strong>. Para ello, se debe rellenar el formulario inferior.</p>



<div style="height:50px" aria-hidden="true" class="wp-block-spacer"></div>



<hr class="wp-block-separator has-alpha-channel-opacity"/>
