{"id":68966,"date":"2025-02-10T12:15:30","date_gmt":"2025-02-10T11:15:30","guid":{"rendered":"https:\/\/oreretaikastola.eus\/ekitaldiak\/bazkideak-urteko-ohiko-batzar-nagusia-2025-deialdia\/"},"modified":"2025-02-19T10:33:43","modified_gmt":"2025-02-19T09:33:43","slug":"socios-as-asamblea-general-ordinaria-anual-2025-convocatoria","status":"publish","type":"ekitaldia","link":"https:\/\/oreretaikastola.eus\/es\/ekitaldiak\/socios-as-asamblea-general-ordinaria-anual-2025-convocatoria\/","title":{"rendered":"[Socios\/as] Asamblea General Ordinaria Anual 2025: convocatoria"},"content":{"rendered":"\n<h2 class=\"wp-block-heading\"><strong>ORERETA IKASTOLA KOOP. E. CONVOCATORIA DE LA ASAMBLEA GENERAL ORDINARIA ANUAL<\/strong> <strong>2025<\/strong><\/h2>\n\n\n\n<p>En nombre del Consejo Rector de ORERETA IKASTOLA KOOP. E. su presidente informa de que la <strong>Asamblea Anual Ordinaria de 2025<\/strong> se celebrar\u00e1 en el edificio de Lino de la Ikastola (Santa Klara kalea, 7) el <strong>pr\u00f3ximo 26 de febrero, mi\u00e9rcoles; a las 17:30h en primera convocatoria, a las 18:00h en segunda y 18:30h en tercera.&nbsp;<\/strong><\/p>\n\n\n\n<p><strong><strong>ORDEN DEL D\u00cdA<\/strong>:<\/strong><\/p>\n\n\n\n<ol type=\"1\">\n<li>Nombramiento de dos socias\/os para la aprobaci\u00f3n del acta. &nbsp;<\/li>\n\n\n\n<li>Ratificaci\u00f3n del informe de aprobaci\u00f3n del acta de la anterior Asamblea General Ordinaria.<\/li>\n\n\n\n<li>Presentaci\u00f3n del informe de Gesti\u00f3n Educativa.<\/li>\n\n\n\n<li>Activaci\u00f3n de A\u00f1abiarte Guraso Elkartea.<\/li>\n\n\n\n<li>Aprobaci\u00f3n de la actualizaci\u00f3n de la normativa interna de la Ikastola y del Marco para la Prevenci\u00f3n de Delitos, si as\u00ed procede.<\/li>\n\n\n\n<li>Gesti\u00f3n social del ejercicio 2023-24 y aprobaci\u00f3n de las cuentas anuales, si as\u00ed procede. Aplicaci\u00f3n de resultados.<\/li>\n\n\n\n<li>Propuesta de revisi\u00f3n de las tarifas y, si as\u00ed procede, su aprobaci\u00f3n.<\/li>\n\n\n\n<li>Aprobaci\u00f3n de la renovaci\u00f3n de miembros\/as del Consejo Rector y la Comisi\u00f3n de Vigilancia.<\/li>\n\n\n\n<li>Situaci\u00f3n actual y perspectivas de futuro.<\/li>\n\n\n\n<li>Ruegos y preguntas.<\/li>\n<\/ol>\n\n\n\n<p class=\"has-text-align-right\">Orereta-Errenterian, 2025eko otsailaren 10ean<br>ORERETA IKASTOLA KOOP.E.<br>Xabier Gorrotxategi Zipitria | Lehendakaria<\/p>\n\n\n\n<p><strong>NOTAS:<\/strong><\/p>\n\n\n\n<ol>\n<li>Todos los socios y socias tendr\u00e1n a su disposici\u00f3n en la <a href=\"https:\/\/oreretaikastola.eus\/es\/socios\/asamblea-general-ordinaria-anual-2025\/\">p\u00e1gina web de la Ikastola<\/a> a partir del 20 de febrero de 2025 el acta de la Asamblea de 2024, el informe de cuentas del ejercicio 2023-24, as\u00ed como la propuesta de actualizaci\u00f3n de la normativa interna de la Ikastola y del Marco para la Prevenci\u00f3n de Delitos.<\/li>\n\n\n\n<li>S\u00f3lo las socias\/os y sus parejas podr\u00e1n asistir a la Asamblea. (<a href=\"https:\/\/oreretaikastola.eus\/es\/socios\/asamblea-general-ordinaria-anual-2025\/\">Inscribirse | delegar o ceder el voto<\/a>).<\/li>\n\n\n\n<li>Para entrar a la Asamblea ser\u00e1 necesario un documento de identificaci\u00f3n.<\/li>\n\n\n\n<li>Seg\u00fan el art\u00edculo 24.3 de los estatutos (siguiendo lo que dicta la ley), cada socia\/o no podr\u00e1 ostentar m\u00e1s de 2 votos en representaci\u00f3n.<\/li>\n<\/ol>\n","protected":false},"featured_media":938,"parent":0,"template":"","ekitaldi_etiketa":[282],"ekitaldi_kategoria":[232,153],"acf":[],"_links":{"self":[{"href":"https:\/\/oreretaikastola.eus\/es\/wp-json\/wp\/v2\/ekitaldia\/68966"}],"collection":[{"href":"https:\/\/oreretaikastola.eus\/es\/wp-json\/wp\/v2\/ekitaldia"}],"about":[{"href":"https:\/\/oreretaikastola.eus\/es\/wp-json\/wp\/v2\/types\/ekitaldia"}],"wp:featuredmedia":[{"embeddable":true,"href":"https:\/\/oreretaikastola.eus\/es\/wp-json\/wp\/v2\/media\/938"}],"wp:attachment":[{"href":"https:\/\/oreretaikastola.eus\/es\/wp-json\/wp\/v2\/media?parent=68966"}],"wp:term":[{"taxonomy":"ekitaldi_etiketa","embeddable":true,"href":"https:\/\/oreretaikastola.eus\/es\/wp-json\/wp\/v2\/ekitaldi_etiketa?post=68966"},{"taxonomy":"ekitaldi_kategoria","embeddable":true,"href":"https:\/\/oreretaikastola.eus\/es\/wp-json\/wp\/v2\/ekitaldi_kategoria?post=68966"}],"curies":[{"name":"wp","href":"https:\/\/api.w.org\/{rel}","templated":true}]}}

<h2 class="wp-block-heading"><strong>ORERETA IKASTOLA KOOP. E. CONVOCATORIA DE LA ASAMBLEA GENERAL ORDINARIA ANUAL</strong> <strong>2025</strong></h2>



<p>En nombre del Consejo Rector de ORERETA IKASTOLA KOOP. E. su presidente informa de que la <strong>Asamblea Anual Ordinaria de 2025</strong> se celebrará en el edificio de Lino de la Ikastola (Santa Klara kalea, 7) el <strong>próximo 26 de febrero, miércoles; a las 17:30h en primera convocatoria, a las 18:00h en segunda y 18:30h en tercera.&nbsp;</strong></p>



<p><strong><strong>ORDEN DEL DÍA</strong>:</strong></p>



<ol type="1">
<li>Nombramiento de dos socias/os para la aprobación del acta. &nbsp;</li>



<li>Ratificación del informe de aprobación del acta de la anterior Asamblea General Ordinaria.</li>



<li>Presentación del informe de Gestión Educativa.</li>



<li>Activación de Añabiarte Guraso Elkartea.</li>



<li>Aprobación de la actualización de la normativa interna de la Ikastola y del Marco para la Prevención de Delitos, si así procede.</li>



<li>Gestión social del ejercicio 2023-24 y aprobación de las cuentas anuales, si así procede. Aplicación de resultados.</li>



<li>Propuesta de revisión de las tarifas y, si así procede, su aprobación.</li>



<li>Aprobación de la renovación de miembros/as del Consejo Rector y la Comisión de Vigilancia.</li>



<li>Situación actual y perspectivas de futuro.</li>



<li>Ruegos y preguntas.</li>
</ol>



<p class="has-text-align-right">Orereta-Errenterian, 2025eko otsailaren 10ean<br>ORERETA IKASTOLA KOOP.E.<br>Xabier Gorrotxategi Zipitria | Lehendakaria</p>



<p><strong>NOTAS:</strong></p>



<ol>
<li>Todos los socios y socias tendrán a su disposición en la <a href="https://oreretaikastola.eus/es/socios/asamblea-general-ordinaria-anual-2025/">página web de la Ikastola</a> a partir del 20 de febrero de 2025 el acta de la Asamblea de 2024, el informe de cuentas del ejercicio 2023-24, así como la propuesta de actualización de la normativa interna de la Ikastola y del Marco para la Prevención de Delitos.</li>



<li>Sólo las socias/os y sus parejas podrán asistir a la Asamblea. (<a href="https://oreretaikastola.eus/es/socios/asamblea-general-ordinaria-anual-2025/">Inscribirse | delegar o ceder el voto</a>).</li>



<li>Para entrar a la Asamblea será necesario un documento de identificación.</li>



<li>Según el artículo 24.3 de los estatutos (siguiendo lo que dicta la ley), cada socia/o no podrá ostentar más de 2 votos en representación.</li>
</ol>
