{"id":68012,"date":"2025-01-12T19:18:29","date_gmt":"2025-01-12T18:18:29","guid":{"rendered":"https:\/\/oreretaikastola.eus\/ekitaldiak\/matrikulazioa-2025-26\/"},"modified":"2025-01-12T19:21:03","modified_gmt":"2025-01-12T18:21:03","slug":"matriculacion-2025-26","status":"publish","type":"ekitaldia","link":"https:\/\/oreretaikastola.eus\/es\/ekitaldiak\/matriculacion-2025-26\/","title":{"rendered":"Matriculaci\u00f3n 2025-26"},"content":{"rendered":"\n<p>La campa\u00f1a de matriculaci\u00f3n para el curso 2025-26 (alumnado de HH, LH y DBH) estar\u00e1 en marcha del 3 al 14 de febrero. M\u00e1s informaci\u00f3n, <a href=\"https:\/\/oreretaikastola.eus\/es\/conocenos\/\">aqu\u00ed<\/a>.<\/p>\n","protected":false},"featured_media":49840,"parent":0,"template":"","ekitaldi_etiketa":[223],"ekitaldi_kategoria":[153],"acf":[],"_links":{"self":[{"href":"https:\/\/oreretaikastola.eus\/es\/wp-json\/wp\/v2\/ekitaldia\/68012"}],"collection":[{"href":"https:\/\/oreretaikastola.eus\/es\/wp-json\/wp\/v2\/ekitaldia"}],"about":[{"href":"https:\/\/oreretaikastola.eus\/es\/wp-json\/wp\/v2\/types\/ekitaldia"}],"wp:featuredmedia":[{"embeddable":true,"href":"https:\/\/oreretaikastola.eus\/es\/wp-json\/wp\/v2\/media\/49840"}],"wp:attachment":[{"href":"https:\/\/oreretaikastola.eus\/es\/wp-json\/wp\/v2\/media?parent=68012"}],"wp:term":[{"taxonomy":"ekitaldi_etiketa","embeddable":true,"href":"https:\/\/oreretaikastola.eus\/es\/wp-json\/wp\/v2\/ekitaldi_etiketa?post=68012"},{"taxonomy":"ekitaldi_kategoria","embeddable":true,"href":"https:\/\/oreretaikastola.eus\/es\/wp-json\/wp\/v2\/ekitaldi_kategoria?post=68012"}],"curies":[{"name":"wp","href":"https:\/\/api.w.org\/{rel}","templated":true}]}}

Matriculación 2025-26

<p>La campaña de matriculación para el curso 2025-26 (alumnado de HH, LH y DBH) estará en marcha del 3 al 14 de febrero. Más información, <a href="https://oreretaikastola.eus/es/conocenos/">aquí</a>.</p>
