{"id":68006,"date":"2025-01-12T19:02:10","date_gmt":"2025-01-12T18:02:10","guid":{"rendered":"https:\/\/oreretaikastola.eus\/ekitaldiak\/matrikulazioa-25-26-talde-txikitako-bisitak-eta-bakarkako-hitzorduak-hh-lh-dbh\/"},"modified":"2025-01-12T19:24:33","modified_gmt":"2025-01-12T18:24:33","slug":"matriculacion-25-26-visitas-en-grupos-reducidos-y-citas-personales-hh-lh-dbh","status":"publish","type":"ekitaldia","link":"https:\/\/oreretaikastola.eus\/es\/ekitaldiak\/matriculacion-25-26-visitas-en-grupos-reducidos-y-citas-personales-hh-lh-dbh\/","title":{"rendered":"Matriculaci\u00f3n 25-26: visitas en grupos reducidos y citas personales (HH, LH, DBH)"},"content":{"rendered":"\n<p>La campa\u00f1a de matriculaci\u00f3n para el curso 2025-26 estar\u00e1 en marcha del 3 al 14 de febrero, especialmente para la escolarizaci\u00f3n de ni\u00f1os y ni\u00f1as que hayan nacido en 2022 o 2023.<\/p>\n\n\n\n<p>Adem\u00e1s de las <a href=\"https:\/\/oreretaikastola.eus\/es\/ekitaldiak\/matriculacion-25-26-jornadas-de-puertas-abiertas-hh\/\">sesiones de puertas abiertas (sin necesidad de previa inscripci\u00f3n) que estar\u00e1n dirigidas a familias de HH<\/a>, tambi\u00e9n se puede solicitar cita para participar en visitas de grupos peque\u00f1os y para citas individuales (<a href=\"https:\/\/oreretaikastola.eus\/es\/cita-para-conocer-la-ikastola\/\">pedir cita<\/a>).<\/p>\n\n\n\n<p>Para m\u00e1s informaci\u00f3n o para aclarar dudas, se puede llamar al tel\u00e9fono&nbsp;<a href=\"tel:943 52 03 97\">943 52 03 97<\/a>&nbsp;o escribir un mensaje a la direcci\u00f3n de correo electr\u00f3nico&nbsp;<a href=\"mailto:matrikulazioa@oreretaikastola.eus\">matrikulazioa@oreretaikastola.eus<\/a>.<\/p>\n","protected":false},"featured_media":49840,"parent":0,"template":"","ekitaldi_etiketa":[223],"ekitaldi_kategoria":[153],"acf":[],"_links":{"self":[{"href":"https:\/\/oreretaikastola.eus\/es\/wp-json\/wp\/v2\/ekitaldia\/68006"}],"collection":[{"href":"https:\/\/oreretaikastola.eus\/es\/wp-json\/wp\/v2\/ekitaldia"}],"about":[{"href":"https:\/\/oreretaikastola.eus\/es\/wp-json\/wp\/v2\/types\/ekitaldia"}],"wp:featuredmedia":[{"embeddable":true,"href":"https:\/\/oreretaikastola.eus\/es\/wp-json\/wp\/v2\/media\/49840"}],"wp:attachment":[{"href":"https:\/\/oreretaikastola.eus\/es\/wp-json\/wp\/v2\/media?parent=68006"}],"wp:term":[{"taxonomy":"ekitaldi_etiketa","embeddable":true,"href":"https:\/\/oreretaikastola.eus\/es\/wp-json\/wp\/v2\/ekitaldi_etiketa?post=68006"},{"taxonomy":"ekitaldi_kategoria","embeddable":true,"href":"https:\/\/oreretaikastola.eus\/es\/wp-json\/wp\/v2\/ekitaldi_kategoria?post=68006"}],"curies":[{"name":"wp","href":"https:\/\/api.w.org\/{rel}","templated":true}]}}

Matriculación 25-26: visitas en grupos reducidos y citas personales (HH, LH, DBH)

<p>La campaña de matriculación para el curso 2025-26 estará en marcha del 3 al 14 de febrero, especialmente para la escolarización de niños y niñas que hayan nacido en 2022 o 2023.</p>



<p>Además de las <a href="https://oreretaikastola.eus/es/ekitaldiak/matriculacion-25-26-jornadas-de-puertas-abiertas-hh/">sesiones de puertas abiertas (sin necesidad de previa inscripción) que estarán dirigidas a familias de HH</a>, también se puede solicitar cita para participar en visitas de grupos pequeños y para citas individuales (<a href="https://oreretaikastola.eus/es/cita-para-conocer-la-ikastola/">pedir cita</a>).</p>



<p>Para más información o para aclarar dudas, se puede llamar al teléfono&nbsp;<a href="tel:943 52 03 97">943 52 03 97</a>&nbsp;o escribir un mensaje a la dirección de correo electrónico&nbsp;<a href="mailto:matrikulazioa@oreretaikastola.eus">matrikulazioa@oreretaikastola.eus</a>.</p>
