{"id":67771,"date":"2025-01-08T23:54:43","date_gmt":"2025-01-08T22:54:43","guid":{"rendered":"https:\/\/oreretaikastola.eus\/ekitaldiak\/lh2-lh3-zinema-euskaraz-tinko-elkartea\/"},"modified":"2025-01-08T23:57:45","modified_gmt":"2025-01-08T22:57:45","slug":"lh2-lh3-zinema-euskaraz-asociacion-tinko","status":"publish","type":"ekitaldia","link":"https:\/\/oreretaikastola.eus\/es\/ekitaldiak\/lh2-lh3-zinema-euskaraz-asociacion-tinko\/","title":{"rendered":"[LH2-LH3] Zinema Euskaraz (asociaci\u00f3n Tinko)"},"content":{"rendered":"\n<p>Los grupos de LH2 y LH3 acudir\u00e1n a la sala Niessen a ver una pel\u00edcula en euskera que ofrecer\u00e1 <a href=\"https:\/\/www.tinkoeuskara.eus\/\">Tinko Euskara Elkartea<\/a>.<\/p>\n","protected":false},"featured_media":0,"parent":0,"template":"","ekitaldi_etiketa":[],"ekitaldi_kategoria":[232,154],"acf":[],"_links":{"self":[{"href":"https:\/\/oreretaikastola.eus\/es\/wp-json\/wp\/v2\/ekitaldia\/67771"}],"collection":[{"href":"https:\/\/oreretaikastola.eus\/es\/wp-json\/wp\/v2\/ekitaldia"}],"about":[{"href":"https:\/\/oreretaikastola.eus\/es\/wp-json\/wp\/v2\/types\/ekitaldia"}],"wp:attachment":[{"href":"https:\/\/oreretaikastola.eus\/es\/wp-json\/wp\/v2\/media?parent=67771"}],"wp:term":[{"taxonomy":"ekitaldi_etiketa","embeddable":true,"href":"https:\/\/oreretaikastola.eus\/es\/wp-json\/wp\/v2\/ekitaldi_etiketa?post=67771"},{"taxonomy":"ekitaldi_kategoria","embeddable":true,"href":"https:\/\/oreretaikastola.eus\/es\/wp-json\/wp\/v2\/ekitaldi_kategoria?post=67771"}],"curies":[{"name":"wp","href":"https:\/\/api.w.org\/{rel}","templated":true}]}}

[LH2-LH3] Zinema Euskaraz (asociación Tinko)

<p>Los grupos de LH2 y LH3 acudirán a la sala Niessen a ver una película en euskera que ofrecerá <a href="https://www.tinkoeuskara.eus/">Tinko Euskara Elkartea</a>.</p>
