{"id":67546,"date":"2024-12-19T22:39:08","date_gmt":"2024-12-19T21:39:08","guid":{"rendered":"https:\/\/oreretaikastola.eus\/ekitaldiak\/dbh3-bisita-gabierrotako-zahar-etxera\/"},"modified":"2024-12-19T22:41:25","modified_gmt":"2024-12-19T21:41:25","slug":"dbh3-visita-al-hogar-de-ancianos-de-gabierrota","status":"publish","type":"ekitaldia","link":"https:\/\/oreretaikastola.eus\/es\/ekitaldiak\/dbh3-visita-al-hogar-de-ancianos-de-gabierrota\/","title":{"rendered":"[DBH3] Visita al hogar de ancianos de Gabierrota"},"content":{"rendered":"\n<p>Aprovechando la \u00e9poca navide\u00f1a, el alumnado de DBH3 ir\u00e1 de visita al hogar de ancianos de Gabierrota.<\/p>\n","protected":false},"featured_media":0,"parent":0,"template":"","ekitaldi_etiketa":[],"ekitaldi_kategoria":[232],"acf":[],"_links":{"self":[{"href":"https:\/\/oreretaikastola.eus\/es\/wp-json\/wp\/v2\/ekitaldia\/67546"}],"collection":[{"href":"https:\/\/oreretaikastola.eus\/es\/wp-json\/wp\/v2\/ekitaldia"}],"about":[{"href":"https:\/\/oreretaikastola.eus\/es\/wp-json\/wp\/v2\/types\/ekitaldia"}],"wp:attachment":[{"href":"https:\/\/oreretaikastola.eus\/es\/wp-json\/wp\/v2\/media?parent=67546"}],"wp:term":[{"taxonomy":"ekitaldi_etiketa","embeddable":true,"href":"https:\/\/oreretaikastola.eus\/es\/wp-json\/wp\/v2\/ekitaldi_etiketa?post=67546"},{"taxonomy":"ekitaldi_kategoria","embeddable":true,"href":"https:\/\/oreretaikastola.eus\/es\/wp-json\/wp\/v2\/ekitaldi_kategoria?post=67546"}],"curies":[{"name":"wp","href":"https:\/\/api.w.org\/{rel}","templated":true}]}}

<p>Aprovechando la época navideña, el alumnado de DBH3 irá de visita al hogar de ancianos de Gabierrota.</p>
