{"id":67452,"date":"2024-12-16T23:54:33","date_gmt":"2024-12-16T22:54:33","guid":{"rendered":"https:\/\/oreretaikastola.eus\/ekitaldiak\/lh3-dbh4-urdaburu-2024-25-6-mendi-irteera\/"},"modified":"2025-01-05T16:52:27","modified_gmt":"2025-01-05T15:52:27","slug":"lh3-dbh4-urdaburu-2024-25-6a-excursion","status":"publish","type":"ekitaldia","link":"https:\/\/oreretaikastola.eus\/es\/ekitaldiak\/lh3-dbh4-urdaburu-2024-25-6a-excursion\/","title":{"rendered":"[LH3-DBH4] Urdaburu 2024-25: 6\u00aa excursi\u00f3n"},"content":{"rendered":"\n<p>La sexta de las excursiones del curso 2024-25 que la Ikastola organiza junto a Urdaburu Mendizale Elkartea se celebrar\u00e1 el 12 de enero. El objetivo de este a\u00f1o es pisar las cimas un poco m\u00e1s desconocidas de Euskal Herria. La del 12 de enero ser\u00e1 la cuarta salida de la iniciativa y subir\u00e1 a la cima de Intxurre, en el recorrido circular que partir\u00e1 y llegar\u00e1 a Albiztur. <\/p>\n\n\n\n<p><a href=\"\/app\/uploads\/2024\/12\/Urdaburu-Orereta-Ikastola-tontor-ezezagunak-4-irteera-Albiztur-Intxurre-Albiztur.pdf\">Aqu\u00ed dispon\u00e9is de m\u00e1s detalles<\/a>; y abajo ten\u00e9is el formulario de inscripci\u00f3n. El plazo de apuntarse finaliza el 8 de enero.<\/p>\n\n\n\n<div style=\"height:50px\" aria-hidden=\"true\" class=\"wp-block-spacer\"><\/div>\n\n\n\n<hr class=\"wp-block-separator has-alpha-channel-opacity\"\/>\n\n\n","protected":false},"featured_media":0,"parent":0,"template":"","ekitaldi_etiketa":[],"ekitaldi_kategoria":[232],"acf":[],"_links":{"self":[{"href":"https:\/\/oreretaikastola.eus\/es\/wp-json\/wp\/v2\/ekitaldia\/67452"}],"collection":[{"href":"https:\/\/oreretaikastola.eus\/es\/wp-json\/wp\/v2\/ekitaldia"}],"about":[{"href":"https:\/\/oreretaikastola.eus\/es\/wp-json\/wp\/v2\/types\/ekitaldia"}],"wp:attachment":[{"href":"https:\/\/oreretaikastola.eus\/es\/wp-json\/wp\/v2\/media?parent=67452"}],"wp:term":[{"taxonomy":"ekitaldi_etiketa","embeddable":true,"href":"https:\/\/oreretaikastola.eus\/es\/wp-json\/wp\/v2\/ekitaldi_etiketa?post=67452"},{"taxonomy":"ekitaldi_kategoria","embeddable":true,"href":"https:\/\/oreretaikastola.eus\/es\/wp-json\/wp\/v2\/ekitaldi_kategoria?post=67452"}],"curies":[{"name":"wp","href":"https:\/\/api.w.org\/{rel}","templated":true}]}}

[LH3-DBH4] Urdaburu 2024-25: 6ª excursión

<p>La sexta de las excursiones del curso 2024-25 que la Ikastola organiza junto a Urdaburu Mendizale Elkartea se celebrará el 12 de enero. El objetivo de este año es pisar las cimas un poco más desconocidas de Euskal Herria. La del 12 de enero será la cuarta salida de la iniciativa y subirá a la cima de Intxurre, en el recorrido circular que partirá y llegará a Albiztur. </p>



<p><a href="/app/uploads/2024/12/Urdaburu-Orereta-Ikastola-tontor-ezezagunak-4-irteera-Albiztur-Intxurre-Albiztur.pdf">Aquí disponéis de más detalles</a>; y abajo tenéis el formulario de inscripción. El plazo de apuntarse finaliza el 8 de enero.</p>



<div style="height:50px" aria-hidden="true" class="wp-block-spacer"></div>



<hr class="wp-block-separator has-alpha-channel-opacity"/>
