{"id":66966,"date":"2024-12-02T11:04:59","date_gmt":"2024-12-02T10:04:59","guid":{"rendered":"https:\/\/oreretaikastola.eus\/ekitaldiak\/lh5-dbh4-orain-prebentzioa-familientzako-formazio-saioa\/"},"modified":"2025-02-05T14:39:00","modified_gmt":"2025-02-05T13:39:00","slug":"lh5-dbh4-orain-prebentzioa-sesion-de-formacion-para-familias","status":"publish","type":"ekitaldia","link":"https:\/\/oreretaikastola.eus\/es\/ekitaldiak\/lh5-dbh4-orain-prebentzioa-sesion-de-formacion-para-familias\/","title":{"rendered":"[LH5-DBH4] Orain Prebentzioa: sesi\u00f3n de formaci\u00f3n para familias"},"content":{"rendered":"\n<p>Viviendo en una sociedad inmersa en las nuevas tecnolog\u00edas y en las redes sociales, intentamos formar y educar al alumnado, y prevenir los riesgos que su uso puede conllevar.<\/p>\n\n\n\n<p>En ese contexto, la Ikastola ha organizado una charla-jornada dirigida a las familias. La sesi\u00f3n estar\u00e1 guiada por la asociaci\u00f3n <a rel=\"noreferrer noopener\" href=\"https:\/\/orainprebentzioa.com\/es\/\" target=\"_blank\">Orain Prebentzioa<\/a>, asociaci\u00f3n que trabaja en la prevenci\u00f3n de las adicciones, y se centrar\u00e1 en el uso de las redes sociales.<\/p>\n\n\n\n<div class=\"wp-block-cover is-light\" style=\"padding-right:var(--wp--preset--spacing--30);padding-left:var(--wp--preset--spacing--30);min-height:50px\"><span aria-hidden=\"true\" class=\"wp-block-cover__background has-background-dim-100 has-background-dim\" style=\"background-color:#f7f7fc\"><\/span><div class=\"wp-block-cover__inner-container is-layout-constrained wp-block-cover-is-layout-constrained\">\n<p class=\"has-text-align-center\"><strong>Jornada-conferencia para familias sobre el uso de las redes sociales<br>(Orain Prebentzioa)<\/strong><\/p>\n\n\n\n<hr class=\"wp-block-separator has-alpha-channel-opacity is-style-dots\"\/>\n\n\n\n<p>\u00b7 Para qui\u00e9n: familias de entre LH5 y DBH4<br>\u00b7 Lugar: edificio de Esmalteria de la Ikastola<br>\u00b7 D\u00eda: 18 de febrero<br>\u00b7 Hora: 17:30<br>\u00b7 Idioma: euskera (se ofrecer\u00e1 traducci\u00f3n simult\u00e1nea a trav\u00e9s Telegram). Si se quiere seguir la sesi\u00f3n en castellano, hay que traer los auriculares y la app de Telegram descargada.<br>\u00b7 Inscripci\u00f3n: rellenando el formulario inferior<\/p>\n<\/div><\/div>\n\n\n\n<div style=\"height:25px\" aria-hidden=\"true\" class=\"wp-block-spacer\"><\/div>\n\n\n\n<p>Porque el n\u00famero de personas que pueden participar en las sesiones es limitado y porque tambi\u00e9n es de ayuda para preparar el curso, es&nbsp;imprescindible inscribirse previamente. Por lo tanto, si quer\u00e9is participar en las sesiones,&nbsp;rellenad el formulario inferior.<\/p>\n\n\n\n<div style=\"height:50px\" aria-hidden=\"true\" class=\"wp-block-spacer\"><\/div>\n\n\n\n<hr class=\"wp-block-separator has-alpha-channel-opacity\"\/>\n\n\n","protected":false},"featured_media":0,"parent":0,"template":"","ekitaldi_etiketa":[],"ekitaldi_kategoria":[232],"acf":[],"_links":{"self":[{"href":"https:\/\/oreretaikastola.eus\/es\/wp-json\/wp\/v2\/ekitaldia\/66966"}],"collection":[{"href":"https:\/\/oreretaikastola.eus\/es\/wp-json\/wp\/v2\/ekitaldia"}],"about":[{"href":"https:\/\/oreretaikastola.eus\/es\/wp-json\/wp\/v2\/types\/ekitaldia"}],"wp:attachment":[{"href":"https:\/\/oreretaikastola.eus\/es\/wp-json\/wp\/v2\/media?parent=66966"}],"wp:term":[{"taxonomy":"ekitaldi_etiketa","embeddable":true,"href":"https:\/\/oreretaikastola.eus\/es\/wp-json\/wp\/v2\/ekitaldi_etiketa?post=66966"},{"taxonomy":"ekitaldi_kategoria","embeddable":true,"href":"https:\/\/oreretaikastola.eus\/es\/wp-json\/wp\/v2\/ekitaldi_kategoria?post=66966"}],"curies":[{"name":"wp","href":"https:\/\/api.w.org\/{rel}","templated":true}]}}

[LH5-DBH4] Orain Prebentzioa: sesión de formación para familias

<p>Viviendo en una sociedad inmersa en las nuevas tecnologías y en las redes sociales, intentamos formar y educar al alumnado, y prevenir los riesgos que su uso puede conllevar.</p>



<p>En ese contexto, la Ikastola ha organizado una charla-jornada dirigida a las familias. La sesión estará guiada por la asociación <a rel="noreferrer noopener" href="https://orainprebentzioa.com/es/" target="_blank">Orain Prebentzioa</a>, asociación que trabaja en la prevención de las adicciones, y se centrará en el uso de las redes sociales.</p>



<div class="wp-block-cover is-light" style="padding-right:var(--wp--preset--spacing--30);padding-left:var(--wp--preset--spacing--30);min-height:50px"><span aria-hidden="true" class="wp-block-cover__background has-background-dim-100 has-background-dim" style="background-color:#f7f7fc"></span><div class="wp-block-cover__inner-container is-layout-constrained wp-block-cover-is-layout-constrained">
<p class="has-text-align-center"><strong>Jornada-conferencia para familias sobre el uso de las redes sociales<br>(Orain Prebentzioa)</strong></p>



<hr class="wp-block-separator has-alpha-channel-opacity is-style-dots"/>



<p>· Para quién: familias de entre LH5 y DBH4<br>· Lugar: edificio de Esmalteria de la Ikastola<br>· Día: 18 de febrero<br>· Hora: 17:30<br>· Idioma: euskera (se ofrecerá traducción simultánea a través Telegram). Si se quiere seguir la sesión en castellano, hay que traer los auriculares y la app de Telegram descargada.<br>· Inscripción: rellenando el formulario inferior</p>
</div></div>



<div style="height:25px" aria-hidden="true" class="wp-block-spacer"></div>



<p>Porque el número de personas que pueden participar en las sesiones es limitado y porque también es de ayuda para preparar el curso, es&nbsp;imprescindible inscribirse previamente. Por lo tanto, si queréis participar en las sesiones,&nbsp;rellenad el formulario inferior.</p>



<div style="height:50px" aria-hidden="true" class="wp-block-spacer"></div>



<hr class="wp-block-separator has-alpha-channel-opacity"/>
