{"id":66107,"date":"2024-11-12T22:24:10","date_gmt":"2024-11-12T21:24:10","guid":{"rendered":"https:\/\/oreretaikastola.eus\/ekitaldiak\/xiberoko-ikastolen-aldeko-saskiak-2024-eskaera-epea-zabalik\/"},"modified":"2024-11-12T22:28:50","modified_gmt":"2024-11-12T21:28:50","slug":"cestas-a-favor-de-las-ikastolas-de-zuberoa-2024-abierto-el-plazo-de-solicitud","status":"publish","type":"ekitaldia","link":"https:\/\/oreretaikastola.eus\/es\/ekitaldiak\/cestas-a-favor-de-las-ikastolas-de-zuberoa-2024-abierto-el-plazo-de-solicitud\/","title":{"rendered":"Cestas a favor de las Ikastolas de Zuberoa: abierto el plazo de solicitud"},"content":{"rendered":"\n<p>Las dos <strong>Ikastolas de Zuberoa<\/strong> ofrecen cestas de Navidad para poder sacar adelante las<strong> Ikastolas<\/strong>, y ayudar a los productores y productos locales. M\u00e1s informaci\u00f3n y opci\u00f3n de compra (hasta el 24 de noviembre) en la p\u00e1gina web <a rel=\"noreferrer noopener\" href=\"http:\/\/www.ikaskoli.eus\/\" target=\"_blank\"><strong>www.ikaskoli.eus<\/strong><\/a>. Si se desea, se pueden recoger las cestas solicitadas en <strong>Orereta Ikastola<\/strong>, en la oficina de A\u00f1abitarte.<\/p>\n","protected":false},"featured_media":47651,"parent":0,"template":"","ekitaldi_etiketa":[765],"ekitaldi_kategoria":[232,153],"acf":[],"_links":{"self":[{"href":"https:\/\/oreretaikastola.eus\/es\/wp-json\/wp\/v2\/ekitaldia\/66107"}],"collection":[{"href":"https:\/\/oreretaikastola.eus\/es\/wp-json\/wp\/v2\/ekitaldia"}],"about":[{"href":"https:\/\/oreretaikastola.eus\/es\/wp-json\/wp\/v2\/types\/ekitaldia"}],"wp:featuredmedia":[{"embeddable":true,"href":"https:\/\/oreretaikastola.eus\/es\/wp-json\/wp\/v2\/media\/47651"}],"wp:attachment":[{"href":"https:\/\/oreretaikastola.eus\/es\/wp-json\/wp\/v2\/media?parent=66107"}],"wp:term":[{"taxonomy":"ekitaldi_etiketa","embeddable":true,"href":"https:\/\/oreretaikastola.eus\/es\/wp-json\/wp\/v2\/ekitaldi_etiketa?post=66107"},{"taxonomy":"ekitaldi_kategoria","embeddable":true,"href":"https:\/\/oreretaikastola.eus\/es\/wp-json\/wp\/v2\/ekitaldi_kategoria?post=66107"}],"curies":[{"name":"wp","href":"https:\/\/api.w.org\/{rel}","templated":true}]}}

<p>Las dos <strong>Ikastolas de Zuberoa</strong> ofrecen cestas de Navidad para poder sacar adelante las<strong> Ikastolas</strong>, y ayudar a los productores y productos locales. Más información y opción de compra (hasta el 24 de noviembre) en la página web <a rel="noreferrer noopener" href="http://www.ikaskoli.eus/" target="_blank"><strong>www.ikaskoli.eus</strong></a>. Si se desea, se pueden recoger las cestas solicitadas en <strong>Orereta Ikastola</strong>, en la oficina de Añabitarte.</p>
