{"id":64539,"date":"2024-10-30T13:20:40","date_gmt":"2024-10-30T12:20:40","guid":{"rendered":"https:\/\/oreretaikastola.eus\/ekitaldiak\/hh-lh-dbh-familientzako-formazioa-mugikorra-izateko-adina-eta-haren-erabilera\/"},"modified":"2024-10-30T14:01:05","modified_gmt":"2024-10-30T13:01:05","slug":"hh-lh-dbh-formacion-para-familias-edad-y-uso-del-telefono-movil","status":"publish","type":"ekitaldia","link":"https:\/\/oreretaikastola.eus\/es\/ekitaldiak\/hh-lh-dbh-formacion-para-familias-edad-y-uso-del-telefono-movil\/","title":{"rendered":"[HH-LH-DBH] Formaci\u00f3n para familias: edad y uso del tel\u00e9fono m\u00f3vil"},"content":{"rendered":"\n<p>Un grupo de padres y madres de la Ikastola ha organizado dos sesiones de formaci\u00f3n complementarias para las familias de HH, LH y DBH. Estas sesiones tendr\u00e1n lugar los d\u00edas 19 y 26 de noviembre a las 18:00 horas en Merkatuzar. Cada sesi\u00f3n ser\u00e1 de hora y media. Son sesiones complementarias, pero se puede acudir a una, a otra o a las dos de forma independiente. <\/p>\n\n\n\n<p>Telmo Lazkano (miembro del movimiento Altxa Burua, que realiza sesiones de formaci\u00f3n para mantener una relaci\u00f3n sana con las redes sociales y el m\u00f3vil) guiar\u00e1 estas sesiones trabajando las siguientes cuestiones: contenidos y situaciones de conocimiento imprescindible para mantener una relaci\u00f3n sana con las redes sociales (19 de noviembre) y diferentes herramientas, h\u00e1bitos, limitaciones, educaci\u00f3n y propuestas con las que contamos en el hogar en general, y en concreto las y los adolescentes, para mantener una relaci\u00f3n sana con el m\u00f3vil (26 de noviembre).<\/p>\n\n\n\n<p>Por cuestiones organizativas, es imprescindible inscribirse previamente rellenando el formulario inferior.<\/p>\n\n\n\n<div style=\"height:50px\" aria-hidden=\"true\" class=\"wp-block-spacer\"><\/div>\n\n\n\n<hr class=\"wp-block-separator has-alpha-channel-opacity\"\/>\n\n\n","protected":false},"featured_media":0,"parent":0,"template":"","ekitaldi_etiketa":[],"ekitaldi_kategoria":[232],"acf":[],"_links":{"self":[{"href":"https:\/\/oreretaikastola.eus\/es\/wp-json\/wp\/v2\/ekitaldia\/64539"}],"collection":[{"href":"https:\/\/oreretaikastola.eus\/es\/wp-json\/wp\/v2\/ekitaldia"}],"about":[{"href":"https:\/\/oreretaikastola.eus\/es\/wp-json\/wp\/v2\/types\/ekitaldia"}],"wp:attachment":[{"href":"https:\/\/oreretaikastola.eus\/es\/wp-json\/wp\/v2\/media?parent=64539"}],"wp:term":[{"taxonomy":"ekitaldi_etiketa","embeddable":true,"href":"https:\/\/oreretaikastola.eus\/es\/wp-json\/wp\/v2\/ekitaldi_etiketa?post=64539"},{"taxonomy":"ekitaldi_kategoria","embeddable":true,"href":"https:\/\/oreretaikastola.eus\/es\/wp-json\/wp\/v2\/ekitaldi_kategoria?post=64539"}],"curies":[{"name":"wp","href":"https:\/\/api.w.org\/{rel}","templated":true}]}}

[HH-LH-DBH] Formación para familias: edad y uso del teléfono móvil

<p>Un grupo de padres y madres de la Ikastola ha organizado dos sesiones de formación complementarias para las familias de HH, LH y DBH. Estas sesiones tendrán lugar los días 19 y 26 de noviembre a las 18:00 horas en Merkatuzar. Cada sesión será de hora y media. Son sesiones complementarias, pero se puede acudir a una, a otra o a las dos de forma independiente. </p>



<p>Telmo Lazkano (miembro del movimiento Altxa Burua, que realiza sesiones de formación para mantener una relación sana con las redes sociales y el móvil) guiará estas sesiones trabajando las siguientes cuestiones: contenidos y situaciones de conocimiento imprescindible para mantener una relación sana con las redes sociales (19 de noviembre) y diferentes herramientas, hábitos, limitaciones, educación y propuestas con las que contamos en el hogar en general, y en concreto las y los adolescentes, para mantener una relación sana con el móvil (26 de noviembre).</p>



<p>Por cuestiones organizativas, es imprescindible inscribirse previamente rellenando el formulario inferior.</p>



<div style="height:50px" aria-hidden="true" class="wp-block-spacer"></div>



<hr class="wp-block-separator has-alpha-channel-opacity"/>
