{"id":64125,"date":"2024-10-15T11:41:30","date_gmt":"2024-10-15T10:41:30","guid":{"rendered":"https:\/\/oreretaikastola.eus\/ekitaldiak\/esmalteriako-bulegoa-itxita-4\/"},"modified":"2024-10-15T11:43:08","modified_gmt":"2024-10-15T10:43:08","slug":"oficina-de-esmalteria-cerrada-4","status":"publish","type":"ekitaldia","link":"https:\/\/oreretaikastola.eus\/es\/ekitaldiak\/oficina-de-esmalteria-cerrada-4\/","title":{"rendered":"Oficina de Esmalteria cerrada"},"content":{"rendered":"\n<p>La oficina de atenci\u00f3n al p\u00fablico del edificio de Esmalteria permanecer\u00e1 cerrada el 21 de octubre.<\/p>\n","protected":false},"featured_media":0,"parent":0,"template":"","ekitaldi_etiketa":[],"ekitaldi_kategoria":[232],"acf":[],"_links":{"self":[{"href":"https:\/\/oreretaikastola.eus\/es\/wp-json\/wp\/v2\/ekitaldia\/64125"}],"collection":[{"href":"https:\/\/oreretaikastola.eus\/es\/wp-json\/wp\/v2\/ekitaldia"}],"about":[{"href":"https:\/\/oreretaikastola.eus\/es\/wp-json\/wp\/v2\/types\/ekitaldia"}],"wp:attachment":[{"href":"https:\/\/oreretaikastola.eus\/es\/wp-json\/wp\/v2\/media?parent=64125"}],"wp:term":[{"taxonomy":"ekitaldi_etiketa","embeddable":true,"href":"https:\/\/oreretaikastola.eus\/es\/wp-json\/wp\/v2\/ekitaldi_etiketa?post=64125"},{"taxonomy":"ekitaldi_kategoria","embeddable":true,"href":"https:\/\/oreretaikastola.eus\/es\/wp-json\/wp\/v2\/ekitaldi_kategoria?post=64125"}],"curies":[{"name":"wp","href":"https:\/\/api.w.org\/{rel}","templated":true}]}}

<p>La oficina de atención al público del edificio de Esmalteria permanecerá cerrada el 21 de octubre.</p>
