{"id":64114,"date":"2024-10-14T15:03:11","date_gmt":"2024-10-14T14:03:11","guid":{"rendered":"https:\/\/oreretaikastola.eus\/ekitaldiak\/hh3-lh2-baso-eskola-24-25-saioen-hasiera\/"},"modified":"2024-10-28T12:47:10","modified_gmt":"2024-10-28T11:47:10","slug":"hh3-lh2-baso-eskola-24-25-inicio-de-sesiones","status":"publish","type":"ekitaldia","link":"https:\/\/oreretaikastola.eus\/es\/ekitaldiak\/hh3-lh2-baso-eskola-24-25-inicio-de-sesiones\/","title":{"rendered":"[HH3-LH2] Baso eskola 24-25: inicio de sesiones"},"content":{"rendered":"\n<p>En la <a href=\"https:\/\/oreretaikastola.eus\/es\/familias\/escuela-bosque-de-la-ikastola\/\">baso eskola de A\u00f1abitarte<\/a>, m\u00e1s all\u00e1 de trasladar la naturaleza al aula o abrir el aula a la naturaleza, el propio bosque se convierte en aula, con sus rutinas, normas y contenidos. Estos \u00faltimos est\u00e1n basados en el curr\u00edculo oficial, siendo la propia naturaleza el recurso did\u00e1ctico m\u00e1s importante. Adem\u00e1s, la interacci\u00f3n entre la o el ni\u00f1o y la naturaleza favorece el desarrollo integral del alumnado. Todo ello se alinea perfectamente con el <a href=\"https:\/\/oreretaikastola.eus\/app\/uploads\/2020\/10\/Orereta-Ikastola_perfil-de-salida-alumnado.jpg\">perfil de salida del alumnado de la Ikastola<\/a>.<\/p>\n\n\n\n<p>La baso eskola de A\u00f1abitarte es utilizada principalmente y de forma sistem\u00e1tica por el alumnado de entre HH3 y LH2. Las sesiones de la baso eskola del curso 2024-25 comienzan:<\/p>\n\n\n\n<ul>\n<li>HH3: primera sesi\u00f3n el 18 de octubre; y a partir de ese d\u00eda, los viernes, cada quince d\u00edas. Las sesiones de HH3 se realizan en los alrededores del Baserri. <\/li>\n\n\n\n<li>HH4: primera sesi\u00f3n el 3 de octubre; y a partir de ese d\u00eda, los jueves, cada quince d\u00edas.<\/li>\n\n\n\n<li>HH5: primera sesi\u00f3n el 2 de octubre; y a partir de ese d\u00eda, los mi\u00e9rcoles, cada quince d\u00edas.<\/li>\n\n\n\n<li>LH1 y LH2: primeras sesiones, en la semana del 7-11 de octubre; y a partir de ah\u00ed, cada quince d\u00edas.<\/li>\n<\/ul>\n\n\n\n<p><a href=\"https:\/\/oreretaikastola.eus\/es\/familias\/escuela-bosque-de-la-ikastola\/\">Ver aqu\u00ed el calendario anual | dem\u00e1s informaci\u00f3n pr\u00e1ctica<\/a><\/p>\n","protected":false},"featured_media":0,"parent":0,"template":"","ekitaldi_etiketa":[],"ekitaldi_kategoria":[232],"acf":[],"_links":{"self":[{"href":"https:\/\/oreretaikastola.eus\/es\/wp-json\/wp\/v2\/ekitaldia\/64114"}],"collection":[{"href":"https:\/\/oreretaikastola.eus\/es\/wp-json\/wp\/v2\/ekitaldia"}],"about":[{"href":"https:\/\/oreretaikastola.eus\/es\/wp-json\/wp\/v2\/types\/ekitaldia"}],"wp:attachment":[{"href":"https:\/\/oreretaikastola.eus\/es\/wp-json\/wp\/v2\/media?parent=64114"}],"wp:term":[{"taxonomy":"ekitaldi_etiketa","embeddable":true,"href":"https:\/\/oreretaikastola.eus\/es\/wp-json\/wp\/v2\/ekitaldi_etiketa?post=64114"},{"taxonomy":"ekitaldi_kategoria","embeddable":true,"href":"https:\/\/oreretaikastola.eus\/es\/wp-json\/wp\/v2\/ekitaldi_kategoria?post=64114"}],"curies":[{"name":"wp","href":"https:\/\/api.w.org\/{rel}","templated":true}]}}

<p>En la <a href="https://oreretaikastola.eus/es/familias/escuela-bosque-de-la-ikastola/">baso eskola de Añabitarte</a>, más allá de trasladar la naturaleza al aula o abrir el aula a la naturaleza, el propio bosque se convierte en aula, con sus rutinas, normas y contenidos. Estos últimos están basados en el currículo oficial, siendo la propia naturaleza el recurso didáctico más importante. Además, la interacción entre la o el niño y la naturaleza favorece el desarrollo integral del alumnado. Todo ello se alinea perfectamente con el <a href="https://oreretaikastola.eus/app/uploads/2020/10/Orereta-Ikastola_perfil-de-salida-alumnado.jpg">perfil de salida del alumnado de la Ikastola</a>.</p>



<p>La baso eskola de Añabitarte es utilizada principalmente y de forma sistemática por el alumnado de entre HH3 y LH2. Las sesiones de la baso eskola del curso 2024-25 comienzan:</p>



<ul>
<li>HH3: primera sesión el 18 de octubre; y a partir de ese día, los viernes, cada quince días. Las sesiones de HH3 se realizan en los alrededores del Baserri. </li>



<li>HH4: primera sesión el 3 de octubre; y a partir de ese día, los jueves, cada quince días.</li>



<li>HH5: primera sesión el 2 de octubre; y a partir de ese día, los miércoles, cada quince días.</li>



<li>LH1 y LH2: primeras sesiones, en la semana del 7-11 de octubre; y a partir de ahí, cada quince días.</li>
</ul>



<p><a href="https://oreretaikastola.eus/es/familias/escuela-bosque-de-la-ikastola/">Ver aquí el calendario anual | demás información práctica</a></p>
