{"id":64103,"date":"2024-10-14T13:12:20","date_gmt":"2024-10-14T12:12:20","guid":{"rendered":"https:\/\/oreretaikastola.eus\/ekitaldiak\/lh3-dbh4-urdaburu-2024-25-2-mendi-irteera-finalistaren-eguna\/"},"modified":"2024-10-14T13:15:41","modified_gmt":"2024-10-14T12:15:41","slug":"lh3-dbh4-urdaburu-2024-25-2a-excursion-dia-del-finalista","status":"publish","type":"ekitaldia","link":"https:\/\/oreretaikastola.eus\/es\/ekitaldiak\/lh3-dbh4-urdaburu-2024-25-2a-excursion-dia-del-finalista\/","title":{"rendered":"[LH3-DBH4] Urdaburu 2024-25: 2\u00aa excursi\u00f3n (D\u00eda del Finalista)"},"content":{"rendered":"\n<p>La segunda de las excursiones del curso 2024-25 que la Ikastola organiza junto a Urdaburu Mendizale Elkartea se celebrar\u00e1 el 27 de octubre. Se trata del D\u00eda del Finalista que se celebrar\u00e1 en Tolosa. <\/p>\n\n\n\n<p><a href=\"\/app\/uploads\/2024\/10\/Urdaburu-Orereta-Ikastola-Finalistaren-Eguna-2024-Tolosa.pdf\">Aqu\u00ed dispon\u00e9is de m\u00e1s detalles<\/a>; y abajo ten\u00e9is el formulario de inscripci\u00f3n. El \u00faltimo d\u00eda para apuntarse es el 23 de octubre.<\/p>\n\n\n\n<div style=\"height:50px\" aria-hidden=\"true\" class=\"wp-block-spacer\"><\/div>\n\n\n\n<hr class=\"wp-block-separator has-alpha-channel-opacity\"\/>\n\n\n","protected":false},"featured_media":0,"parent":0,"template":"","ekitaldi_etiketa":[],"ekitaldi_kategoria":[232],"acf":[],"_links":{"self":[{"href":"https:\/\/oreretaikastola.eus\/es\/wp-json\/wp\/v2\/ekitaldia\/64103"}],"collection":[{"href":"https:\/\/oreretaikastola.eus\/es\/wp-json\/wp\/v2\/ekitaldia"}],"about":[{"href":"https:\/\/oreretaikastola.eus\/es\/wp-json\/wp\/v2\/types\/ekitaldia"}],"wp:attachment":[{"href":"https:\/\/oreretaikastola.eus\/es\/wp-json\/wp\/v2\/media?parent=64103"}],"wp:term":[{"taxonomy":"ekitaldi_etiketa","embeddable":true,"href":"https:\/\/oreretaikastola.eus\/es\/wp-json\/wp\/v2\/ekitaldi_etiketa?post=64103"},{"taxonomy":"ekitaldi_kategoria","embeddable":true,"href":"https:\/\/oreretaikastola.eus\/es\/wp-json\/wp\/v2\/ekitaldi_kategoria?post=64103"}],"curies":[{"name":"wp","href":"https:\/\/api.w.org\/{rel}","templated":true}]}}

[LH3-DBH4] Urdaburu 2024-25: 2ª excursión (Día del Finalista)

<p>La segunda de las excursiones del curso 2024-25 que la Ikastola organiza junto a Urdaburu Mendizale Elkartea se celebrará el 27 de octubre. Se trata del Día del Finalista que se celebrará en Tolosa. </p>



<p><a href="/app/uploads/2024/10/Urdaburu-Orereta-Ikastola-Finalistaren-Eguna-2024-Tolosa.pdf">Aquí disponéis de más detalles</a>; y abajo tenéis el formulario de inscripción. El último día para apuntarse es el 23 de octubre.</p>



<div style="height:50px" aria-hidden="true" class="wp-block-spacer"></div>



<hr class="wp-block-separator has-alpha-channel-opacity"/>
