{"id":62747,"date":"2024-09-11T10:55:05","date_gmt":"2024-09-11T09:55:05","guid":{"rendered":"https:\/\/oreretaikastola.eus\/ekitaldiak\/lh3-kirol-egokitu-ikastaroa-24-25\/"},"modified":"2024-10-28T12:56:34","modified_gmt":"2024-10-28T11:56:34","slug":"lh3-curso-de-deporte-adaptado-24-25","status":"publish","type":"ekitaldia","link":"https:\/\/oreretaikastola.eus\/es\/ekitaldiak\/lh3-curso-de-deporte-adaptado-24-25\/","title":{"rendered":"[LH3] Curso de deporte adaptado"},"content":{"rendered":"\n<p>Como actividad complementaria a la educaci\u00f3n f\u00edsica que se imparte en la Ikastola, el alumnado de LH3 realizar\u00e1 un curso de deporte adaptado de la mano de la <a rel=\"noreferrer noopener\" href=\"https:\/\/www.mindara.org\/\" target=\"_blank\">asociaci\u00f3n Mindara<\/a>. Tendr\u00e1 una duraci\u00f3n de cuatro semanas y cada aula disfrutar\u00e1 de una sesi\u00f3n semanal de una hora.<\/p>\n\n\n\n<p><strong>Calendario 2024-25 del curso de deporte adaptado:<\/strong><\/p>\n\n\n\n<ul>\n<li>LH3A: 7 de octubre | 15 de octubre | 23 de octubre | 31 de octubre<\/li>\n\n\n\n<li>LH3B: 8 de octubre | 16 de octubre | 24 de octubre | 28 de octubre<\/li>\n\n\n\n<li>LH3C: 9 de octubre | 17 de octubre | 21 de octubre | 29 de octubre<\/li>\n\n\n\n<li>LH3D: 10 de octubre | 14 de octubre | 22 de octubre | 30 de octubre<\/li>\n<\/ul>\n","protected":false},"featured_media":0,"parent":0,"template":"","ekitaldi_etiketa":[],"ekitaldi_kategoria":[232],"acf":[],"_links":{"self":[{"href":"https:\/\/oreretaikastola.eus\/es\/wp-json\/wp\/v2\/ekitaldia\/62747"}],"collection":[{"href":"https:\/\/oreretaikastola.eus\/es\/wp-json\/wp\/v2\/ekitaldia"}],"about":[{"href":"https:\/\/oreretaikastola.eus\/es\/wp-json\/wp\/v2\/types\/ekitaldia"}],"wp:attachment":[{"href":"https:\/\/oreretaikastola.eus\/es\/wp-json\/wp\/v2\/media?parent=62747"}],"wp:term":[{"taxonomy":"ekitaldi_etiketa","embeddable":true,"href":"https:\/\/oreretaikastola.eus\/es\/wp-json\/wp\/v2\/ekitaldi_etiketa?post=62747"},{"taxonomy":"ekitaldi_kategoria","embeddable":true,"href":"https:\/\/oreretaikastola.eus\/es\/wp-json\/wp\/v2\/ekitaldi_kategoria?post=62747"}],"curies":[{"name":"wp","href":"https:\/\/api.w.org\/{rel}","templated":true}]}}

<p>Como actividad complementaria a la educación física que se imparte en la Ikastola, el alumnado de LH3 realizará un curso de deporte adaptado de la mano de la <a rel="noreferrer noopener" href="https://www.mindara.org/" target="_blank">asociación Mindara</a>. Tendrá una duración de cuatro semanas y cada aula disfrutará de una sesión semanal de una hora.</p>



<p><strong>Calendario 2024-25 del curso de deporte adaptado:</strong></p>



<ul>
<li>LH3A: 7 de octubre | 15 de octubre | 23 de octubre | 31 de octubre</li>



<li>LH3B: 8 de octubre | 16 de octubre | 24 de octubre | 28 de octubre</li>



<li>LH3C: 9 de octubre | 17 de octubre | 21 de octubre | 29 de octubre</li>



<li>LH3D: 10 de octubre | 14 de octubre | 22 de octubre | 30 de octubre</li>
</ul>
