{"id":62387,"date":"2024-09-03T08:33:15","date_gmt":"2024-09-03T07:33:15","guid":{"rendered":"https:\/\/oreretaikastola.eus\/?post_type=ekitaldia&#038;p=62387"},"modified":"2024-09-09T14:37:50","modified_gmt":"2024-09-09T13:37:50","slug":"hh-lh-dbh-convocatoria-de-becas-al-estudio-24-25","status":"publish","type":"ekitaldia","link":"https:\/\/oreretaikastola.eus\/es\/ekitaldiak\/hh-lh-dbh-convocatoria-de-becas-al-estudio-24-25\/","title":{"rendered":"[HH-LH-DBH] Convocatoria de becas al estudio 24-25"},"content":{"rendered":"\n<p>Est\u00e1 abierto el plazo para la solicitud de becas no universitarias 2024-2025.<\/p>\n\n\n\n<hr class=\"wp-block-separator has-alpha-channel-opacity\"\/>\n\n\n\n<p>INSTRUCCIONES PARA LA TRAMITACI\u00d3N<\/p>\n\n\n\n<hr class=\"wp-block-separator has-alpha-channel-opacity\"\/>\n\n\n\n<p><strong>A) Las y los alumnos que les concedieron la beca en el curso 2023-24:<\/strong><\/p>\n\n\n\n<p>En julio se recibi\u00f3 un SMS y\/o correo electr\u00f3nico desde el Gobierno Vasco.<\/p>\n\n\n\n<p>Quienes a\u00fan no hayan tramitado la solicitud (bien porque no han tenido oportunidad, bien porque deben modificar, corregir o actualizar alg\u00fan dato), <strong>el 12 de septiembre recibir\u00e1n a trav\u00e9s del alumno o alumna<\/strong> un sobre con el siguiente contenido: un formulario de datos personales (proveniente del Gobierno Vasco), junto con una carta en la que se informar\u00e1 sobre plazos y formas de entrega.<\/p>\n\n\n\n<p><strong>B) Nuevos solicitantes de beca en el curso 2024-25 y denegados en 2023-24:<\/strong><\/p>\n\n\n\n<p>La tramitaci\u00f3n de la solicitud se puede hacer de dos maneras:<\/p>\n\n\n\n<ol>\n<li><strong>Por internet (para alumnos y alumnas de a partir de 2 a\u00f1os)<\/strong>: una vez registrados como nuevos usuarios o logeados (quienes ya tengan la cuenta creada) en <a href=\"https:\/\/www.hezkuntza.net\/y44BecPolCieWar\/y44MantenimientosJSP\/y44LoginG.do?idioma=eus\" target=\"_blank\" rel=\"noreferrer noopener\">www.hezkuntza.ejgv.euskadi.eus<\/a>, se podr\u00e1 acceder al formulario de solicitud. Rellenado y comprobado el formulario, <strong>si no hay cambios<\/strong>, se debe optar por:\n<ol type=\"a\">\n<li>continuar con la tramitaci\u00f3n telem\u00e1tica (para quienes cuentan con una firma electr\u00f3nica), evitando as\u00ed tener que acudir a una oficina.<\/li>\n\n\n\n<li>Imprimir la solicitud, firmarla y entregarla junto con la documentaci\u00f3n correspondiente en alguna de las oficinas de la Ikastola, donde se dar\u00e1 registro a la solicitud.<\/li>\n<\/ol>\n<\/li>\n<\/ol>\n\n\n\n<p>En el caso de que <strong>alg\u00fan dato sea incorrecto <\/strong>en el formulario, realizar el cambio en el mismo impreso (a mano), firmarlo y entregarlo en las oficinas de la Ikastola junto con la documentaci\u00f3n que lo acredite.<\/p>\n\n\n\n<ol start=\"2\">\n<li><strong>En formato papel (para todas y todos los alumnos)<\/strong>: En <a href=\"\/app\/uploads\/2024\/09\/Beka-eskaera-orria-2024-25-cas.pdf\">este enlace<\/a> se puede descargar el impreso; tambi\u00e9n se puede solicitar en las oficinas de la Ikastola. Esta solicitud deber\u00e1 ser cumplimentada, firmada y entregada en una oficina de la Ikastola junto con la documentaci\u00f3n que debe ser adjuntada. En la oficina se registrar\u00e1 la solicitud.<\/li>\n<\/ol>\n\n\n\n<p><strong>Las familias de las y los alumnos de 0 y 1 a\u00f1os s\u00f3lo pueden gestionar su solicitud de beca a trav\u00e9s de la opci\u00f3n 2. Al resto de familias, si es posible, se les agradecer\u00e1 hacerlo a trav\u00e9s de las opciones 1a o 1b para garantizar que los datos se introducen correctamente.<\/strong><\/p>\n\n\n\n<hr class=\"wp-block-separator has-css-opacity\"\/>\n\n\n\n<p>INFORMACI\u00d3N PR\u00c1CTICA<\/p>\n\n\n\n<hr class=\"wp-block-separator has-css-opacity\"\/>\n\n\n\n<ul>\n<li>Plazo para solicitar la beca: del 10 al 23 de septiembre<\/li>\n\n\n\n<li>Horario de las oficinas:\n<ul>\n<li>Esmalteria: 15:30-18:30<\/li>\n\n\n\n<li>A\u00f1abitarte: 08:00-14:00 (hasta el 16 de septiembre) | 08:00-13:30 \/ 14:00-16:30 (a partir del 17 de septiembre)<\/li>\n<\/ul>\n<\/li>\n<\/ul>\n\n\n\n<p>En <a rel=\"noreferrer noopener\" href=\"https:\/\/www.euskadi.eus\/becas-y-ayudas-al-estudio-para-la-escolarizacion-de-estudiantes-de-niveles-no-universitarios\/web01-a2hikasl\/es\/\" target=\"_blank\">este enlace<\/a> hay informaci\u00f3n adicional que puede ser de ayuda.<\/p>\n","protected":false},"featured_media":0,"parent":0,"template":"","ekitaldi_etiketa":[],"ekitaldi_kategoria":[232,153],"acf":[],"_links":{"self":[{"href":"https:\/\/oreretaikastola.eus\/es\/wp-json\/wp\/v2\/ekitaldia\/62387"}],"collection":[{"href":"https:\/\/oreretaikastola.eus\/es\/wp-json\/wp\/v2\/ekitaldia"}],"about":[{"href":"https:\/\/oreretaikastola.eus\/es\/wp-json\/wp\/v2\/types\/ekitaldia"}],"wp:attachment":[{"href":"https:\/\/oreretaikastola.eus\/es\/wp-json\/wp\/v2\/media?parent=62387"}],"wp:term":[{"taxonomy":"ekitaldi_etiketa","embeddable":true,"href":"https:\/\/oreretaikastola.eus\/es\/wp-json\/wp\/v2\/ekitaldi_etiketa?post=62387"},{"taxonomy":"ekitaldi_kategoria","embeddable":true,"href":"https:\/\/oreretaikastola.eus\/es\/wp-json\/wp\/v2\/ekitaldi_kategoria?post=62387"}],"curies":[{"name":"wp","href":"https:\/\/api.w.org\/{rel}","templated":true}]}}

<p>Está abierto el plazo para la solicitud de becas no universitarias 2024-2025.</p>



<hr class="wp-block-separator has-alpha-channel-opacity"/>



<p>INSTRUCCIONES PARA LA TRAMITACIÓN</p>



<hr class="wp-block-separator has-alpha-channel-opacity"/>



<p><strong>A) Las y los alumnos que les concedieron la beca en el curso 2023-24:</strong></p>



<p>En julio se recibió un SMS y/o correo electrónico desde el Gobierno Vasco.</p>



<p>Quienes aún no hayan tramitado la solicitud (bien porque no han tenido oportunidad, bien porque deben modificar, corregir o actualizar algún dato), <strong>el 12 de septiembre recibirán a través del alumno o alumna</strong> un sobre con el siguiente contenido: un formulario de datos personales (proveniente del Gobierno Vasco), junto con una carta en la que se informará sobre plazos y formas de entrega.</p>



<p><strong>B) Nuevos solicitantes de beca en el curso 2024-25 y denegados en 2023-24:</strong></p>



<p>La tramitación de la solicitud se puede hacer de dos maneras:</p>



<ol>
<li><strong>Por internet (para alumnos y alumnas de a partir de 2 años)</strong>: una vez registrados como nuevos usuarios o logeados (quienes ya tengan la cuenta creada) en <a href="https://www.hezkuntza.net/y44BecPolCieWar/y44MantenimientosJSP/y44LoginG.do?idioma=eus" target="_blank" rel="noreferrer noopener">www.hezkuntza.ejgv.euskadi.eus</a>, se podrá acceder al formulario de solicitud. Rellenado y comprobado el formulario, <strong>si no hay cambios</strong>, se debe optar por:
<ol type="a">
<li>continuar con la tramitación telemática (para quienes cuentan con una firma electrónica), evitando así tener que acudir a una oficina.</li>



<li>Imprimir la solicitud, firmarla y entregarla junto con la documentación correspondiente en alguna de las oficinas de la Ikastola, donde se dará registro a la solicitud.</li>
</ol>
</li>
</ol>



<p>En el caso de que <strong>algún dato sea incorrecto </strong>en el formulario, realizar el cambio en el mismo impreso (a mano), firmarlo y entregarlo en las oficinas de la Ikastola junto con la documentación que lo acredite.</p>



<ol start="2">
<li><strong>En formato papel (para todas y todos los alumnos)</strong>: En <a href="/app/uploads/2024/09/Beka-eskaera-orria-2024-25-cas.pdf">este enlace</a> se puede descargar el impreso; también se puede solicitar en las oficinas de la Ikastola. Esta solicitud deberá ser cumplimentada, firmada y entregada en una oficina de la Ikastola junto con la documentación que debe ser adjuntada. En la oficina se registrará la solicitud.</li>
</ol>



<p><strong>Las familias de las y los alumnos de 0 y 1 años sólo pueden gestionar su solicitud de beca a través de la opción 2. Al resto de familias, si es posible, se les agradecerá hacerlo a través de las opciones 1a o 1b para garantizar que los datos se introducen correctamente.</strong></p>



<hr class="wp-block-separator has-css-opacity"/>



<p>INFORMACIÓN PRÁCTICA</p>



<hr class="wp-block-separator has-css-opacity"/>



<ul>
<li>Plazo para solicitar la beca: del 10 al 23 de septiembre</li>



<li>Horario de las oficinas:
<ul>
<li>Esmalteria: 15:30-18:30</li>



<li>Añabitarte: 08:00-14:00 (hasta el 16 de septiembre) | 08:00-13:30 / 14:00-16:30 (a partir del 17 de septiembre)</li>
</ul>
</li>
</ul>



<p>En <a rel="noreferrer noopener" href="https://www.euskadi.eus/becas-y-ayudas-al-estudio-para-la-escolarizacion-de-estudiantes-de-niveles-no-universitarios/web01-a2hikasl/es/" target="_blank">este enlace</a> hay información adicional que puede ser de ayuda.</p>
