{"id":62384,"date":"2024-09-02T12:42:34","date_gmt":"2024-09-02T11:42:34","guid":{"rendered":"https:\/\/oreretaikastola.eus\/?post_type=ekitaldia&#038;p=62384"},"modified":"2024-09-02T12:44:30","modified_gmt":"2024-09-02T11:44:30","slug":"inicio-curso-2024-25-horario-de-verano-de-las-oficinas","status":"publish","type":"ekitaldia","link":"https:\/\/oreretaikastola.eus\/es\/ekitaldiak\/inicio-curso-2024-25-horario-de-verano-de-las-oficinas\/","title":{"rendered":"Inicio curso 2024-25: horario de verano de las oficinas"},"content":{"rendered":"\n<ul>\n<li>La oficina de Esmalteria estar\u00e1 abierta de 12:00 a 14:00 horas hasta el 9 de septiembre. A partir del 10 de septiembre, tendr\u00e1 su horario habitual (15:30-17:30). La oficina de Esmalteria permanecer\u00e1 cerrada el 6 de septiembre.<br><\/li>\n\n\n\n<li>La oficina de A\u00f1abitarte permanecer\u00e1 abierta de 08:00 a 14:00 horas hasta el 16 de septiembre. A partir del 17 de septiembre, tendr\u00e1 su horario habitual (08:00-13:30 | 14:00-16:30).<\/li>\n<\/ul>\n","protected":false},"featured_media":0,"parent":0,"template":"","ekitaldi_etiketa":[],"ekitaldi_kategoria":[232],"acf":[],"_links":{"self":[{"href":"https:\/\/oreretaikastola.eus\/es\/wp-json\/wp\/v2\/ekitaldia\/62384"}],"collection":[{"href":"https:\/\/oreretaikastola.eus\/es\/wp-json\/wp\/v2\/ekitaldia"}],"about":[{"href":"https:\/\/oreretaikastola.eus\/es\/wp-json\/wp\/v2\/types\/ekitaldia"}],"wp:attachment":[{"href":"https:\/\/oreretaikastola.eus\/es\/wp-json\/wp\/v2\/media?parent=62384"}],"wp:term":[{"taxonomy":"ekitaldi_etiketa","embeddable":true,"href":"https:\/\/oreretaikastola.eus\/es\/wp-json\/wp\/v2\/ekitaldi_etiketa?post=62384"},{"taxonomy":"ekitaldi_kategoria","embeddable":true,"href":"https:\/\/oreretaikastola.eus\/es\/wp-json\/wp\/v2\/ekitaldi_kategoria?post=62384"}],"curies":[{"name":"wp","href":"https:\/\/api.w.org\/{rel}","templated":true}]}}

<ul>
<li>La oficina de Esmalteria estará abierta de 12:00 a 14:00 horas hasta el 9 de septiembre. A partir del 10 de septiembre, tendrá su horario habitual (15:30-17:30). La oficina de Esmalteria permanecerá cerrada el 6 de septiembre.<br></li>



<li>La oficina de Añabitarte permanecerá abierta de 08:00 a 14:00 horas hasta el 16 de septiembre. A partir del 17 de septiembre, tendrá su horario habitual (08:00-13:30 | 14:00-16:30).</li>
</ul>
